{"id":553,"date":"2025-03-06T17:13:30","date_gmt":"2025-03-06T16:13:30","guid":{"rendered":"https:\/\/www.carrefour-de-femmes.org\/?page_id=553"},"modified":"2025-07-03T14:22:26","modified_gmt":"2025-07-03T13:22:26","slug":"salud-y-sexualidad","status":"publish","type":"page","link":"https:\/\/www.carrefour-de-femmes.org\/es\/sante-et-sexualite\/","title":{"rendered":"Salud y sexualidad"},"content":{"rendered":"<h3 class=\"wp-block-heading\">Cuidar tu salud y tu cuerpo es esencial.<\/h3>\n\n\n\n<p><strong>\u00bfTiene alguna pregunta sobre salud o sexualidad?<\/strong> (anticoncepci\u00f3n, interrupci\u00f3n voluntaria del embarazo, menstruaci\u00f3n, enfermedades femeninas como endometriosis, c\u00e1ncer, etc.)<\/p>\n\n\n\n<p>No dudes en venir a vernos al Carrefour de femmes o en ponerte en contacto con nosotros. Juntos haremos balance de tu situaci\u00f3n y te remitiremos a los profesionales de la zona que puedan apoyarte en funci\u00f3n de tus necesidades.<\/p>\n\n\n\n<div class=\"wp-block-uagb-image uagb-block-3010abb8 wp-block-uagb-image--layout-default wp-block-uagb-image--effect-static wp-block-uagb-image--align-none\"><figure class=\"wp-block-uagb-image__figure\"><img decoding=\"async\" srcset=\"https:\/\/www.carrefour-de-femmes.org\/app\/uploads\/2025\/03\/top-view-period-stuff-1-1024x683.jpg ,https:\/\/www.carrefour-de-femmes.org\/app\/uploads\/2025\/03\/top-view-period-stuff-1-scaled.jpg 780w, https:\/\/www.carrefour-de-femmes.org\/app\/uploads\/2025\/03\/top-view-period-stuff-1-scaled.jpg 360w\" sizes=\"auto, (max-width: 480px) 150px\" src=\"https:\/\/www.carrefour-de-femmes.org\/app\/uploads\/2025\/03\/top-view-period-stuff-1-1024x683.jpg\" alt=\"\" class=\"uag-image-1186\" width=\"463\" height=\"309\" title=\"top-view-period-stuff (1)\" loading=\"lazy\" role=\"img\"\/><\/figure><\/div>\n\n\n\n<h2 class=\"wp-block-heading\">Nuestros peque\u00f1os extras<\/h2>\n\n\n\n<h4 class=\"wp-block-heading\"><strong>En Carrefour de Femmes, luchamos contra la precariedad menstrual y disponemos de dos dispensadores de protecci\u00f3n sanitaria (ecol\u00f3gica y francesa para un mayor respeto de nuestro cuerpo y del medio ambiente) en nuestros lavabos, totalmente gratuitos y a tu disposici\u00f3n. Y si necesitas una bolsa de agua caliente durante tu estancia en el Carrefour de femmes, podemos prest\u00e1rtela.<\/strong><\/h4>\n\n\n\n<p><\/p>\n\n\n<div class=\"color-blocks\">\n            <div class=\"color-blocks__item\"\n             style=\"--text-color: #ffffff; background-color: #c95c47;\">\n            <p><strong>Abierto de mi\u00e9rcoles a viernes ininterrumpidamente de 10.00 a 18.30 h.<\/strong><\/p>\n\n        <\/div>\n    <\/div>","protected":false},"excerpt":{"rendered":"<p>Prendre soin de sa sant\u00e9 et de son corps, c\u2019est primordial\/indispensable. Vous avez des questions sur la sant\u00e9, la sexualit\u00e9\u00a0? (moyens de contraception, interruption volontaire de grossesse, r\u00e8gles, maladies f\u00e9minines comme l&rsquo;endom\u00e9triose, les cancers&#8230;) N\u2019h\u00e9sitez pas \u00e0 venir nous rencontrer \u00e0 Carrefour de femmes ou nous contacter, ensemble nous ferons le point sur votre situation [&hellip;]<\/p>\n","protected":false},"author":3,"featured_media":0,"parent":0,"menu_order":34,"comment_status":"closed","ping_status":"closed","template":"","meta":{"_acf_changed":false,"_uag_custom_page_level_css":"","footnotes":""},"class_list":["post-553","page","type-page","status-publish","hentry"],"acf":[],"uagb_featured_image_src":{"full":false,"thumbnail":false,"medium":false,"medium_large":false,"large":false,"1536x1536":false,"2048x2048":false,"trp-custom-language-flag":false,"gform-image-choice-sm":false,"gform-image-choice-md":false,"gform-image-choice-lg":false},"uagb_author_info":{"display_name":"Sheryll Presna","author_link":"https:\/\/www.carrefour-de-femmes.org\/es\/actualites\/author\/s-presna\/"},"uagb_comment_info":0,"uagb_excerpt":"Prendre soin de sa sant\u00e9 et de son corps, c\u2019est primordial\/indispensable. Vous avez des questions sur la sant\u00e9, la sexualit\u00e9\u00a0? (moyens de contraception, interruption volontaire de grossesse, r\u00e8gles, maladies f\u00e9minines comme l&rsquo;endom\u00e9triose, les cancers&#8230;) N\u2019h\u00e9sitez pas \u00e0 venir nous rencontrer \u00e0 Carrefour de femmes ou nous contacter, ensemble nous ferons le point sur votre situation&hellip;","_links":{"self":[{"href":"https:\/\/www.carrefour-de-femmes.org\/es\/wp-json\/wp\/v2\/pages\/553","targetHints":{"allow":["GET"]}}],"collection":[{"href":"https:\/\/www.carrefour-de-femmes.org\/es\/wp-json\/wp\/v2\/pages"}],"about":[{"href":"https:\/\/www.carrefour-de-femmes.org\/es\/wp-json\/wp\/v2\/types\/page"}],"author":[{"embeddable":true,"href":"https:\/\/www.carrefour-de-femmes.org\/es\/wp-json\/wp\/v2\/users\/3"}],"replies":[{"embeddable":true,"href":"https:\/\/www.carrefour-de-femmes.org\/es\/wp-json\/wp\/v2\/comments?post=553"}],"version-history":[{"count":10,"href":"https:\/\/www.carrefour-de-femmes.org\/es\/wp-json\/wp\/v2\/pages\/553\/revisions"}],"predecessor-version":[{"id":1447,"href":"https:\/\/www.carrefour-de-femmes.org\/es\/wp-json\/wp\/v2\/pages\/553\/revisions\/1447"}],"wp:attachment":[{"href":"https:\/\/www.carrefour-de-femmes.org\/es\/wp-json\/wp\/v2\/media?parent=553"}],"curies":[{"name":"wp","href":"https:\/\/api.w.org\/{rel}","templated":true}]}}

<h3 class="wp-block-heading">Cuidar tu salud y tu cuerpo es esencial.</h3>



<p><strong>¿Tiene alguna pregunta sobre salud o sexualidad?</strong> (anticoncepción, interrupción voluntaria del embarazo, menstruación, enfermedades femeninas como endometriosis, cáncer, etc.)</p>



<p>No dudes en venir a vernos al Carrefour de femmes o en ponerte en contacto con nosotros. Juntos haremos balance de tu situación y te remitiremos a los profesionales de la zona que puedan apoyarte en función de tus necesidades.</p>



<div class="wp-block-uagb-image uagb-block-3010abb8 wp-block-uagb-image--layout-default wp-block-uagb-image--effect-static wp-block-uagb-image--align-none"><figure class="wp-block-uagb-image__figure"><img decoding="async" srcset="https://www.carrefour-de-femmes.org/app/uploads/2025/03/top-view-period-stuff-1-1024x683.jpg ,https://www.carrefour-de-femmes.org/app/uploads/2025/03/top-view-period-stuff-1-scaled.jpg 780w, https://www.carrefour-de-femmes.org/app/uploads/2025/03/top-view-period-stuff-1-scaled.jpg 360w" sizes="auto, (max-width: 480px) 150px" src="https://www.carrefour-de-femmes.org/app/uploads/2025/03/top-view-period-stuff-1-1024x683.jpg" alt="" class="uag-image-1186" width="463" height="309" title="top-view-period-stuff (1)" loading="lazy" role="img"/></figure></div>



<h2 class="wp-block-heading">Nuestros pequeños extras</h2>



<h4 class="wp-block-heading"><strong>En Carrefour de Femmes, luchamos contra la precariedad menstrual y disponemos de dos dispensadores de protección sanitaria (ecológica y francesa para un mayor respeto de nuestro cuerpo y del medio ambiente) en nuestros lavabos, totalmente gratuitos y a tu disposición. Y si necesitas una bolsa de agua caliente durante tu estancia en el Carrefour de femmes, podemos prestártela.</strong></h4>



<p></p>


<div class="color-blocks">
            <div class="color-blocks__item"
             style="--text-color: #ffffff; background-color: #c95c47;">
            <p><strong>Abierto de miércoles a viernes ininterrumpidamente de 10.00 a 18.30 h.</strong></p>

        </div>
    </div>

<p>Prendre soin de sa santé et de son corps, c’est primordial/indispensable. Vous avez des questions sur la santé, la sexualité ? (moyens de contraception, interruption volontaire de grossesse, règles, maladies féminines comme l&rsquo;endométriose, les cancers&#8230;) N’hésitez pas à venir nous rencontrer à Carrefour de femmes ou nous contacter, ensemble nous ferons le point sur votre situation [&hellip;]</p>

Prendre soin de sa santé et de son corps, c’est primordial/indispensable. Vous avez des questions sur la santé, la sexualité ? (moyens de contraception, interruption volontaire de grossesse, règles, maladies féminines comme l&rsquo;endométriose, les cancers&#8230;) N’hésitez pas à venir nous rencontrer à Carrefour de femmes ou nous contacter, ensemble nous ferons le point sur votre situation&hellip;
