{"id":551,"date":"2025-02-28T12:07:40","date_gmt":"2025-02-28T11:07:40","guid":{"rendered":"https:\/\/www.carrefour-de-femmes.org\/?page_id=551"},"modified":"2025-07-03T14:18:54","modified_gmt":"2025-07-03T13:18:54","slug":"carrera-y-orientacion","status":"publish","type":"page","link":"https:\/\/www.carrefour-de-femmes.org\/es\/accueil\/carriere-et-orientation\/","title":{"rendered":"Carrera y orientaci\u00f3n"},"content":{"rendered":"<h3 class=\"wp-block-heading\">Reducir las desigualdades entre mujeres y hombres en el lugar de trabajo sigue siendo una batalla, una prioridad, aunque se hayan realizado progresos en este \u00e1mbito.<\/h3>\n\n\n\n<p>Sin embargo, la tasa de empleo de las mujeres es inferior a la de los hombres, persiste la brecha salarial (alrededor de 14,1% en el sector privado en 2022), el acceso a los puestos de responsabilidad es desigual, etc. Para ayudarle en su proyecto, tiene a su disposici\u00f3n una serie de socios institucionales y asociativos en toda la regi\u00f3n.<\/p>\n\n\n\n<p>\u00bfTiene alguna pregunta sobre el esp\u00edritu empresarial, la integraci\u00f3n social y profesional o la formaci\u00f3n? <\/p>\n\n\n\n<p>\u00bfNecesita ayuda para redactar su CV?<\/p>\n\n\n\n<p>Venga a vernos al Carrefour de Femmes. Le informaremos sobre los programas existentes y le pondremos en contacto con los socios locales.<\/p>\n\n\n\n<p>Tambi\u00e9n podemos distribuir su CV por nuestra red.<\/p>\n\n\n\n<div class=\"wp-block-uagb-image uagb-block-e16ceba8 wp-block-uagb-image--layout-default wp-block-uagb-image--effect-static wp-block-uagb-image--align-none\"><figure class=\"wp-block-uagb-image__figure\"><img decoding=\"async\" srcset=\"https:\/\/www.carrefour-de-femmes.org\/app\/uploads\/2025\/03\/woman-therapy-session-attentive-psychologist-attentive-psychologist-holding-pencil-her-hands-making-written-notes-while-listening-her-client-1024x683.jpg ,https:\/\/www.carrefour-de-femmes.org\/app\/uploads\/2025\/03\/woman-therapy-session-attentive-psychologist-attentive-psychologist-holding-pencil-her-hands-making-written-notes-while-listening-her-client-scaled.jpg 780w, https:\/\/www.carrefour-de-femmes.org\/app\/uploads\/2025\/03\/woman-therapy-session-attentive-psychologist-attentive-psychologist-holding-pencil-her-hands-making-written-notes-while-listening-her-client-scaled.jpg 360w\" sizes=\"auto, (max-width: 480px) 150px\" src=\"https:\/\/www.carrefour-de-femmes.org\/app\/uploads\/2025\/03\/woman-therapy-session-attentive-psychologist-attentive-psychologist-holding-pencil-her-hands-making-written-notes-while-listening-her-client-1024x683.jpg\" alt=\"\" class=\"uag-image-1081\" width=\"513\" height=\"320\" title=\"Mujer en sesi\u00f3n de terapia. Psic\u00f3loga atenta. Psic\u00f3loga atenta con l\u00e1piz en las manos tomando notas escritas mientras escucha a su cliente.\" loading=\"lazy\" role=\"img\"\/><\/figure><\/div>\n\n\n\n<h2 class=\"wp-block-heading\">Nuestros peque\u00f1os extras<\/h2>\n\n\n\n<h4 class=\"wp-block-heading\">Puedes venir al Carrefour de Femmes (sola o con amigas) para trabajar en tu plan de carrera: tenemos acceso gratuito a Internet y un ordenador a petici\u00f3n.<\/h4>\n\n\n<div class=\"color-blocks\">\n            <div class=\"color-blocks__item\"\n             style=\"--text-color: #ffffff; background-color: #c95c47;\">\n            <p><strong>Abierto de mi\u00e9rcoles a viernes ininterrumpidamente de 10.00 a 18.30 h.<\/strong><\/p>\n\n        <\/div>\n    <\/div>","protected":false},"excerpt":{"rendered":"<p>R\u00e9duire les in\u00e9galit\u00e9s entre les femmes et les hommes en milieu professionnel reste un combat, une priorit\u00e9 m\u00eame si des progr\u00e8s ont \u00e9t\u00e9 r\u00e9alis\u00e9s dans ce domaine. Pourtant, le taux d\u2019emploi des femmes est plus faible que celui des hommes, les \u00e9carts de r\u00e9mun\u00e9ration persistent (environ 14,1% dans le secteur priv\u00e9 en 2022), l\u2019acc\u00e8s aux [&hellip;]<\/p>\n","protected":false},"author":3,"featured_media":0,"parent":8,"menu_order":13,"comment_status":"closed","ping_status":"closed","template":"","meta":{"_acf_changed":false,"_uag_custom_page_level_css":"","footnotes":""},"class_list":["post-551","page","type-page","status-publish","hentry"],"acf":[],"uagb_featured_image_src":{"full":false,"thumbnail":false,"medium":false,"medium_large":false,"large":false,"1536x1536":false,"2048x2048":false,"trp-custom-language-flag":false,"gform-image-choice-sm":false,"gform-image-choice-md":false,"gform-image-choice-lg":false},"uagb_author_info":{"display_name":"Sheryll Presna","author_link":"https:\/\/www.carrefour-de-femmes.org\/es\/actualites\/author\/s-presna\/"},"uagb_comment_info":0,"uagb_excerpt":"R\u00e9duire les in\u00e9galit\u00e9s entre les femmes et les hommes en milieu professionnel reste un combat, une priorit\u00e9 m\u00eame si des progr\u00e8s ont \u00e9t\u00e9 r\u00e9alis\u00e9s dans ce domaine. Pourtant, le taux d\u2019emploi des femmes est plus faible que celui des hommes, les \u00e9carts de r\u00e9mun\u00e9ration persistent (environ 14,1% dans le secteur priv\u00e9 en 2022), l\u2019acc\u00e8s aux&hellip;","_links":{"self":[{"href":"https:\/\/www.carrefour-de-femmes.org\/es\/wp-json\/wp\/v2\/pages\/551","targetHints":{"allow":["GET"]}}],"collection":[{"href":"https:\/\/www.carrefour-de-femmes.org\/es\/wp-json\/wp\/v2\/pages"}],"about":[{"href":"https:\/\/www.carrefour-de-femmes.org\/es\/wp-json\/wp\/v2\/types\/page"}],"author":[{"embeddable":true,"href":"https:\/\/www.carrefour-de-femmes.org\/es\/wp-json\/wp\/v2\/users\/3"}],"replies":[{"embeddable":true,"href":"https:\/\/www.carrefour-de-femmes.org\/es\/wp-json\/wp\/v2\/comments?post=551"}],"version-history":[{"count":11,"href":"https:\/\/www.carrefour-de-femmes.org\/es\/wp-json\/wp\/v2\/pages\/551\/revisions"}],"predecessor-version":[{"id":1445,"href":"https:\/\/www.carrefour-de-femmes.org\/es\/wp-json\/wp\/v2\/pages\/551\/revisions\/1445"}],"up":[{"embeddable":true,"href":"https:\/\/www.carrefour-de-femmes.org\/es\/wp-json\/wp\/v2\/pages\/8"}],"wp:attachment":[{"href":"https:\/\/www.carrefour-de-femmes.org\/es\/wp-json\/wp\/v2\/media?parent=551"}],"curies":[{"name":"wp","href":"https:\/\/api.w.org\/{rel}","templated":true}]}}

Carrera y orientación

<h3 class="wp-block-heading">Reducir las desigualdades entre mujeres y hombres en el lugar de trabajo sigue siendo una batalla, una prioridad, aunque se hayan realizado progresos en este ámbito.</h3>



<p>Sin embargo, la tasa de empleo de las mujeres es inferior a la de los hombres, persiste la brecha salarial (alrededor de 14,1% en el sector privado en 2022), el acceso a los puestos de responsabilidad es desigual, etc. Para ayudarle en su proyecto, tiene a su disposición una serie de socios institucionales y asociativos en toda la región.</p>



<p>¿Tiene alguna pregunta sobre el espíritu empresarial, la integración social y profesional o la formación? </p>



<p>¿Necesita ayuda para redactar su CV?</p>



<p>Venga a vernos al Carrefour de Femmes. Le informaremos sobre los programas existentes y le pondremos en contacto con los socios locales.</p>



<p>También podemos distribuir su CV por nuestra red.</p>



<div class="wp-block-uagb-image uagb-block-e16ceba8 wp-block-uagb-image--layout-default wp-block-uagb-image--effect-static wp-block-uagb-image--align-none"><figure class="wp-block-uagb-image__figure"><img decoding="async" srcset="https://www.carrefour-de-femmes.org/app/uploads/2025/03/woman-therapy-session-attentive-psychologist-attentive-psychologist-holding-pencil-her-hands-making-written-notes-while-listening-her-client-1024x683.jpg ,https://www.carrefour-de-femmes.org/app/uploads/2025/03/woman-therapy-session-attentive-psychologist-attentive-psychologist-holding-pencil-her-hands-making-written-notes-while-listening-her-client-scaled.jpg 780w, https://www.carrefour-de-femmes.org/app/uploads/2025/03/woman-therapy-session-attentive-psychologist-attentive-psychologist-holding-pencil-her-hands-making-written-notes-while-listening-her-client-scaled.jpg 360w" sizes="auto, (max-width: 480px) 150px" src="https://www.carrefour-de-femmes.org/app/uploads/2025/03/woman-therapy-session-attentive-psychologist-attentive-psychologist-holding-pencil-her-hands-making-written-notes-while-listening-her-client-1024x683.jpg" alt="" class="uag-image-1081" width="513" height="320" title="Mujer en sesión de terapia. Psicóloga atenta. Psicóloga atenta con lápiz en las manos tomando notas escritas mientras escucha a su cliente." loading="lazy" role="img"/></figure></div>



<h2 class="wp-block-heading">Nuestros pequeños extras</h2>



<h4 class="wp-block-heading">Puedes venir al Carrefour de Femmes (sola o con amigas) para trabajar en tu plan de carrera: tenemos acceso gratuito a Internet y un ordenador a petición.</h4>


<div class="color-blocks">
            <div class="color-blocks__item"
             style="--text-color: #ffffff; background-color: #c95c47;">
            <p><strong>Abierto de miércoles a viernes ininterrumpidamente de 10.00 a 18.30 h.</strong></p>

        </div>
    </div>

<p>Réduire les inégalités entre les femmes et les hommes en milieu professionnel reste un combat, une priorité même si des progrès ont été réalisés dans ce domaine. Pourtant, le taux d’emploi des femmes est plus faible que celui des hommes, les écarts de rémunération persistent (environ 14,1% dans le secteur privé en 2022), l’accès aux [&hellip;]</p>

Réduire les inégalités entre les femmes et les hommes en milieu professionnel reste un combat, une priorité même si des progrès ont été réalisés dans ce domaine. Pourtant, le taux d’emploi des femmes est plus faible que celui des hommes, les écarts de rémunération persistent (environ 14,1% dans le secteur privé en 2022), l’accès aux&hellip;
