{"id":28,"date":"2025-02-07T09:12:20","date_gmt":"2025-02-07T08:12:20","guid":{"rendered":"https:\/\/www.carrefour-de-femmes.org\/?page_id=28"},"modified":"2025-03-07T15:06:33","modified_gmt":"2025-03-07T14:06:33","slug":"cifras-utiles","status":"publish","type":"page","link":"https:\/\/www.carrefour-de-femmes.org\/es\/jai-besoin-daide\/numeros-utiles\/","title":{"rendered":"N\u00fameros \u00fatiles"},"content":{"rendered":"<h2 style=\"color: #5a68a3;\"  class=\"mw-typography mw-typography__size--display-md mw-typography__weight--extra-bold mw-typography__color--#5a68a3 mw-typography__family--body\">\n                N\u00fameros de tel\u00e9fono y sitios web disponibles 24 horas al d\u00eda, 7 d\u00edas a la semana\n                                                        <\/h2>\n        \n\n\n<div class=\"wp-block-cover alignfull is-light\"><span aria-hidden=\"true\" class=\"wp-block-cover__background has-background-dim-100 has-background-dim\" style=\"background-color:#ffffff\"><\/span><div class=\"wp-block-cover__inner-container is-layout-flow wp-block-cover-is-layout-flow\">\n<div class=\"wp-block-media-text alignwide is-stacked-on-mobile is-vertically-aligned-center is-image-fill-element\" style=\"grid-template-columns:42% auto\"><figure class=\"wp-block-media-text__media\"><img loading=\"lazy\" decoding=\"async\" width=\"1024\" height=\"683\" src=\"https:\/\/www.carrefour-de-femmes.org\/app\/uploads\/2025\/03\/indoor-portrait-sad-unhappy-young-dark-skinned-housewife-facing-financial-problem-having-many-debts-talking-smart-phone-housing-service-begging-it-cut-off-gas-her-apartment-1024x683.jpg\" alt=\"\" class=\"wp-image-1121 size-full\" style=\"object-position:25% 49%\" srcset=\"https:\/\/www.carrefour-de-femmes.org\/app\/uploads\/2025\/03\/indoor-portrait-sad-unhappy-young-dark-skinned-housewife-facing-financial-problem-having-many-debts-talking-smart-phone-housing-service-begging-it-cut-off-gas-her-apartment-1024x683.jpg 1024w, https:\/\/www.carrefour-de-femmes.org\/app\/uploads\/2025\/03\/indoor-portrait-sad-unhappy-young-dark-skinned-housewife-facing-financial-problem-having-many-debts-talking-smart-phone-housing-service-begging-it-cut-off-gas-her-apartment-300x200.jpg 300w, https:\/\/www.carrefour-de-femmes.org\/app\/uploads\/2025\/03\/indoor-portrait-sad-unhappy-young-dark-skinned-housewife-facing-financial-problem-having-many-debts-talking-smart-phone-housing-service-begging-it-cut-off-gas-her-apartment-768x512.jpg 768w, https:\/\/www.carrefour-de-femmes.org\/app\/uploads\/2025\/03\/indoor-portrait-sad-unhappy-young-dark-skinned-housewife-facing-financial-problem-having-many-debts-talking-smart-phone-housing-service-begging-it-cut-off-gas-her-apartment-1536x1024.jpg 1536w, https:\/\/www.carrefour-de-femmes.org\/app\/uploads\/2025\/03\/indoor-portrait-sad-unhappy-young-dark-skinned-housewife-facing-financial-problem-having-many-debts-talking-smart-phone-housing-service-begging-it-cut-off-gas-her-apartment-2048x1365.jpg 2048w, https:\/\/www.carrefour-de-femmes.org\/app\/uploads\/2025\/03\/indoor-portrait-sad-unhappy-young-dark-skinned-housewife-facing-financial-problem-having-many-debts-talking-smart-phone-housing-service-begging-it-cut-off-gas-her-apartment-18x12.jpg 18w\" sizes=\"auto, (max-width: 1024px) 100vw, 1024px\" \/><\/figure><div class=\"wp-block-media-text__content\">\n<h2 class=\"wp-block-heading has-text-color\" style=\"color:#000000;font-size:32px\"><strong>\u00bfNecesita que le escuchen, informaci\u00f3n u orientaci\u00f3n?<\/strong><\/h2>\n\n\n\n<p class=\"has-text-color\" style=\"color:#000000;font-size:17px\">Estos sistemas no son n\u00fameros de emergencia. En caso de peligro, llame al <strong>15 (emergencia m\u00e9dica), 17 (polic\u00eda), 18 (bomberos) o 114 por SMS si es sordo o tiene dificultades auditivas.<\/strong><\/p>\n<\/div><\/div>\n<\/div><\/div>\n\n\n\n<p><strong>3919 -<\/strong> L\u00ednea de ayuda nacional para mujeres v\u00edctimas de violencia dom\u00e9stica, sus familiares o amigos. <a href=\"http:\/\/tout.es\">todos<\/a> profesionales que necesiten informaci\u00f3n.<\/p>\n\n\n\n<p><strong>Abierto 24 horas al d\u00eda, 7 d\u00edas a la semana. <\/strong>Llamadas confidenciales, que no aparecen en las facturas telef\u00f3nicas.<\/p>\n\n\n\n<p><strong>119 -<\/strong> L\u00ednea de ayuda nacional para todos los ni\u00f1os y adolescentes (hasta los 21 a\u00f1os), en peligro o en riesgo de estarlo, sus familiares o amigos y sus familias. <a href=\"http:\/\/tout.es\">todos<\/a> profesionales que necesiten informaci\u00f3n.<\/p>\n\n\n\n<p><strong>Abierto 24 horas al d\u00eda, 7 d\u00edas a la semana.<\/strong> Llamadas confidenciales, que no aparecen en las facturas telef\u00f3nicas.<\/p>\n\n\n\n<p><strong>Y a trav\u00e9s del chat, abierto de 15.00 a 21.00 horas, 7 d\u00edas a la semana.<\/strong><\/p>\n\n\n\n<p><strong>3114 -<\/strong> Tel\u00e9fono nacional de ayuda para la prevenci\u00f3n del suicidio disponible para cualquier persona que necesite ayuda, sus familiares o amigos, o cualquier otra persona que lo necesite. <a href=\"http:\/\/tout.es\">todos<\/a> profesionales que necesiten informaci\u00f3n.<\/p>\n\n\n\n<p><strong>Abierto 24 horas al d\u00eda, 7 d\u00edas a la semana. Llamada confidencial.<\/strong><\/p>\n\n\n\n<div class=\"wp-block-group has-white-background-color has-background is-layout-constrained wp-container-core-group-is-layout-82686151 wp-block-group-is-layout-constrained\" style=\"padding-top:0;padding-right:0;padding-bottom:0;padding-left:0\">        <h2 style=\"color: #c95c47;\"  class=\"mw-typography mw-typography__size--display-xs mw-typography__weight--bold mw-typography__color--#c95c47 mw-typography__family--body\">\n                \u00bfQuiere saber m\u00e1s?\n                                                        <\/h2>\n        \n\n\n<div style=\"height:20px\" aria-hidden=\"true\" class=\"wp-block-spacer\"><\/div>\n\n\n\n<div class=\"wp-block-buttons is-content-justification-center is-layout-flex wp-container-core-buttons-is-layout-16018d1d wp-block-buttons-is-layout-flex\">\n<div class=\"wp-block-button has-custom-width wp-block-button__width-50 is-style-outline is-style-outline--1\"><a class=\"wp-block-button__link wp-element-button\" href=\"https:\/\/arretonslesviolences.gouv.fr\/\" target=\"_blank\" rel=\"noreferrer noopener\"><strong>Alto a la violencia<\/strong><\/a><\/div>\n\n\n\n<div class=\"wp-block-button has-custom-width wp-block-button__width-50 is-style-outline is-style-outline--2\"><a class=\"wp-block-button__link wp-element-button\" href=\"https:\/\/www.onsexprime.fr\/\" target=\"_blank\" rel=\"noreferrer noopener\"><strong>Weexpress<\/strong><\/a><\/div>\n\n\n\n<div class=\"wp-block-button has-custom-width wp-block-button__width-100 is-style-outline is-style-outline--3\"><a class=\"wp-block-button__link wp-element-button\" href=\"https:\/\/ivg.gouv.fr\/\" target=\"_blank\" rel=\"noreferrer noopener\"><strong><strong>IVG - Interrupci\u00f3n voluntaria del embarazo<\/strong><\/strong><\/a><\/div>\n\n\n\n<div class=\"wp-block-button has-custom-width wp-block-button__width-50 is-style-outline is-style-outline--4\"><a class=\"wp-block-button__link wp-element-button\" href=\"https:\/\/www.defenseurdesdroits.fr\/\" target=\"_blank\" rel=\"noreferrer noopener\"><strong>Defensor del Pueblo<\/strong><\/a><\/div>\n\n\n\n<div class=\"wp-block-button has-custom-width wp-block-button__width-50 is-style-outline is-style-outline--5\"><a class=\"wp-block-button__link wp-element-button\" href=\"https:\/\/www.antidiscriminations.fr\/\" target=\"_blank\" rel=\"noreferrer noopener\"><strong>Contra la discriminaci\u00f3n<\/strong><\/a><\/div>\n\n\n\n<div class=\"wp-block-button has-custom-width wp-block-button__width-50 is-style-outline is-style-outline--6\"><a class=\"wp-block-button__link wp-element-button\" href=\"https:\/\/questionsexualite.fr\/\" target=\"_blank\" rel=\"noreferrer noopener\"><strong>PreguntaSexualidad<\/strong><\/a><\/div>\n\n\n\n<div class=\"wp-block-button has-custom-width wp-block-button__width-50 is-style-outline is-style-outline--7\"><a class=\"wp-block-button__link wp-element-button\" href=\"https:\/\/app-elles.fr\/\" target=\"_blank\" rel=\"noreferrer noopener\"><strong>App-Elles<\/strong><\/a><\/div>\n<\/div>\n<\/div>\n\n\n\n<p><\/p>","protected":false},"excerpt":{"rendered":"<p>3919 &#8211; Num\u00e9ro national d\u2019\u00e9coute pour les femmes victimes de violences conjugales, leur entourage ou tout.es professionnel.les ayant besoin d\u2019une information. Ouvert 24h\/24 et 7j\/7. Appel confidentiel, qui ne figure pas sur les factures de t\u00e9l\u00e9phones. 119 &#8211; Num\u00e9ro national d\u2019\u00e9coute pour toutes les enfants et adolescents (jusque 21 ans), en danger ou risquant de [&hellip;]<\/p>\n","protected":false},"author":1,"featured_media":1166,"parent":16,"menu_order":25,"comment_status":"closed","ping_status":"closed","template":"","meta":{"_acf_changed":false,"_uag_custom_page_level_css":"","footnotes":""},"class_list":["post-28","page","type-page","status-publish","has-post-thumbnail","hentry"],"acf":[],"uagb_featured_image_src":{"full":["https:\/\/www.carrefour-de-femmes.org\/app\/uploads\/2025\/03\/numero-utile.jpg",940,788,false],"thumbnail":["https:\/\/www.carrefour-de-femmes.org\/app\/uploads\/2025\/03\/numero-utile-150x150.jpg",150,150,true],"medium":["https:\/\/www.carrefour-de-femmes.org\/app\/uploads\/2025\/03\/numero-utile-300x251.jpg",300,251,true],"medium_large":["https:\/\/www.carrefour-de-femmes.org\/app\/uploads\/2025\/03\/numero-utile-768x644.jpg",768,644,true],"large":["https:\/\/www.carrefour-de-femmes.org\/app\/uploads\/2025\/03\/numero-utile.jpg",940,788,false],"1536x1536":["https:\/\/www.carrefour-de-femmes.org\/app\/uploads\/2025\/03\/numero-utile.jpg",940,788,false],"2048x2048":["https:\/\/www.carrefour-de-femmes.org\/app\/uploads\/2025\/03\/numero-utile.jpg",940,788,false],"trp-custom-language-flag":["https:\/\/www.carrefour-de-femmes.org\/app\/uploads\/2025\/03\/numero-utile-14x12.jpg",14,12,true],"gform-image-choice-sm":["https:\/\/www.carrefour-de-femmes.org\/app\/uploads\/2025\/03\/numero-utile.jpg",300,251,false],"gform-image-choice-md":["https:\/\/www.carrefour-de-femmes.org\/app\/uploads\/2025\/03\/numero-utile.jpg",400,335,false],"gform-image-choice-lg":["https:\/\/www.carrefour-de-femmes.org\/app\/uploads\/2025\/03\/numero-utile.jpg",600,503,false]},"uagb_author_info":{"display_name":"mentalworks","author_link":"https:\/\/www.carrefour-de-femmes.org\/es\/actualites\/author\/mentalworks\/"},"uagb_comment_info":0,"uagb_excerpt":"3919 &#8211; Num\u00e9ro national d\u2019\u00e9coute pour les femmes victimes de violences conjugales, leur entourage ou tout.es professionnel.les ayant besoin d\u2019une information. Ouvert 24h\/24 et 7j\/7. Appel confidentiel, qui ne figure pas sur les factures de t\u00e9l\u00e9phones. 119 &#8211; Num\u00e9ro national d\u2019\u00e9coute pour toutes les enfants et adolescents (jusque 21 ans), en danger ou risquant de&hellip;","_links":{"self":[{"href":"https:\/\/www.carrefour-de-femmes.org\/es\/wp-json\/wp\/v2\/pages\/28","targetHints":{"allow":["GET"]}}],"collection":[{"href":"https:\/\/www.carrefour-de-femmes.org\/es\/wp-json\/wp\/v2\/pages"}],"about":[{"href":"https:\/\/www.carrefour-de-femmes.org\/es\/wp-json\/wp\/v2\/types\/page"}],"author":[{"embeddable":true,"href":"https:\/\/www.carrefour-de-femmes.org\/es\/wp-json\/wp\/v2\/users\/1"}],"replies":[{"embeddable":true,"href":"https:\/\/www.carrefour-de-femmes.org\/es\/wp-json\/wp\/v2\/comments?post=28"}],"version-history":[{"count":20,"href":"https:\/\/www.carrefour-de-femmes.org\/es\/wp-json\/wp\/v2\/pages\/28\/revisions"}],"predecessor-version":[{"id":1238,"href":"https:\/\/www.carrefour-de-femmes.org\/es\/wp-json\/wp\/v2\/pages\/28\/revisions\/1238"}],"up":[{"embeddable":true,"href":"https:\/\/www.carrefour-de-femmes.org\/es\/wp-json\/wp\/v2\/pages\/16"}],"wp:featuredmedia":[{"embeddable":true,"href":"https:\/\/www.carrefour-de-femmes.org\/es\/wp-json\/wp\/v2\/media\/1166"}],"wp:attachment":[{"href":"https:\/\/www.carrefour-de-femmes.org\/es\/wp-json\/wp\/v2\/media?parent=28"}],"curies":[{"name":"wp","href":"https:\/\/api.w.org\/{rel}","templated":true}]}}

Números útiles

<h2 style="color: #5a68a3;"  class="mw-typography mw-typography__size--display-md mw-typography__weight--extra-bold mw-typography__color--#5a68a3 mw-typography__family--body">
                Números de teléfono y sitios web disponibles 24 horas al día, 7 días a la semana
                                                        </h2>
        


<div class="wp-block-cover alignfull is-light"><span aria-hidden="true" class="wp-block-cover__background has-background-dim-100 has-background-dim" style="background-color:#ffffff"></span><div class="wp-block-cover__inner-container is-layout-flow wp-block-cover-is-layout-flow">
<div class="wp-block-media-text alignwide is-stacked-on-mobile is-vertically-aligned-center is-image-fill-element" style="grid-template-columns:42% auto"><figure class="wp-block-media-text__media"><img loading="lazy" decoding="async" width="1024" height="683" src="https://www.carrefour-de-femmes.org/app/uploads/2025/03/indoor-portrait-sad-unhappy-young-dark-skinned-housewife-facing-financial-problem-having-many-debts-talking-smart-phone-housing-service-begging-it-cut-off-gas-her-apartment-1024x683.jpg" alt="" class="wp-image-1121 size-full" style="object-position:25% 49%" srcset="https://www.carrefour-de-femmes.org/app/uploads/2025/03/indoor-portrait-sad-unhappy-young-dark-skinned-housewife-facing-financial-problem-having-many-debts-talking-smart-phone-housing-service-begging-it-cut-off-gas-her-apartment-1024x683.jpg 1024w, https://www.carrefour-de-femmes.org/app/uploads/2025/03/indoor-portrait-sad-unhappy-young-dark-skinned-housewife-facing-financial-problem-having-many-debts-talking-smart-phone-housing-service-begging-it-cut-off-gas-her-apartment-300x200.jpg 300w, https://www.carrefour-de-femmes.org/app/uploads/2025/03/indoor-portrait-sad-unhappy-young-dark-skinned-housewife-facing-financial-problem-having-many-debts-talking-smart-phone-housing-service-begging-it-cut-off-gas-her-apartment-768x512.jpg 768w, https://www.carrefour-de-femmes.org/app/uploads/2025/03/indoor-portrait-sad-unhappy-young-dark-skinned-housewife-facing-financial-problem-having-many-debts-talking-smart-phone-housing-service-begging-it-cut-off-gas-her-apartment-1536x1024.jpg 1536w, https://www.carrefour-de-femmes.org/app/uploads/2025/03/indoor-portrait-sad-unhappy-young-dark-skinned-housewife-facing-financial-problem-having-many-debts-talking-smart-phone-housing-service-begging-it-cut-off-gas-her-apartment-2048x1365.jpg 2048w, https://www.carrefour-de-femmes.org/app/uploads/2025/03/indoor-portrait-sad-unhappy-young-dark-skinned-housewife-facing-financial-problem-having-many-debts-talking-smart-phone-housing-service-begging-it-cut-off-gas-her-apartment-18x12.jpg 18w" sizes="auto, (max-width: 1024px) 100vw, 1024px" /></figure><div class="wp-block-media-text__content">
<h2 class="wp-block-heading has-text-color" style="color:#000000;font-size:32px"><strong>¿Necesita que le escuchen, información u orientación?</strong></h2>



<p class="has-text-color" style="color:#000000;font-size:17px">Estos sistemas no son números de emergencia. En caso de peligro, llame al <strong>15 (emergencia médica), 17 (policía), 18 (bomberos) o 114 por SMS si es sordo o tiene dificultades auditivas.</strong></p>
</div></div>
</div></div>



<p><strong>3919 -</strong> Línea de ayuda nacional para mujeres víctimas de violencia doméstica, sus familiares o amigos. <a href="http://tout.es">todos</a> profesionales que necesiten información.</p>



<p><strong>Abierto 24 horas al día, 7 días a la semana. </strong>Llamadas confidenciales, que no aparecen en las facturas telefónicas.</p>



<p><strong>119 -</strong> Línea de ayuda nacional para todos los niños y adolescentes (hasta los 21 años), en peligro o en riesgo de estarlo, sus familiares o amigos y sus familias. <a href="http://tout.es">todos</a> profesionales que necesiten información.</p>



<p><strong>Abierto 24 horas al día, 7 días a la semana.</strong> Llamadas confidenciales, que no aparecen en las facturas telefónicas.</p>



<p><strong>Y a través del chat, abierto de 15.00 a 21.00 horas, 7 días a la semana.</strong></p>



<p><strong>3114 -</strong> Teléfono nacional de ayuda para la prevención del suicidio disponible para cualquier persona que necesite ayuda, sus familiares o amigos, o cualquier otra persona que lo necesite. <a href="http://tout.es">todos</a> profesionales que necesiten información.</p>



<p><strong>Abierto 24 horas al día, 7 días a la semana. Llamada confidencial.</strong></p>



<div class="wp-block-group has-white-background-color has-background is-layout-constrained wp-container-core-group-is-layout-82686151 wp-block-group-is-layout-constrained" style="padding-top:0;padding-right:0;padding-bottom:0;padding-left:0">        <h2 style="color: #c95c47;"  class="mw-typography mw-typography__size--display-xs mw-typography__weight--bold mw-typography__color--#c95c47 mw-typography__family--body">
                ¿Quiere saber más?
                                                        </h2>
        


<div style="height:20px" aria-hidden="true" class="wp-block-spacer"></div>



<div class="wp-block-buttons is-content-justification-center is-layout-flex wp-container-core-buttons-is-layout-16018d1d wp-block-buttons-is-layout-flex">
<div class="wp-block-button has-custom-width wp-block-button__width-50 is-style-outline is-style-outline--1"><a class="wp-block-button__link wp-element-button" href="https://arretonslesviolences.gouv.fr/" target="_blank" rel="noreferrer noopener"><strong>Alto a la violencia</strong></a></div>



<div class="wp-block-button has-custom-width wp-block-button__width-50 is-style-outline is-style-outline--2"><a class="wp-block-button__link wp-element-button" href="https://www.onsexprime.fr/" target="_blank" rel="noreferrer noopener"><strong>Weexpress</strong></a></div>



<div class="wp-block-button has-custom-width wp-block-button__width-100 is-style-outline is-style-outline--3"><a class="wp-block-button__link wp-element-button" href="https://ivg.gouv.fr/" target="_blank" rel="noreferrer noopener"><strong><strong>IVG - Interrupción voluntaria del embarazo</strong></strong></a></div>



<div class="wp-block-button has-custom-width wp-block-button__width-50 is-style-outline is-style-outline--4"><a class="wp-block-button__link wp-element-button" href="https://www.defenseurdesdroits.fr/" target="_blank" rel="noreferrer noopener"><strong>Defensor del Pueblo</strong></a></div>



<div class="wp-block-button has-custom-width wp-block-button__width-50 is-style-outline is-style-outline--5"><a class="wp-block-button__link wp-element-button" href="https://www.antidiscriminations.fr/" target="_blank" rel="noreferrer noopener"><strong>Contra la discriminación</strong></a></div>



<div class="wp-block-button has-custom-width wp-block-button__width-50 is-style-outline is-style-outline--6"><a class="wp-block-button__link wp-element-button" href="https://questionsexualite.fr/" target="_blank" rel="noreferrer noopener"><strong>PreguntaSexualidad</strong></a></div>



<div class="wp-block-button has-custom-width wp-block-button__width-50 is-style-outline is-style-outline--7"><a class="wp-block-button__link wp-element-button" href="https://app-elles.fr/" target="_blank" rel="noreferrer noopener"><strong>App-Elles</strong></a></div>
</div>
</div>



<p></p>

<p>3919 &#8211; Numéro national d’écoute pour les femmes victimes de violences conjugales, leur entourage ou tout.es professionnel.les ayant besoin d’une information. Ouvert 24h/24 et 7j/7. Appel confidentiel, qui ne figure pas sur les factures de téléphones. 119 &#8211; Numéro national d’écoute pour toutes les enfants et adolescents (jusque 21 ans), en danger ou risquant de [&hellip;]</p>

3919 &#8211; Numéro national d’écoute pour les femmes victimes de violences conjugales, leur entourage ou tout.es professionnel.les ayant besoin d’une information. Ouvert 24h/24 et 7j/7. Appel confidentiel, qui ne figure pas sur les factures de téléphones. 119 &#8211; Numéro national d’écoute pour toutes les enfants et adolescents (jusque 21 ans), en danger ou risquant de&hellip;
