{"id":1163,"date":"2025-03-07T15:16:30","date_gmt":"2025-03-07T14:16:30","guid":{"rendered":"https:\/\/www.carrefour-de-femmes.org\/?page_id=1163"},"modified":"2025-03-07T15:58:57","modified_gmt":"2025-03-07T14:58:57","slug":"desarrollo-personal","status":"publish","type":"page","link":"https:\/\/www.carrefour-de-femmes.org\/es\/developpement-personnel\/","title":{"rendered":"Desarrollo personal"},"content":{"rendered":"<h3 class=\"wp-block-heading\">En el Carrefour de Femmes no hay tab\u00faes. Aqu\u00ed puedes hablar de lo que quieras, cuando quieras. <\/h3>\n\n\n\n<p>La confianza en uno mismo es algo que se puede trabajar. Aqu\u00ed, cada mujer puede encontrar un lugar comprensivo y sin prejuicios para hablar libremente de los temas que son importantes para ella. <\/p>\n\n\n\n<p>Un atento equipo est\u00e1 a disposici\u00f3n de quienes lo necesiten para ofrecerles apoyo y orientaci\u00f3n. <strong>Tambi\u00e9n pueden organizarse talleres, con ejercicios y\/o juegos sencillos y accesibles para todos,<\/strong> \u00a1para aprender a hacerte valer y sacar lo mejor de ti mismo!<\/p>\n\n\n\n<div class=\"wp-block-uagb-image uagb-block-3cb80e9c wp-block-uagb-image--layout-default wp-block-uagb-image--effect-static wp-block-uagb-image--align-none\"><figure class=\"wp-block-uagb-image__figure\"><img decoding=\"async\" srcset=\"https:\/\/www.carrefour-de-femmes.org\/app\/uploads\/2025\/03\/jeunne-fille-1-1024x577.png ,https:\/\/www.carrefour-de-femmes.org\/app\/uploads\/2025\/03\/jeunne-fille-1.png 780w, https:\/\/www.carrefour-de-femmes.org\/app\/uploads\/2025\/03\/jeunne-fille-1.png 360w\" sizes=\"auto, (max-width: 480px) 150px\" src=\"https:\/\/www.carrefour-de-femmes.org\/app\/uploads\/2025\/03\/jeunne-fille-1-1024x577.png\" alt=\"\" class=\"uag-image-1165\" width=\"474\" height=\"266\" title=\"chica joven\" loading=\"lazy\" role=\"img\"\/><\/figure><\/div>\n\n\n\n<h2 class=\"wp-block-heading\">Nuestros peque\u00f1os extras<\/h2>\n\n\n\n<h4 class=\"wp-block-heading\">Puedes venir al Carrefour de femmes (sola o con amigas) para hablar con otras mujeres que quiz\u00e1 se enfrenten a los mismos problemas que t\u00fa. Si tienes un proyecto o una necesidad, no dudes en cont\u00e1rnoslo... <\/h4>\n\n\n<div class=\"color-blocks\">\n            <div class=\"color-blocks__item\"\n             style=\"--text-color: #ffffff; background-color: #d67d2f;\">\n            <p><strong>Abierto de mi\u00e9rcoles a viernes ininterrumpidamente de 10.00 a 18.30 h.<\/strong><\/p>\n\n        <\/div>\n    <\/div>\n\n\n<p><\/p>","protected":false},"excerpt":{"rendered":"<p>\u00c0 Carrefour de Femmes, pas de tabou ! Ici, aborde les sujets que tu veux, quand tu veux. La confiance en soi, \u00e7a se travaille ! Chaque femme trouvera ici un espace d\u2019\u00e9coute bienveillant, sans jugement, pour se confier librement sur les sujets qui lui tiennent \u00e0 c\u0153ur. Une \u00e9quipe attentive est l\u00e0 pour apporter [&hellip;]<\/p>\n","protected":false},"author":3,"featured_media":0,"parent":0,"menu_order":2,"comment_status":"closed","ping_status":"closed","template":"","meta":{"_acf_changed":false,"_uag_custom_page_level_css":"","footnotes":""},"class_list":["post-1163","page","type-page","status-publish","hentry"],"acf":[],"uagb_featured_image_src":{"full":false,"thumbnail":false,"medium":false,"medium_large":false,"large":false,"1536x1536":false,"2048x2048":false,"trp-custom-language-flag":false,"gform-image-choice-sm":false,"gform-image-choice-md":false,"gform-image-choice-lg":false},"uagb_author_info":{"display_name":"Sheryll Presna","author_link":"https:\/\/www.carrefour-de-femmes.org\/es\/actualites\/author\/s-presna\/"},"uagb_comment_info":0,"uagb_excerpt":"\u00c0 Carrefour de Femmes, pas de tabou ! Ici, aborde les sujets que tu veux, quand tu veux. La confiance en soi, \u00e7a se travaille ! Chaque femme trouvera ici un espace d\u2019\u00e9coute bienveillant, sans jugement, pour se confier librement sur les sujets qui lui tiennent \u00e0 c\u0153ur. Une \u00e9quipe attentive est l\u00e0 pour apporter&hellip;","_links":{"self":[{"href":"https:\/\/www.carrefour-de-femmes.org\/es\/wp-json\/wp\/v2\/pages\/1163","targetHints":{"allow":["GET"]}}],"collection":[{"href":"https:\/\/www.carrefour-de-femmes.org\/es\/wp-json\/wp\/v2\/pages"}],"about":[{"href":"https:\/\/www.carrefour-de-femmes.org\/es\/wp-json\/wp\/v2\/types\/page"}],"author":[{"embeddable":true,"href":"https:\/\/www.carrefour-de-femmes.org\/es\/wp-json\/wp\/v2\/users\/3"}],"replies":[{"embeddable":true,"href":"https:\/\/www.carrefour-de-femmes.org\/es\/wp-json\/wp\/v2\/comments?post=1163"}],"version-history":[{"count":7,"href":"https:\/\/www.carrefour-de-femmes.org\/es\/wp-json\/wp\/v2\/pages\/1163\/revisions"}],"predecessor-version":[{"id":1202,"href":"https:\/\/www.carrefour-de-femmes.org\/es\/wp-json\/wp\/v2\/pages\/1163\/revisions\/1202"}],"wp:attachment":[{"href":"https:\/\/www.carrefour-de-femmes.org\/es\/wp-json\/wp\/v2\/media?parent=1163"}],"curies":[{"name":"wp","href":"https:\/\/api.w.org\/{rel}","templated":true}]}}

<h3 class="wp-block-heading">En el Carrefour de Femmes no hay tabúes. Aquí puedes hablar de lo que quieras, cuando quieras. </h3>



<p>La confianza en uno mismo es algo que se puede trabajar. Aquí, cada mujer puede encontrar un lugar comprensivo y sin prejuicios para hablar libremente de los temas que son importantes para ella. </p>



<p>Un atento equipo está a disposición de quienes lo necesiten para ofrecerles apoyo y orientación. <strong>También pueden organizarse talleres, con ejercicios y/o juegos sencillos y accesibles para todos,</strong> ¡para aprender a hacerte valer y sacar lo mejor de ti mismo!</p>



<div class="wp-block-uagb-image uagb-block-3cb80e9c wp-block-uagb-image--layout-default wp-block-uagb-image--effect-static wp-block-uagb-image--align-none"><figure class="wp-block-uagb-image__figure"><img decoding="async" srcset="https://www.carrefour-de-femmes.org/app/uploads/2025/03/jeunne-fille-1-1024x577.png ,https://www.carrefour-de-femmes.org/app/uploads/2025/03/jeunne-fille-1.png 780w, https://www.carrefour-de-femmes.org/app/uploads/2025/03/jeunne-fille-1.png 360w" sizes="auto, (max-width: 480px) 150px" src="https://www.carrefour-de-femmes.org/app/uploads/2025/03/jeunne-fille-1-1024x577.png" alt="" class="uag-image-1165" width="474" height="266" title="chica joven" loading="lazy" role="img"/></figure></div>



<h2 class="wp-block-heading">Nuestros pequeños extras</h2>



<h4 class="wp-block-heading">Puedes venir al Carrefour de femmes (sola o con amigas) para hablar con otras mujeres que quizá se enfrenten a los mismos problemas que tú. Si tienes un proyecto o una necesidad, no dudes en contárnoslo... </h4>


<div class="color-blocks">
            <div class="color-blocks__item"
             style="--text-color: #ffffff; background-color: #d67d2f;">
            <p><strong>Abierto de miércoles a viernes ininterrumpidamente de 10.00 a 18.30 h.</strong></p>

        </div>
    </div>


<p></p>

<p>À Carrefour de Femmes, pas de tabou ! Ici, aborde les sujets que tu veux, quand tu veux. La confiance en soi, ça se travaille ! Chaque femme trouvera ici un espace d’écoute bienveillant, sans jugement, pour se confier librement sur les sujets qui lui tiennent à cœur. Une équipe attentive est là pour apporter [&hellip;]</p>

À Carrefour de Femmes, pas de tabou ! Ici, aborde les sujets que tu veux, quand tu veux. La confiance en soi, ça se travaille ! Chaque femme trouvera ici un espace d’écoute bienveillant, sans jugement, pour se confier librement sur les sujets qui lui tiennent à cœur. Une équipe attentive est là pour apporter&hellip;
