{"id":1688,"date":"2025-12-01T15:25:16","date_gmt":"2025-12-01T14:25:16","guid":{"rendered":"https:\/\/www.carrefour-de-femmes.org\/?post_type=event&#038;p=1688"},"modified":"2026-03-02T12:11:38","modified_gmt":"2026-03-02T11:11:38","slug":"taller-de-insercion-profesional","status":"publish","type":"event","link":"https:\/\/www.carrefour-de-femmes.org\/es\/evenements\/atelier-dinsertion-professionnelle\/","title":{"rendered":"Taller de colocaci\u00f3n"},"content":{"rendered":"<p>Desde la elaboraci\u00f3n de su proyecto hasta la b\u00fasqueda de empleo, nuestro apoyo individualizado le ayudar\u00e1 en todo, \u00a1gratis!<\/p>\n\n\n\n<figure class=\"wp-block-image size-large is-resized\"><img loading=\"lazy\" decoding=\"async\" width=\"1024\" height=\"596\" src=\"https:\/\/www.carrefour-de-femmes.org\/app\/uploads\/2025\/08\/group-young-women-talking-each-other-home-1024x596.jpg\" alt=\"\" class=\"wp-image-1501\" style=\"width:415px;height:auto\" srcset=\"https:\/\/www.carrefour-de-femmes.org\/app\/uploads\/2025\/08\/group-young-women-talking-each-other-home-1024x596.jpg 1024w, https:\/\/www.carrefour-de-femmes.org\/app\/uploads\/2025\/08\/group-young-women-talking-each-other-home-300x175.jpg 300w, https:\/\/www.carrefour-de-femmes.org\/app\/uploads\/2025\/08\/group-young-women-talking-each-other-home-768x447.jpg 768w, https:\/\/www.carrefour-de-femmes.org\/app\/uploads\/2025\/08\/group-young-women-talking-each-other-home-1536x895.jpg 1536w, https:\/\/www.carrefour-de-femmes.org\/app\/uploads\/2025\/08\/group-young-women-talking-each-other-home-2048x1193.jpg 2048w, https:\/\/www.carrefour-de-femmes.org\/app\/uploads\/2025\/08\/group-young-women-talking-each-other-home-18x10.jpg 18w\" sizes=\"auto, (max-width: 1024px) 100vw, 1024px\" \/><\/figure>","protected":false},"excerpt":{"rendered":"<p>Desde la elaboraci\u00f3n de su proyecto hasta la b\u00fasqueda de empleo, nuestro apoyo individualizado le ayudar\u00e1 en todo, \u00a1gratis!<\/p>","protected":false},"featured_media":1501,"template":"","meta":{"_acf_changed":true,"_uag_custom_page_level_css":""},"event-category":[],"class_list":["post-1688","event","type-event","status-publish","has-post-thumbnail","hentry"],"acf":[],"uagb_featured_image_src":{"full":["https:\/\/www.carrefour-de-femmes.org\/app\/uploads\/2025\/08\/group-young-women-talking-each-other-home-scaled.jpg",2560,1491,false],"thumbnail":["https:\/\/www.carrefour-de-femmes.org\/app\/uploads\/2025\/08\/group-young-women-talking-each-other-home-150x150.jpg",150,150,true],"medium":["https:\/\/www.carrefour-de-femmes.org\/app\/uploads\/2025\/08\/group-young-women-talking-each-other-home-300x175.jpg",300,175,true],"medium_large":["https:\/\/www.carrefour-de-femmes.org\/app\/uploads\/2025\/08\/group-young-women-talking-each-other-home-768x447.jpg",768,447,true],"large":["https:\/\/www.carrefour-de-femmes.org\/app\/uploads\/2025\/08\/group-young-women-talking-each-other-home-1024x596.jpg",1024,596,true],"1536x1536":["https:\/\/www.carrefour-de-femmes.org\/app\/uploads\/2025\/08\/group-young-women-talking-each-other-home-1536x895.jpg",1536,895,true],"2048x2048":["https:\/\/www.carrefour-de-femmes.org\/app\/uploads\/2025\/08\/group-young-women-talking-each-other-home-2048x1193.jpg",2048,1193,true],"trp-custom-language-flag":["https:\/\/www.carrefour-de-femmes.org\/app\/uploads\/2025\/08\/group-young-women-talking-each-other-home-18x10.jpg",18,10,true],"gform-image-choice-sm":["https:\/\/www.carrefour-de-femmes.org\/app\/uploads\/2025\/08\/group-young-women-talking-each-other-home-scaled.jpg",300,175,false],"gform-image-choice-md":["https:\/\/www.carrefour-de-femmes.org\/app\/uploads\/2025\/08\/group-young-women-talking-each-other-home-scaled.jpg",400,233,false],"gform-image-choice-lg":["https:\/\/www.carrefour-de-femmes.org\/app\/uploads\/2025\/08\/group-young-women-talking-each-other-home-scaled.jpg",600,349,false]},"uagb_author_info":{"display_name":"Sheryll Presna","author_link":"https:\/\/www.carrefour-de-femmes.org\/es\/actualites\/author\/"},"uagb_comment_info":0,"uagb_excerpt":"De l&rsquo;\u00e9laboration du projet \u00e0 la recherche d&#8217;emploi, l&rsquo;accompagnement individualis\u00e9 vous aide dans toutes vos d\u00e9marches gratuitement !","_links":{"self":[{"href":"https:\/\/www.carrefour-de-femmes.org\/es\/wp-json\/wp\/v2\/event\/1688","targetHints":{"allow":["GET"]}}],"collection":[{"href":"https:\/\/www.carrefour-de-femmes.org\/es\/wp-json\/wp\/v2\/event"}],"about":[{"href":"https:\/\/www.carrefour-de-femmes.org\/es\/wp-json\/wp\/v2\/types\/event"}],"wp:featuredmedia":[{"embeddable":true,"href":"https:\/\/www.carrefour-de-femmes.org\/es\/wp-json\/wp\/v2\/media\/1501"}],"wp:attachment":[{"href":"https:\/\/www.carrefour-de-femmes.org\/es\/wp-json\/wp\/v2\/media?parent=1688"}],"wp:term":[{"taxonomy":"event-category","embeddable":true,"href":"https:\/\/www.carrefour-de-femmes.org\/es\/wp-json\/wp\/v2\/event-category?post=1688"}],"curies":[{"name":"wp","href":"https:\/\/api.w.org\/{rel}","templated":true}]}}

Taller de colocación

<p>Desde la elaboración de su proyecto hasta la búsqueda de empleo, nuestro apoyo individualizado le ayudará en todo, ¡gratis!</p>



<figure class="wp-block-image size-large is-resized"><img loading="lazy" decoding="async" width="1024" height="596" src="https://www.carrefour-de-femmes.org/app/uploads/2025/08/group-young-women-talking-each-other-home-1024x596.jpg" alt="" class="wp-image-1501" style="width:415px;height:auto" srcset="https://www.carrefour-de-femmes.org/app/uploads/2025/08/group-young-women-talking-each-other-home-1024x596.jpg 1024w, https://www.carrefour-de-femmes.org/app/uploads/2025/08/group-young-women-talking-each-other-home-300x175.jpg 300w, https://www.carrefour-de-femmes.org/app/uploads/2025/08/group-young-women-talking-each-other-home-768x447.jpg 768w, https://www.carrefour-de-femmes.org/app/uploads/2025/08/group-young-women-talking-each-other-home-1536x895.jpg 1536w, https://www.carrefour-de-femmes.org/app/uploads/2025/08/group-young-women-talking-each-other-home-2048x1193.jpg 2048w, https://www.carrefour-de-femmes.org/app/uploads/2025/08/group-young-women-talking-each-other-home-18x10.jpg 18w" sizes="auto, (max-width: 1024px) 100vw, 1024px" /></figure>

<p>Desde la elaboración de su proyecto hasta la búsqueda de empleo, nuestro apoyo individualizado le ayudará en todo, ¡gratis!</p>

De l&rsquo;élaboration du projet à la recherche d&#8217;emploi, l&rsquo;accompagnement individualisé vous aide dans toutes vos démarches gratuitement !
