{"id":1526,"date":"2025-09-19T14:54:36","date_gmt":"2025-09-19T13:54:36","guid":{"rendered":"https:\/\/www.carrefour-de-femmes.org\/?post_type=event&#038;p=1526"},"modified":"2025-09-19T14:57:19","modified_gmt":"2025-09-19T13:57:19","slug":"introduccion-a-la-defensa-personal","status":"publish","type":"event","link":"https:\/\/www.carrefour-de-femmes.org\/es\/evenements\/initiation-self-defense\/","title":{"rendered":"Introducci\u00f3n a la defensa personal"},"content":{"rendered":"<p>\u00a1Consigue los reflejos adecuados! Ven a aprender las t\u00e9cnicas de defensa personal de Angad Taekwondo Academie, una escuela de taekwondo con sede en Creilly.<\/p>\n\n\n\n<div class=\"wp-block-uagb-image uagb-block-dd56597f wp-block-uagb-image--layout-default wp-block-uagb-image--effect-static wp-block-uagb-image--align-none\"><figure class=\"wp-block-uagb-image__figure\"><img decoding=\"async\" srcset=\"https:\/\/www.carrefour-de-femmes.org\/app\/uploads\/2025\/09\/side-view-people-training-gym-1024x683.jpg ,https:\/\/www.carrefour-de-femmes.org\/app\/uploads\/2025\/09\/side-view-people-training-gym-scaled.jpg 780w, https:\/\/www.carrefour-de-femmes.org\/app\/uploads\/2025\/09\/side-view-people-training-gym-scaled.jpg 360w\" sizes=\"auto, (max-width: 480px) 150px\" src=\"https:\/\/www.carrefour-de-femmes.org\/app\/uploads\/2025\/09\/side-view-people-training-gym-1024x683.jpg\" alt=\"\" class=\"uag-image-1527\" width=\"423\" height=\"282\" title=\"vista lateral-gente-entrenamiento-gimnasio\" loading=\"lazy\" role=\"img\"\/><\/figure><\/div>","protected":false},"excerpt":{"rendered":"<p>\u00a1Consigue los reflejos adecuados! Ven a aprender las t\u00e9cnicas de defensa personal de Angad Taekwondo Academie, una escuela de taekwondo con sede en Creilly.<\/p>","protected":false},"featured_media":1528,"template":"","meta":{"_acf_changed":true,"_uag_custom_page_level_css":""},"event-category":[],"class_list":["post-1526","event","type-event","status-publish","has-post-thumbnail","hentry"],"acf":[],"uagb_featured_image_src":{"full":["https:\/\/www.carrefour-de-femmes.org\/app\/uploads\/2025\/09\/side-view-people-training-gym-1-scaled.jpg",2560,1707,false],"thumbnail":["https:\/\/www.carrefour-de-femmes.org\/app\/uploads\/2025\/09\/side-view-people-training-gym-1-150x150.jpg",150,150,true],"medium":["https:\/\/www.carrefour-de-femmes.org\/app\/uploads\/2025\/09\/side-view-people-training-gym-1-300x200.jpg",300,200,true],"medium_large":["https:\/\/www.carrefour-de-femmes.org\/app\/uploads\/2025\/09\/side-view-people-training-gym-1-768x512.jpg",768,512,true],"large":["https:\/\/www.carrefour-de-femmes.org\/app\/uploads\/2025\/09\/side-view-people-training-gym-1-1024x683.jpg",1024,683,true],"1536x1536":["https:\/\/www.carrefour-de-femmes.org\/app\/uploads\/2025\/09\/side-view-people-training-gym-1-1536x1024.jpg",1536,1024,true],"2048x2048":["https:\/\/www.carrefour-de-femmes.org\/app\/uploads\/2025\/09\/side-view-people-training-gym-1-2048x1365.jpg",2048,1365,true],"trp-custom-language-flag":["https:\/\/www.carrefour-de-femmes.org\/app\/uploads\/2025\/09\/side-view-people-training-gym-1-18x12.jpg",18,12,true],"gform-image-choice-sm":["https:\/\/www.carrefour-de-femmes.org\/app\/uploads\/2025\/09\/side-view-people-training-gym-1-scaled.jpg",300,200,false],"gform-image-choice-md":["https:\/\/www.carrefour-de-femmes.org\/app\/uploads\/2025\/09\/side-view-people-training-gym-1-scaled.jpg",400,267,false],"gform-image-choice-lg":["https:\/\/www.carrefour-de-femmes.org\/app\/uploads\/2025\/09\/side-view-people-training-gym-1-scaled.jpg",600,400,false]},"uagb_author_info":{"display_name":"Sheryll Presna","author_link":"https:\/\/www.carrefour-de-femmes.org\/es\/actualites\/author\/"},"uagb_comment_info":0,"uagb_excerpt":"Ayez les bons r\u00e9flexes ! Venez vous initier \u00e0 des techniques de self-defense gr\u00e2ce \u00e0 Angad Taekwondo Academie, \u00e9cole de taekwondo creilloise.","_links":{"self":[{"href":"https:\/\/www.carrefour-de-femmes.org\/es\/wp-json\/wp\/v2\/event\/1526","targetHints":{"allow":["GET"]}}],"collection":[{"href":"https:\/\/www.carrefour-de-femmes.org\/es\/wp-json\/wp\/v2\/event"}],"about":[{"href":"https:\/\/www.carrefour-de-femmes.org\/es\/wp-json\/wp\/v2\/types\/event"}],"wp:featuredmedia":[{"embeddable":true,"href":"https:\/\/www.carrefour-de-femmes.org\/es\/wp-json\/wp\/v2\/media\/1528"}],"wp:attachment":[{"href":"https:\/\/www.carrefour-de-femmes.org\/es\/wp-json\/wp\/v2\/media?parent=1526"}],"wp:term":[{"taxonomy":"event-category","embeddable":true,"href":"https:\/\/www.carrefour-de-femmes.org\/es\/wp-json\/wp\/v2\/event-category?post=1526"}],"curies":[{"name":"wp","href":"https:\/\/api.w.org\/{rel}","templated":true}]}}

Introducción a la defensa personal

<p>¡Consigue los reflejos adecuados! Ven a aprender las técnicas de defensa personal de Angad Taekwondo Academie, una escuela de taekwondo con sede en Creilly.</p>



<div class="wp-block-uagb-image uagb-block-dd56597f wp-block-uagb-image--layout-default wp-block-uagb-image--effect-static wp-block-uagb-image--align-none"><figure class="wp-block-uagb-image__figure"><img decoding="async" srcset="https://www.carrefour-de-femmes.org/app/uploads/2025/09/side-view-people-training-gym-1024x683.jpg ,https://www.carrefour-de-femmes.org/app/uploads/2025/09/side-view-people-training-gym-scaled.jpg 780w, https://www.carrefour-de-femmes.org/app/uploads/2025/09/side-view-people-training-gym-scaled.jpg 360w" sizes="auto, (max-width: 480px) 150px" src="https://www.carrefour-de-femmes.org/app/uploads/2025/09/side-view-people-training-gym-1024x683.jpg" alt="" class="uag-image-1527" width="423" height="282" title="vista lateral-gente-entrenamiento-gimnasio" loading="lazy" role="img"/></figure></div>

<p>¡Consigue los reflejos adecuados! Ven a aprender las técnicas de defensa personal de Angad Taekwondo Academie, una escuela de taekwondo con sede en Creilly.</p>

Ayez les bons réflexes ! Venez vous initier à des techniques de self-defense grâce à Angad Taekwondo Academie, école de taekwondo creilloise.
