{"id":1496,"date":"2025-08-01T13:42:34","date_gmt":"2025-08-01T12:42:34","guid":{"rendered":"https:\/\/www.carrefour-de-femmes.org\/?post_type=event&#038;p=1496"},"modified":"2025-08-01T13:42:35","modified_gmt":"2025-08-01T12:42:35","slug":"colocacion-permanente","status":"publish","type":"event","link":"https:\/\/www.carrefour-de-femmes.org\/es\/evenements\/permanence-insertion-professionnelle\/","title":{"rendered":"Servicio de colocaci\u00f3n"},"content":{"rendered":"<p>Desde la elaboraci\u00f3n de un proyecto hasta la b\u00fasqueda de empleo, el acompa\u00f1amiento individualizado para la inserci\u00f3n laboral le ayuda gratuitamente en todos los pasos que debe dar.<\/p>\n\n\n\n<p><strong>Por el<\/strong> <strong>CIDFF<\/strong>Centre d'Information sur le Droits des Femmes et des Familles (Centro de Informaci\u00f3n sobre los Derechos de la Mujer y la Familia)<\/p>\n\n\n\n<figure class=\"wp-block-image size-full is-resized\"><img loading=\"lazy\" decoding=\"async\" width=\"779\" height=\"523\" src=\"https:\/\/www.carrefour-de-femmes.org\/app\/uploads\/2025\/03\/Logo-CIDFF-60.jpg\" alt=\"\" class=\"wp-image-1265\" style=\"width:268px;height:auto\" srcset=\"https:\/\/www.carrefour-de-femmes.org\/app\/uploads\/2025\/03\/Logo-CIDFF-60.jpg 779w, https:\/\/www.carrefour-de-femmes.org\/app\/uploads\/2025\/03\/Logo-CIDFF-60-300x201.jpg 300w, https:\/\/www.carrefour-de-femmes.org\/app\/uploads\/2025\/03\/Logo-CIDFF-60-768x516.jpg 768w, https:\/\/www.carrefour-de-femmes.org\/app\/uploads\/2025\/03\/Logo-CIDFF-60-18x12.jpg 18w\" sizes=\"auto, (max-width: 779px) 100vw, 779px\" \/><\/figure>","protected":false},"excerpt":{"rendered":"<p>De l\u2019\u00e9laboration du projet \u00e0 la recherche d\u2019emploi, l\u2019accompagnement individualis\u00e9 vers l\u2019emploi vous aide dans toutes vos d\u00e9marches gratuitement Par le CIDFF, Centre d\u2019Information sur le Droits des Femmes et des Familles<\/p>","protected":false},"featured_media":1265,"template":"","meta":{"_acf_changed":true,"_uag_custom_page_level_css":""},"event-category":[],"class_list":["post-1496","event","type-event","status-publish","has-post-thumbnail","hentry"],"acf":[],"uagb_featured_image_src":{"full":["https:\/\/www.carrefour-de-femmes.org\/app\/uploads\/2025\/03\/Logo-CIDFF-60.jpg",779,523,false],"thumbnail":["https:\/\/www.carrefour-de-femmes.org\/app\/uploads\/2025\/03\/Logo-CIDFF-60-150x150.jpg",150,150,true],"medium":["https:\/\/www.carrefour-de-femmes.org\/app\/uploads\/2025\/03\/Logo-CIDFF-60-300x201.jpg",300,201,true],"medium_large":["https:\/\/www.carrefour-de-femmes.org\/app\/uploads\/2025\/03\/Logo-CIDFF-60-768x516.jpg",768,516,true],"large":["https:\/\/www.carrefour-de-femmes.org\/app\/uploads\/2025\/03\/Logo-CIDFF-60.jpg",779,523,false],"1536x1536":["https:\/\/www.carrefour-de-femmes.org\/app\/uploads\/2025\/03\/Logo-CIDFF-60.jpg",779,523,false],"2048x2048":["https:\/\/www.carrefour-de-femmes.org\/app\/uploads\/2025\/03\/Logo-CIDFF-60.jpg",779,523,false],"trp-custom-language-flag":["https:\/\/www.carrefour-de-femmes.org\/app\/uploads\/2025\/03\/Logo-CIDFF-60-18x12.jpg",18,12,true],"gform-image-choice-sm":["https:\/\/www.carrefour-de-femmes.org\/app\/uploads\/2025\/03\/Logo-CIDFF-60.jpg",300,201,false],"gform-image-choice-md":["https:\/\/www.carrefour-de-femmes.org\/app\/uploads\/2025\/03\/Logo-CIDFF-60.jpg",400,269,false],"gform-image-choice-lg":["https:\/\/www.carrefour-de-femmes.org\/app\/uploads\/2025\/03\/Logo-CIDFF-60.jpg",600,403,false]},"uagb_author_info":{"display_name":"Sheryll Presna","author_link":"https:\/\/www.carrefour-de-femmes.org\/es\/actualites\/author\/"},"uagb_comment_info":0,"uagb_excerpt":"De l\u2019\u00e9laboration du projet \u00e0 la recherche d\u2019emploi, l\u2019accompagnement individualis\u00e9 vers l\u2019emploi vous aide dans toutes vos d\u00e9marches gratuitement Par le CIDFF, Centre d\u2019Information sur le Droits des Femmes et des Familles","_links":{"self":[{"href":"https:\/\/www.carrefour-de-femmes.org\/es\/wp-json\/wp\/v2\/event\/1496","targetHints":{"allow":["GET"]}}],"collection":[{"href":"https:\/\/www.carrefour-de-femmes.org\/es\/wp-json\/wp\/v2\/event"}],"about":[{"href":"https:\/\/www.carrefour-de-femmes.org\/es\/wp-json\/wp\/v2\/types\/event"}],"wp:featuredmedia":[{"embeddable":true,"href":"https:\/\/www.carrefour-de-femmes.org\/es\/wp-json\/wp\/v2\/media\/1265"}],"wp:attachment":[{"href":"https:\/\/www.carrefour-de-femmes.org\/es\/wp-json\/wp\/v2\/media?parent=1496"}],"wp:term":[{"taxonomy":"event-category","embeddable":true,"href":"https:\/\/www.carrefour-de-femmes.org\/es\/wp-json\/wp\/v2\/event-category?post=1496"}],"curies":[{"name":"wp","href":"https:\/\/api.w.org\/{rel}","templated":true}]}}

Servicio de colocación

<p>Desde la elaboración de un proyecto hasta la búsqueda de empleo, el acompañamiento individualizado para la inserción laboral le ayuda gratuitamente en todos los pasos que debe dar.</p>



<p><strong>Por el</strong> <strong>CIDFF</strong>Centre d'Information sur le Droits des Femmes et des Familles (Centro de Información sobre los Derechos de la Mujer y la Familia)</p>



<figure class="wp-block-image size-full is-resized"><img loading="lazy" decoding="async" width="779" height="523" src="https://www.carrefour-de-femmes.org/app/uploads/2025/03/Logo-CIDFF-60.jpg" alt="" class="wp-image-1265" style="width:268px;height:auto" srcset="https://www.carrefour-de-femmes.org/app/uploads/2025/03/Logo-CIDFF-60.jpg 779w, https://www.carrefour-de-femmes.org/app/uploads/2025/03/Logo-CIDFF-60-300x201.jpg 300w, https://www.carrefour-de-femmes.org/app/uploads/2025/03/Logo-CIDFF-60-768x516.jpg 768w, https://www.carrefour-de-femmes.org/app/uploads/2025/03/Logo-CIDFF-60-18x12.jpg 18w" sizes="auto, (max-width: 779px) 100vw, 779px" /></figure>

<p>De l’élaboration du projet à la recherche d’emploi, l’accompagnement individualisé vers l’emploi vous aide dans toutes vos démarches gratuitement Par le CIDFF, Centre d’Information sur le Droits des Femmes et des Familles</p>

De l’élaboration du projet à la recherche d’emploi, l’accompagnement individualisé vers l’emploi vous aide dans toutes vos démarches gratuitement Par le CIDFF, Centre d’Information sur le Droits des Femmes et des Familles
