{"id":1421,"date":"2025-07-01T08:19:06","date_gmt":"2025-07-01T07:19:06","guid":{"rendered":"https:\/\/www.carrefour-de-femmes.org\/?post_type=event&#038;p=1421"},"modified":"2025-07-01T08:21:52","modified_gmt":"2025-07-01T07:21:52","slug":"creil-cest-lete-juegos-y-talleres-creativos-2","status":"publish","type":"event","link":"https:\/\/www.carrefour-de-femmes.org\/es\/evenements\/creil-cest-lete-jeux-et-ateliers-creatifs-2\/","title":{"rendered":"\u00a1Creil es verano! Juegos y talleres creativos"},"content":{"rendered":"<p>\u00a1Venga a divertirse este verano con \"Creil, c'est l'\u00e9t\u00e9!<\/p>\n\n\n\n<p>\u00a1En el programa del d\u00eda! Podr\u00e1s hacer un grigri de bolsa con un silbato, jugar a juegos sobre la igualdad de g\u00e9nero, disfrutar de un bar de purpurina, aprender sobre el consentimiento \u00a1y mucho m\u00e1s!<\/p>\n\n\n\n<p>\u00a1Nos vemos en el barrio de Cav\u00e9es de Creil!<\/p>\n\n\n\n<p>M\u00e1s informaci\u00f3n en &gt;&nbsp;<a href=\"https:\/\/www.creil.fr\/agenda\/creil-ete-2025\">https:\/\/www.creil.fr\/agenda\/creil-ete-2025<\/a><\/p>\n\n\n\n<div class=\"wp-block-uagb-image uagb-block-bc0766c4 wp-block-uagb-image--layout-default wp-block-uagb-image--effect-static wp-block-uagb-image--align-none\"><figure class=\"wp-block-uagb-image__figure\"><img decoding=\"async\" srcset=\"https:\/\/www.carrefour-de-femmes.org\/app\/uploads\/2025\/07\/creil-cest-lete-1.png ,https:\/\/www.carrefour-de-femmes.org\/app\/uploads\/2025\/07\/creil-cest-lete-1.png 780w, https:\/\/www.carrefour-de-femmes.org\/app\/uploads\/2025\/07\/creil-cest-lete-1.png 360w\" sizes=\"auto, (max-width: 480px) 150px\" src=\"https:\/\/www.carrefour-de-femmes.org\/app\/uploads\/2025\/07\/creil-cest-lete-1.png\" alt=\"\" class=\"uag-image-1411\" width=\"382\" height=\"378\" title=\"creil c&#039;est l&#039;\u00e9t\u00e9\" loading=\"lazy\" role=\"img\"\/><\/figure><\/div>","protected":false},"excerpt":{"rendered":"<p>Viens t\u2019\u00e9clater cet \u00e9t\u00e9 avec \u00ab&nbsp;Creil, c\u2019est l\u2019\u00e9t\u00e9 !&nbsp;\u00bb Au programme pour cette journ\u00e9e ! Profites de fabrication de grigri de sac avec sifflet d\u2019alerte, de jeux sur l\u2019\u00e9galit\u00e9 F\/H, d\u2019un bar \u00e0 paillettes, d\u2019une sensibilisation autour du consentement et plein d\u2019autre chose ! Rendez-vous au quartier Cav\u00e9es \u00e0 Creil ! Plus d\u2019infos sur &gt;&nbsp;https:\/\/www.creil.fr\/agenda\/creil-ete-2025<\/p>","protected":false},"featured_media":1410,"template":"","meta":{"_acf_changed":true,"_uag_custom_page_level_css":""},"event-category":[],"class_list":["post-1421","event","type-event","status-publish","has-post-thumbnail","hentry"],"acf":[],"uagb_featured_image_src":{"full":["https:\/\/www.carrefour-de-femmes.org\/app\/uploads\/2025\/07\/creil-cest-lete.png",382,378,false],"thumbnail":["https:\/\/www.carrefour-de-femmes.org\/app\/uploads\/2025\/07\/creil-cest-lete-150x150.png",150,150,true],"medium":["https:\/\/www.carrefour-de-femmes.org\/app\/uploads\/2025\/07\/creil-cest-lete-300x297.png",300,297,true],"medium_large":["https:\/\/www.carrefour-de-femmes.org\/app\/uploads\/2025\/07\/creil-cest-lete.png",382,378,false],"large":["https:\/\/www.carrefour-de-femmes.org\/app\/uploads\/2025\/07\/creil-cest-lete.png",382,378,false],"1536x1536":["https:\/\/www.carrefour-de-femmes.org\/app\/uploads\/2025\/07\/creil-cest-lete.png",382,378,false],"2048x2048":["https:\/\/www.carrefour-de-femmes.org\/app\/uploads\/2025\/07\/creil-cest-lete.png",382,378,false],"trp-custom-language-flag":["https:\/\/www.carrefour-de-femmes.org\/app\/uploads\/2025\/07\/creil-cest-lete-12x12.png",12,12,true],"gform-image-choice-sm":["https:\/\/www.carrefour-de-femmes.org\/app\/uploads\/2025\/07\/creil-cest-lete.png",300,297,false],"gform-image-choice-md":["https:\/\/www.carrefour-de-femmes.org\/app\/uploads\/2025\/07\/creil-cest-lete.png",382,378,false],"gform-image-choice-lg":["https:\/\/www.carrefour-de-femmes.org\/app\/uploads\/2025\/07\/creil-cest-lete.png",382,378,false]},"uagb_author_info":{"display_name":"Sheryll Presna","author_link":"https:\/\/www.carrefour-de-femmes.org\/es\/actualites\/author\/"},"uagb_comment_info":0,"uagb_excerpt":"Viens t\u2019\u00e9clater cet \u00e9t\u00e9 avec \u00ab&nbsp;Creil, c\u2019est l\u2019\u00e9t\u00e9 !&nbsp;\u00bb Au programme pour cette journ\u00e9e ! Profites de fabrication de grigri de sac avec sifflet d\u2019alerte, de jeux sur l\u2019\u00e9galit\u00e9 F\/H, d\u2019un bar \u00e0 paillettes, d\u2019une sensibilisation autour du consentement et plein d\u2019autre chose ! Rendez-vous au quartier Cav\u00e9es \u00e0 Creil ! Plus d\u2019infos sur &gt;&nbsp;https:\/\/www.creil.fr\/agenda\/creil-ete-2025","_links":{"self":[{"href":"https:\/\/www.carrefour-de-femmes.org\/es\/wp-json\/wp\/v2\/event\/1421","targetHints":{"allow":["GET"]}}],"collection":[{"href":"https:\/\/www.carrefour-de-femmes.org\/es\/wp-json\/wp\/v2\/event"}],"about":[{"href":"https:\/\/www.carrefour-de-femmes.org\/es\/wp-json\/wp\/v2\/types\/event"}],"wp:featuredmedia":[{"embeddable":true,"href":"https:\/\/www.carrefour-de-femmes.org\/es\/wp-json\/wp\/v2\/media\/1410"}],"wp:attachment":[{"href":"https:\/\/www.carrefour-de-femmes.org\/es\/wp-json\/wp\/v2\/media?parent=1421"}],"wp:term":[{"taxonomy":"event-category","embeddable":true,"href":"https:\/\/www.carrefour-de-femmes.org\/es\/wp-json\/wp\/v2\/event-category?post=1421"}],"curies":[{"name":"wp","href":"https:\/\/api.w.org\/{rel}","templated":true}]}}

<p>¡Venga a divertirse este verano con "Creil, c'est l'été!</p>



<p>¡En el programa del día! Podrás hacer un grigri de bolsa con un silbato, jugar a juegos sobre la igualdad de género, disfrutar de un bar de purpurina, aprender sobre el consentimiento ¡y mucho más!</p>



<p>¡Nos vemos en el barrio de Cavées de Creil!</p>



<p>Más información en &gt;&nbsp;<a href="https://www.creil.fr/agenda/creil-ete-2025">https://www.creil.fr/agenda/creil-ete-2025</a></p>



<div class="wp-block-uagb-image uagb-block-bc0766c4 wp-block-uagb-image--layout-default wp-block-uagb-image--effect-static wp-block-uagb-image--align-none"><figure class="wp-block-uagb-image__figure"><img decoding="async" srcset="https://www.carrefour-de-femmes.org/app/uploads/2025/07/creil-cest-lete-1.png ,https://www.carrefour-de-femmes.org/app/uploads/2025/07/creil-cest-lete-1.png 780w, https://www.carrefour-de-femmes.org/app/uploads/2025/07/creil-cest-lete-1.png 360w" sizes="auto, (max-width: 480px) 150px" src="https://www.carrefour-de-femmes.org/app/uploads/2025/07/creil-cest-lete-1.png" alt="" class="uag-image-1411" width="382" height="378" title="creil c&#039;est l&#039;été" loading="lazy" role="img"/></figure></div>

<p>Viens t’éclater cet été avec «&nbsp;Creil, c’est l’été !&nbsp;» Au programme pour cette journée ! Profites de fabrication de grigri de sac avec sifflet d’alerte, de jeux sur l’égalité F/H, d’un bar à paillettes, d’une sensibilisation autour du consentement et plein d’autre chose ! Rendez-vous au quartier Cavées à Creil ! Plus d’infos sur &gt;&nbsp;https://www.creil.fr/agenda/creil-ete-2025</p>

Viens t’éclater cet été avec «&nbsp;Creil, c’est l’été !&nbsp;» Au programme pour cette journée ! Profites de fabrication de grigri de sac avec sifflet d’alerte, de jeux sur l’égalité F/H, d’un bar à paillettes, d’une sensibilisation autour du consentement et plein d’autre chose ! Rendez-vous au quartier Cavées à Creil ! Plus d’infos sur &gt;&nbsp;https://www.creil.fr/agenda/creil-ete-2025
