{"id":1333,"date":"2025-05-02T14:49:58","date_gmt":"2025-05-02T13:49:58","guid":{"rendered":"https:\/\/www.carrefour-de-femmes.org\/?post_type=event&#038;p=1333"},"modified":"2025-05-02T14:50:22","modified_gmt":"2025-05-02T13:50:22","slug":"curso-de-autoconfianza","status":"publish","type":"event","link":"https:\/\/www.carrefour-de-femmes.org\/es\/evenements\/parcours-confiance-en-soi\/","title":{"rendered":"Curso \"Confianza en uno mismo"},"content":{"rendered":"<p>El curso \u00abConfianza en s\u00ed misma\u00bb es una iniciativa del CIDFF de Oise dirigida a mujeres v\u00edctimas de violencia dom\u00e9stica, para ayudarlas a recuperar su autoestima conectando con su cuerpo y sus emociones.<\/p>\n\n\n\n<p><strong>Con reserva - AGOTADO<\/strong><\/p>\n\n\n\n<div class=\"wp-block-uagb-image uagb-block-01e21777 wp-block-uagb-image--layout-default wp-block-uagb-image--effect-static wp-block-uagb-image--align-none\"><figure class=\"wp-block-uagb-image__figure\"><img decoding=\"async\" srcset=\"https:\/\/www.carrefour-de-femmes.org\/app\/uploads\/2025\/03\/visage-CDF-002-e1741789568615-1024x910.png ,https:\/\/www.carrefour-de-femmes.org\/app\/uploads\/2025\/03\/visage-CDF-002-e1741789568615.png 780w, https:\/\/www.carrefour-de-femmes.org\/app\/uploads\/2025\/03\/visage-CDF-002-e1741789568615.png 360w\" sizes=\"auto, (max-width: 480px) 150px\" src=\"https:\/\/www.carrefour-de-femmes.org\/app\/uploads\/2025\/03\/visage-CDF-002-e1741789568615-1024x910.png\" alt=\"\" class=\"uag-image-1286\" width=\"204\" height=\"180\" title=\"Cara CDF (002)\" loading=\"lazy\" role=\"img\"\/><\/figure><\/div>","protected":false},"excerpt":{"rendered":"<p>La parcours \u00ab\u00a0Confiance en soi\u00a0\u00bb est une initiative du CIDFF de l&rsquo;Oise \u00e0 destination des femmes victimes de violences conjugales afin de leur permettre de retrouver une estime d&rsquo;elle m\u00eame en se connectant \u00e0 leur corps et leurs \u00e9motions Sur r\u00e9servation &#8211; COMPLET<\/p>","protected":false},"featured_media":622,"template":"","meta":{"_acf_changed":true,"_uag_custom_page_level_css":""},"event-category":[],"class_list":["post-1333","event","type-event","status-publish","has-post-thumbnail","hentry"],"acf":[],"uagb_featured_image_src":{"full":["https:\/\/www.carrefour-de-femmes.org\/app\/uploads\/2025\/02\/default_thumbnail.jpg",384,269,false],"thumbnail":["https:\/\/www.carrefour-de-femmes.org\/app\/uploads\/2025\/02\/default_thumbnail-150x150.jpg",150,150,true],"medium":["https:\/\/www.carrefour-de-femmes.org\/app\/uploads\/2025\/02\/default_thumbnail-300x210.jpg",300,210,true],"medium_large":["https:\/\/www.carrefour-de-femmes.org\/app\/uploads\/2025\/02\/default_thumbnail.jpg",384,269,false],"large":["https:\/\/www.carrefour-de-femmes.org\/app\/uploads\/2025\/02\/default_thumbnail.jpg",384,269,false],"1536x1536":["https:\/\/www.carrefour-de-femmes.org\/app\/uploads\/2025\/02\/default_thumbnail.jpg",384,269,false],"2048x2048":["https:\/\/www.carrefour-de-femmes.org\/app\/uploads\/2025\/02\/default_thumbnail.jpg",384,269,false],"trp-custom-language-flag":["https:\/\/www.carrefour-de-femmes.org\/app\/uploads\/2025\/02\/default_thumbnail-18x12.jpg",18,12,true],"gform-image-choice-sm":["https:\/\/www.carrefour-de-femmes.org\/app\/uploads\/2025\/02\/default_thumbnail.jpg",300,210,false],"gform-image-choice-md":["https:\/\/www.carrefour-de-femmes.org\/app\/uploads\/2025\/02\/default_thumbnail.jpg",384,269,false],"gform-image-choice-lg":["https:\/\/www.carrefour-de-femmes.org\/app\/uploads\/2025\/02\/default_thumbnail.jpg",384,269,false]},"uagb_author_info":{"display_name":"Sheryll Presna","author_link":"https:\/\/www.carrefour-de-femmes.org\/es\/actualites\/author\/"},"uagb_comment_info":0,"uagb_excerpt":"La parcours \u00ab\u00a0Confiance en soi\u00a0\u00bb est une initiative du CIDFF de l&rsquo;Oise \u00e0 destination des femmes victimes de violences conjugales afin de leur permettre de retrouver une estime d&rsquo;elle m\u00eame en se connectant \u00e0 leur corps et leurs \u00e9motions Sur r\u00e9servation &#8211; COMPLET","_links":{"self":[{"href":"https:\/\/www.carrefour-de-femmes.org\/es\/wp-json\/wp\/v2\/event\/1333","targetHints":{"allow":["GET"]}}],"collection":[{"href":"https:\/\/www.carrefour-de-femmes.org\/es\/wp-json\/wp\/v2\/event"}],"about":[{"href":"https:\/\/www.carrefour-de-femmes.org\/es\/wp-json\/wp\/v2\/types\/event"}],"wp:featuredmedia":[{"embeddable":true,"href":"https:\/\/www.carrefour-de-femmes.org\/es\/wp-json\/wp\/v2\/media\/622"}],"wp:attachment":[{"href":"https:\/\/www.carrefour-de-femmes.org\/es\/wp-json\/wp\/v2\/media?parent=1333"}],"wp:term":[{"taxonomy":"event-category","embeddable":true,"href":"https:\/\/www.carrefour-de-femmes.org\/es\/wp-json\/wp\/v2\/event-category?post=1333"}],"curies":[{"name":"wp","href":"https:\/\/api.w.org\/{rel}","templated":true}]}}

<p>El curso «Confianza en sí misma» es una iniciativa del CIDFF de Oise dirigida a mujeres víctimas de violencia doméstica, para ayudarlas a recuperar su autoestima conectando con su cuerpo y sus emociones.</p>



<p><strong>Con reserva - AGOTADO</strong></p>



<div class="wp-block-uagb-image uagb-block-01e21777 wp-block-uagb-image--layout-default wp-block-uagb-image--effect-static wp-block-uagb-image--align-none"><figure class="wp-block-uagb-image__figure"><img decoding="async" srcset="https://www.carrefour-de-femmes.org/app/uploads/2025/03/visage-CDF-002-e1741789568615-1024x910.png ,https://www.carrefour-de-femmes.org/app/uploads/2025/03/visage-CDF-002-e1741789568615.png 780w, https://www.carrefour-de-femmes.org/app/uploads/2025/03/visage-CDF-002-e1741789568615.png 360w" sizes="auto, (max-width: 480px) 150px" src="https://www.carrefour-de-femmes.org/app/uploads/2025/03/visage-CDF-002-e1741789568615-1024x910.png" alt="" class="uag-image-1286" width="204" height="180" title="Cara CDF (002)" loading="lazy" role="img"/></figure></div>

<p>La parcours « Confiance en soi » est une initiative du CIDFF de l&rsquo;Oise à destination des femmes victimes de violences conjugales afin de leur permettre de retrouver une estime d&rsquo;elle même en se connectant à leur corps et leurs émotions Sur réservation &#8211; COMPLET</p>

La parcours « Confiance en soi » est une initiative du CIDFF de l&rsquo;Oise à destination des femmes victimes de violences conjugales afin de leur permettre de retrouver une estime d&rsquo;elle même en se connectant à leur corps et leurs émotions Sur réservation &#8211; COMPLET
