{"id":36,"date":"2025-02-07T09:15:18","date_gmt":"2025-02-07T08:15:18","guid":{"rendered":"https:\/\/www.carrefour-de-femmes.org\/?page_id=36"},"modified":"2025-03-07T16:56:52","modified_gmt":"2025-03-07T15:56:52","slug":"support-us","status":"publish","type":"page","link":"https:\/\/www.carrefour-de-femmes.org\/en\/agir-avec-nous\/nous-soutenir\/","title":{"rendered":"Support us"},"content":{"rendered":"<p><strong>Become a corporate sponsor of Carrefour de femmes!<\/strong><\/p>\n\n\n        <h2 style=\"color: #d98c82;\"  class=\"mw-typography mw-typography__size--display-md mw-typography__weight--extra-bold mw-typography__color--#d98c82 mw-typography__family--body\">\n                As a patron of the arts, you...\n                                                        <\/h2>\n        \n\n\n<ul class=\"wp-block-list\">\n<li>Promote your commitment to gender equality and the fight against all forms of violence against women,<\/li>\n<\/ul>\n\n\n\n<ul class=\"wp-block-list\">\n<li>Unite your team around a unique, community-based project,<\/li>\n<\/ul>\n\n\n\n<ul class=\"wp-block-list\">\n<li>Become part of a network of players committed to developing a partnership approach<\/li>\n<\/ul>\n\n\n\n<p>And especially you,<\/p>\n\n\n\n<ul class=\"wp-block-list\">\n<li><strong>Support women, especially young women, in their initiatives and their professional careers!<\/strong><\/li>\n<\/ul>\n\n\n        <h2 style=\"color: #d98c82;\"  class=\"mw-typography mw-typography__size--display-md mw-typography__weight--extra-bold mw-typography__color--#d98c82 mw-typography__family--body\">\n                How can you support Carrefour de Femmes and its partner associations?\n                                                        <\/h2>\n        \n\n\n<p class=\"has-white-color has-text-color has-background has-link-color wp-elements-31f1a380154923464e16c8dae650d79b\" style=\"background:linear-gradient(135deg,rgb(217,140,130) 0%,rgb(217,140,130) 100%)\"><strong>Financial sponsorship :<\/strong> support Carrefour de femmes with an annual or multi-year donation to support the Carrefour de femmes project and the roll-out of its action programme<\/p>\n\n\n\n<p class=\"has-white-color has-text-color has-background has-link-color wp-elements-518393e3a56cb1feb5092db0999a4a36\" style=\"background:linear-gradient(135deg,rgb(219,146,86) 0%,rgb(219,146,86) 100%)\"><strong>Material sponsorship :<\/strong> support Carrefour de femmes with a donation of equipment - furniture, computers, hygiene kits, etc.<\/p>\n\n\n\n<p class=\"has-background\" style=\"background:linear-gradient(135deg,rgb(229,209,218) 0%,rgb(229,209,218) 100%)\"><strong>Skills sponsorship \/ internal mobilisation :<\/strong> Make your expertise (in communications, IT, web management, etc.) and the talents of your employees available to Carrefour de femmes for our one-off events (fundraising, workshops, mentoring, company visits, etc.)!<\/p>\n\n\n\n<blockquote class=\"wp-block-quote is-layout-flow wp-block-quote-is-layout-flow\">\n<p>Carrefour de femmes is a scheme run by the Agglom\u00e9ration Creil Sud Oise. As a company, you can deduct 60% from the amount of your donation, capped at \u20ac20,000 or 5 \u2030 of the company's annual turnover excluding tax, if your donation is allocated to the Carrefour de femmes project.<\/p>\n<\/blockquote>","protected":false},"excerpt":{"rendered":"<p>Entreprise, devenez m\u00e9c\u00e8ne de Carrefour de femmes\u00a0! Et surtout vous, M\u00e9c\u00e9nat financier&nbsp;: soutenez Carrefour de femmes par un don annuel ou pluriannuel pour soutenir le projet Carrefour de femmes et le d\u00e9ploiement de son programme d\u2019actions M\u00e9c\u00e9nat&nbsp;mat\u00e9riel&nbsp;: soutenez Carrefour de femmes par un don de mat\u00e9riel \u2013 mobilier, informatique, kit de protection hygi\u00e9nique\u2026 M\u00e9c\u00e9nat de [&hellip;]<\/p>\n","protected":false},"author":1,"featured_media":993,"parent":22,"menu_order":9,"comment_status":"closed","ping_status":"closed","template":"","meta":{"_acf_changed":false,"_uag_custom_page_level_css":"","footnotes":""},"class_list":["post-36","page","type-page","status-publish","has-post-thumbnail","hentry"],"acf":[],"uagb_featured_image_src":{"full":["https:\/\/www.carrefour-de-femmes.org\/app\/uploads\/2025\/03\/shutterstock_1938101404-scaled.jpg",2560,1708,false],"thumbnail":["https:\/\/www.carrefour-de-femmes.org\/app\/uploads\/2025\/03\/shutterstock_1938101404-150x150.jpg",150,150,true],"medium":["https:\/\/www.carrefour-de-femmes.org\/app\/uploads\/2025\/03\/shutterstock_1938101404-300x200.jpg",300,200,true],"medium_large":["https:\/\/www.carrefour-de-femmes.org\/app\/uploads\/2025\/03\/shutterstock_1938101404-768x512.jpg",768,512,true],"large":["https:\/\/www.carrefour-de-femmes.org\/app\/uploads\/2025\/03\/shutterstock_1938101404-1024x683.jpg",1024,683,true],"1536x1536":["https:\/\/www.carrefour-de-femmes.org\/app\/uploads\/2025\/03\/shutterstock_1938101404-1536x1025.jpg",1536,1025,true],"2048x2048":["https:\/\/www.carrefour-de-femmes.org\/app\/uploads\/2025\/03\/shutterstock_1938101404-2048x1366.jpg",2048,1366,true],"trp-custom-language-flag":["https:\/\/www.carrefour-de-femmes.org\/app\/uploads\/2025\/03\/shutterstock_1938101404-18x12.jpg",18,12,true],"gform-image-choice-sm":["https:\/\/www.carrefour-de-femmes.org\/app\/uploads\/2025\/03\/shutterstock_1938101404-scaled.jpg",300,200,false],"gform-image-choice-md":["https:\/\/www.carrefour-de-femmes.org\/app\/uploads\/2025\/03\/shutterstock_1938101404-scaled.jpg",400,267,false],"gform-image-choice-lg":["https:\/\/www.carrefour-de-femmes.org\/app\/uploads\/2025\/03\/shutterstock_1938101404-scaled.jpg",600,400,false]},"uagb_author_info":{"display_name":"mentalworks","author_link":"https:\/\/www.carrefour-de-femmes.org\/en\/actualites\/author\/mentalworks\/"},"uagb_comment_info":0,"uagb_excerpt":"Entreprise, devenez m\u00e9c\u00e8ne de Carrefour de femmes\u00a0! Et surtout vous, M\u00e9c\u00e9nat financier&nbsp;: soutenez Carrefour de femmes par un don annuel ou pluriannuel pour soutenir le projet Carrefour de femmes et le d\u00e9ploiement de son programme d\u2019actions M\u00e9c\u00e9nat&nbsp;mat\u00e9riel&nbsp;: soutenez Carrefour de femmes par un don de mat\u00e9riel \u2013 mobilier, informatique, kit de protection hygi\u00e9nique\u2026 M\u00e9c\u00e9nat de&hellip;","_links":{"self":[{"href":"https:\/\/www.carrefour-de-femmes.org\/en\/wp-json\/wp\/v2\/pages\/36","targetHints":{"allow":["GET"]}}],"collection":[{"href":"https:\/\/www.carrefour-de-femmes.org\/en\/wp-json\/wp\/v2\/pages"}],"about":[{"href":"https:\/\/www.carrefour-de-femmes.org\/en\/wp-json\/wp\/v2\/types\/page"}],"author":[{"embeddable":true,"href":"https:\/\/www.carrefour-de-femmes.org\/en\/wp-json\/wp\/v2\/users\/1"}],"replies":[{"embeddable":true,"href":"https:\/\/www.carrefour-de-femmes.org\/en\/wp-json\/wp\/v2\/comments?post=36"}],"version-history":[{"count":9,"href":"https:\/\/www.carrefour-de-femmes.org\/en\/wp-json\/wp\/v2\/pages\/36\/revisions"}],"predecessor-version":[{"id":992,"href":"https:\/\/www.carrefour-de-femmes.org\/en\/wp-json\/wp\/v2\/pages\/36\/revisions\/992"}],"up":[{"embeddable":true,"href":"https:\/\/www.carrefour-de-femmes.org\/en\/wp-json\/wp\/v2\/pages\/22"}],"wp:featuredmedia":[{"embeddable":true,"href":"https:\/\/www.carrefour-de-femmes.org\/en\/wp-json\/wp\/v2\/media\/993"}],"wp:attachment":[{"href":"https:\/\/www.carrefour-de-femmes.org\/en\/wp-json\/wp\/v2\/media?parent=36"}],"curies":[{"name":"wp","href":"https:\/\/api.w.org\/{rel}","templated":true}]}}

<p><strong>Become a corporate sponsor of Carrefour de femmes!</strong></p>


        <h2 style="color: #d98c82;"  class="mw-typography mw-typography__size--display-md mw-typography__weight--extra-bold mw-typography__color--#d98c82 mw-typography__family--body">
                As a patron of the arts, you...
                                                        </h2>
        


<ul class="wp-block-list">
<li>Promote your commitment to gender equality and the fight against all forms of violence against women,</li>
</ul>



<ul class="wp-block-list">
<li>Unite your team around a unique, community-based project,</li>
</ul>



<ul class="wp-block-list">
<li>Become part of a network of players committed to developing a partnership approach</li>
</ul>



<p>And especially you,</p>



<ul class="wp-block-list">
<li><strong>Support women, especially young women, in their initiatives and their professional careers!</strong></li>
</ul>


        <h2 style="color: #d98c82;"  class="mw-typography mw-typography__size--display-md mw-typography__weight--extra-bold mw-typography__color--#d98c82 mw-typography__family--body">
                How can you support Carrefour de Femmes and its partner associations?
                                                        </h2>
        


<p class="has-white-color has-text-color has-background has-link-color wp-elements-31f1a380154923464e16c8dae650d79b" style="background:linear-gradient(135deg,rgb(217,140,130) 0%,rgb(217,140,130) 100%)"><strong>Financial sponsorship :</strong> support Carrefour de femmes with an annual or multi-year donation to support the Carrefour de femmes project and the roll-out of its action programme</p>



<p class="has-white-color has-text-color has-background has-link-color wp-elements-518393e3a56cb1feb5092db0999a4a36" style="background:linear-gradient(135deg,rgb(219,146,86) 0%,rgb(219,146,86) 100%)"><strong>Material sponsorship :</strong> support Carrefour de femmes with a donation of equipment - furniture, computers, hygiene kits, etc.</p>



<p class="has-background" style="background:linear-gradient(135deg,rgb(229,209,218) 0%,rgb(229,209,218) 100%)"><strong>Skills sponsorship / internal mobilisation :</strong> Make your expertise (in communications, IT, web management, etc.) and the talents of your employees available to Carrefour de femmes for our one-off events (fundraising, workshops, mentoring, company visits, etc.)!</p>



<blockquote class="wp-block-quote is-layout-flow wp-block-quote-is-layout-flow">
<p>Carrefour de femmes is a scheme run by the Agglomération Creil Sud Oise. As a company, you can deduct 60% from the amount of your donation, capped at €20,000 or 5 ‰ of the company's annual turnover excluding tax, if your donation is allocated to the Carrefour de femmes project.</p>
</blockquote>

<p>Entreprise, devenez mécène de Carrefour de femmes ! Et surtout vous, Mécénat financier&nbsp;: soutenez Carrefour de femmes par un don annuel ou pluriannuel pour soutenir le projet Carrefour de femmes et le déploiement de son programme d’actions Mécénat&nbsp;matériel&nbsp;: soutenez Carrefour de femmes par un don de matériel – mobilier, informatique, kit de protection hygiénique… Mécénat de [&hellip;]</p>

Entreprise, devenez mécène de Carrefour de femmes ! Et surtout vous, Mécénat financier&nbsp;: soutenez Carrefour de femmes par un don annuel ou pluriannuel pour soutenir le projet Carrefour de femmes et le déploiement de son programme d’actions Mécénat&nbsp;matériel&nbsp;: soutenez Carrefour de femmes par un don de matériel – mobilier, informatique, kit de protection hygiénique… Mécénat de&hellip;
