{"id":34,"date":"2025-02-07T09:14:28","date_gmt":"2025-02-07T08:14:28","guid":{"rendered":"https:\/\/www.carrefour-de-femmes.org\/?page_id=34"},"modified":"2025-03-06T15:39:41","modified_gmt":"2025-03-06T14:39:41","slug":"lobservatory-on-domestic-violence-and-violence-against-women","status":"publish","type":"page","link":"https:\/\/www.carrefour-de-femmes.org\/en\/je-minforme\/lobservatoire-des-violences-intrafamiliales-et-faites-aux-femmes\/","title":{"rendered":"Observatory on violence against women"},"content":{"rendered":"<h2 style=\"color: #d98c82;\"  class=\"mw-typography mw-typography__size--display-md mw-typography__weight--extra-bold mw-typography__color--#d98c82 mw-typography__family--body\">\n                Launch in 2025...\n                                                        <\/h2>\n        \n\n\n<blockquote class=\"wp-block-quote is-layout-flow wp-block-quote-is-layout-flow\">\n<p>A territorial Observatory on violence against women is a <strong>A structure for collaboration between local authority services, local government services and all those working with women who are victims of violence, including professionals and associations. <\/strong><\/p>\n<\/blockquote>\n\n\n\n<blockquote class=\"wp-block-quote is-layout-flow wp-block-quote-is-layout-flow\">\n<p>The Creil Sud Oise conurbation will be launching its observatory this year.<\/p>\n\n\n\n<p>Its creation is based on a strong political will on the part of the local authority and its institutional and association partners. The main objective of the Observatoire territorial des violences faites aux femmes is to <strong>monitor the situation and innovate in order to propose concrete, collaborative responses at local level.<\/strong><\/p>\n<\/blockquote>\n\n\n\n<blockquote class=\"wp-block-quote is-layout-flow wp-block-quote-is-layout-flow\"><\/blockquote>\n\n\n\n<p><\/p>","protected":false},"excerpt":{"rendered":"<p>Un Observatoire territorial des violences faites aux femmes est une structure de collaboration entre les services des collectivit\u00e9s locales, les services de l&rsquo;\u00c9tat pr\u00e9sents sur les territoires, ainsi que l&rsquo;ensemble des acteur.rice.s \u0153uvrant aupr\u00e8s des femmes victimes de violences, y compris les professionnel.le.s et les associations. L&rsquo;agglom\u00e9ration Creil Sud Oise lancera cette ann\u00e9e son observatoire. [&hellip;]<\/p>\n","protected":false},"author":1,"featured_media":722,"parent":18,"menu_order":17,"comment_status":"closed","ping_status":"closed","template":"","meta":{"_acf_changed":false,"_uag_custom_page_level_css":"","footnotes":""},"class_list":["post-34","page","type-page","status-publish","has-post-thumbnail","hentry"],"acf":[],"uagb_featured_image_src":{"full":["https:\/\/www.carrefour-de-femmes.org\/app\/uploads\/2025\/03\/Observatoire.jpg",940,788,false],"thumbnail":["https:\/\/www.carrefour-de-femmes.org\/app\/uploads\/2025\/03\/Observatoire-150x150.jpg",150,150,true],"medium":["https:\/\/www.carrefour-de-femmes.org\/app\/uploads\/2025\/03\/Observatoire-300x251.jpg",300,251,true],"medium_large":["https:\/\/www.carrefour-de-femmes.org\/app\/uploads\/2025\/03\/Observatoire-768x644.jpg",768,644,true],"large":["https:\/\/www.carrefour-de-femmes.org\/app\/uploads\/2025\/03\/Observatoire.jpg",940,788,false],"1536x1536":["https:\/\/www.carrefour-de-femmes.org\/app\/uploads\/2025\/03\/Observatoire.jpg",940,788,false],"2048x2048":["https:\/\/www.carrefour-de-femmes.org\/app\/uploads\/2025\/03\/Observatoire.jpg",940,788,false],"trp-custom-language-flag":["https:\/\/www.carrefour-de-femmes.org\/app\/uploads\/2025\/03\/Observatoire-14x12.jpg",14,12,true],"gform-image-choice-sm":["https:\/\/www.carrefour-de-femmes.org\/app\/uploads\/2025\/03\/Observatoire.jpg",300,251,false],"gform-image-choice-md":["https:\/\/www.carrefour-de-femmes.org\/app\/uploads\/2025\/03\/Observatoire.jpg",400,335,false],"gform-image-choice-lg":["https:\/\/www.carrefour-de-femmes.org\/app\/uploads\/2025\/03\/Observatoire.jpg",600,503,false]},"uagb_author_info":{"display_name":"mentalworks","author_link":"https:\/\/www.carrefour-de-femmes.org\/en\/actualites\/author\/mentalworks\/"},"uagb_comment_info":0,"uagb_excerpt":"Un Observatoire territorial des violences faites aux femmes est une structure de collaboration entre les services des collectivit\u00e9s locales, les services de l&rsquo;\u00c9tat pr\u00e9sents sur les territoires, ainsi que l&rsquo;ensemble des acteur.rice.s \u0153uvrant aupr\u00e8s des femmes victimes de violences, y compris les professionnel.le.s et les associations. L&rsquo;agglom\u00e9ration Creil Sud Oise lancera cette ann\u00e9e son observatoire.&hellip;","_links":{"self":[{"href":"https:\/\/www.carrefour-de-femmes.org\/en\/wp-json\/wp\/v2\/pages\/34","targetHints":{"allow":["GET"]}}],"collection":[{"href":"https:\/\/www.carrefour-de-femmes.org\/en\/wp-json\/wp\/v2\/pages"}],"about":[{"href":"https:\/\/www.carrefour-de-femmes.org\/en\/wp-json\/wp\/v2\/types\/page"}],"author":[{"embeddable":true,"href":"https:\/\/www.carrefour-de-femmes.org\/en\/wp-json\/wp\/v2\/users\/1"}],"replies":[{"embeddable":true,"href":"https:\/\/www.carrefour-de-femmes.org\/en\/wp-json\/wp\/v2\/comments?post=34"}],"version-history":[{"count":8,"href":"https:\/\/www.carrefour-de-femmes.org\/en\/wp-json\/wp\/v2\/pages\/34\/revisions"}],"predecessor-version":[{"id":1040,"href":"https:\/\/www.carrefour-de-femmes.org\/en\/wp-json\/wp\/v2\/pages\/34\/revisions\/1040"}],"up":[{"embeddable":true,"href":"https:\/\/www.carrefour-de-femmes.org\/en\/wp-json\/wp\/v2\/pages\/18"}],"wp:featuredmedia":[{"embeddable":true,"href":"https:\/\/www.carrefour-de-femmes.org\/en\/wp-json\/wp\/v2\/media\/722"}],"wp:attachment":[{"href":"https:\/\/www.carrefour-de-femmes.org\/en\/wp-json\/wp\/v2\/media?parent=34"}],"curies":[{"name":"wp","href":"https:\/\/api.w.org\/{rel}","templated":true}]}}

<p>Un Observatoire territorial des violences faites aux femmes est une structure de collaboration entre les services des collectivités locales, les services de l&rsquo;État présents sur les territoires, ainsi que l&rsquo;ensemble des acteur.rice.s œuvrant auprès des femmes victimes de violences, y compris les professionnel.le.s et les associations. L&rsquo;agglomération Creil Sud Oise lancera cette année son observatoire. [&hellip;]</p>

Un Observatoire territorial des violences faites aux femmes est une structure de collaboration entre les services des collectivités locales, les services de l&rsquo;État présents sur les territoires, ainsi que l&rsquo;ensemble des acteur.rice.s œuvrant auprès des femmes victimes de violences, y compris les professionnel.le.s et les associations. L&rsquo;agglomération Creil Sud Oise lancera cette année son observatoire.&hellip;
