{"id":1684,"date":"2025-12-01T14:42:46","date_gmt":"2025-12-01T13:42:46","guid":{"rendered":"https:\/\/www.carrefour-de-femmes.org\/?post_type=event&#038;p=1684"},"modified":"2025-12-01T14:42:47","modified_gmt":"2025-12-01T13:42:47","slug":"a-journey-to-the-heart-of-womens-health","status":"publish","type":"event","link":"https:\/\/www.carrefour-de-femmes.org\/en\/evenements\/voyage-au-coeur-de-la-sante-des-femmes\/","title":{"rendered":"Journey to the heart of women's health"},"content":{"rendered":"<p>Enjoy a day dedicated to women's health in all its forms! Designed to meet the real needs of women, whatever their age or background!<\/p>\n\n\n\n<figure class=\"wp-block-image size-large\"><img loading=\"lazy\" decoding=\"async\" width=\"1024\" height=\"267\" src=\"https:\/\/www.carrefour-de-femmes.org\/app\/uploads\/2025\/12\/SLIDE-voyage-au-coeur-des-femmes-1024x267.jpg\" alt=\"\" class=\"wp-image-1685\" srcset=\"https:\/\/www.carrefour-de-femmes.org\/app\/uploads\/2025\/12\/SLIDE-voyage-au-coeur-des-femmes-1024x267.jpg 1024w, https:\/\/www.carrefour-de-femmes.org\/app\/uploads\/2025\/12\/SLIDE-voyage-au-coeur-des-femmes-300x78.jpg 300w, https:\/\/www.carrefour-de-femmes.org\/app\/uploads\/2025\/12\/SLIDE-voyage-au-coeur-des-femmes-768x200.jpg 768w, https:\/\/www.carrefour-de-femmes.org\/app\/uploads\/2025\/12\/SLIDE-voyage-au-coeur-des-femmes-1536x400.jpg 1536w, https:\/\/www.carrefour-de-femmes.org\/app\/uploads\/2025\/12\/SLIDE-voyage-au-coeur-des-femmes-2048x534.jpg 2048w, https:\/\/www.carrefour-de-femmes.org\/app\/uploads\/2025\/12\/SLIDE-voyage-au-coeur-des-femmes-18x5.jpg 18w\" sizes=\"auto, (max-width: 1024px) 100vw, 1024px\" \/><\/figure>","protected":false},"excerpt":{"rendered":"<p>Enjoy a day dedicated to women's health in all its forms! Designed to meet the real needs of women, whatever their age or background!<\/p>","protected":false},"featured_media":1686,"template":"","meta":{"_acf_changed":true,"_uag_custom_page_level_css":""},"event-category":[],"class_list":["post-1684","event","type-event","status-publish","has-post-thumbnail","hentry"],"acf":[],"uagb_featured_image_src":{"full":["https:\/\/www.carrefour-de-femmes.org\/app\/uploads\/2025\/12\/NL-voyage-au-coeur-des-femmes.jpg",1229,792,false],"thumbnail":["https:\/\/www.carrefour-de-femmes.org\/app\/uploads\/2025\/12\/NL-voyage-au-coeur-des-femmes-150x150.jpg",150,150,true],"medium":["https:\/\/www.carrefour-de-femmes.org\/app\/uploads\/2025\/12\/NL-voyage-au-coeur-des-femmes-300x193.jpg",300,193,true],"medium_large":["https:\/\/www.carrefour-de-femmes.org\/app\/uploads\/2025\/12\/NL-voyage-au-coeur-des-femmes-768x495.jpg",768,495,true],"large":["https:\/\/www.carrefour-de-femmes.org\/app\/uploads\/2025\/12\/NL-voyage-au-coeur-des-femmes-1024x660.jpg",1024,660,true],"1536x1536":["https:\/\/www.carrefour-de-femmes.org\/app\/uploads\/2025\/12\/NL-voyage-au-coeur-des-femmes.jpg",1229,792,false],"2048x2048":["https:\/\/www.carrefour-de-femmes.org\/app\/uploads\/2025\/12\/NL-voyage-au-coeur-des-femmes.jpg",1229,792,false],"trp-custom-language-flag":["https:\/\/www.carrefour-de-femmes.org\/app\/uploads\/2025\/12\/NL-voyage-au-coeur-des-femmes-18x12.jpg",18,12,true],"gform-image-choice-sm":["https:\/\/www.carrefour-de-femmes.org\/app\/uploads\/2025\/12\/NL-voyage-au-coeur-des-femmes.jpg",300,193,false],"gform-image-choice-md":["https:\/\/www.carrefour-de-femmes.org\/app\/uploads\/2025\/12\/NL-voyage-au-coeur-des-femmes.jpg",400,258,false],"gform-image-choice-lg":["https:\/\/www.carrefour-de-femmes.org\/app\/uploads\/2025\/12\/NL-voyage-au-coeur-des-femmes.jpg",600,387,false]},"uagb_author_info":{"display_name":"Sheryll Presna","author_link":"https:\/\/www.carrefour-de-femmes.org\/en\/actualites\/author\/"},"uagb_comment_info":0,"uagb_excerpt":"Profitez d&rsquo;une journ\u00e9e d\u00e9di\u00e9e \u00e0 la sant\u00e9 des femmes sous toutes ses formes ! Pens\u00e9e pour r\u00e9pondre aux ebsoins concrets des femmes, quel que soit leur \u00e2ge ou leur parcours !","_links":{"self":[{"href":"https:\/\/www.carrefour-de-femmes.org\/en\/wp-json\/wp\/v2\/event\/1684","targetHints":{"allow":["GET"]}}],"collection":[{"href":"https:\/\/www.carrefour-de-femmes.org\/en\/wp-json\/wp\/v2\/event"}],"about":[{"href":"https:\/\/www.carrefour-de-femmes.org\/en\/wp-json\/wp\/v2\/types\/event"}],"wp:featuredmedia":[{"embeddable":true,"href":"https:\/\/www.carrefour-de-femmes.org\/en\/wp-json\/wp\/v2\/media\/1686"}],"wp:attachment":[{"href":"https:\/\/www.carrefour-de-femmes.org\/en\/wp-json\/wp\/v2\/media?parent=1684"}],"wp:term":[{"taxonomy":"event-category","embeddable":true,"href":"https:\/\/www.carrefour-de-femmes.org\/en\/wp-json\/wp\/v2\/event-category?post=1684"}],"curies":[{"name":"wp","href":"https:\/\/api.w.org\/{rel}","templated":true}]}}

Profitez d&rsquo;une journée dédiée à la santé des femmes sous toutes ses formes ! Pensée pour répondre aux ebsoins concrets des femmes, quel que soit leur âge ou leur parcours !
