{"id":1530,"date":"2025-09-19T15:01:02","date_gmt":"2025-09-19T14:01:02","guid":{"rendered":"https:\/\/www.carrefour-de-femmes.org\/?post_type=event&#038;p=1530"},"modified":"2025-09-19T15:01:03","modified_gmt":"2025-09-19T14:01:03","slug":"introduction-to-self-defence-2","status":"publish","type":"event","link":"https:\/\/www.carrefour-de-femmes.org\/en\/evenements\/initiation-self-defense-2\/","title":{"rendered":"Introduction to self defence"},"content":{"rendered":"<p>Get the right reflexes! Come and learn self-defence techniques from Angad Taekwondo Academie, a taekwondo school based in Creilly.<\/p>\n\n\n\n<div class=\"wp-block-uagb-image uagb-block-412a096e wp-block-uagb-image--layout-default wp-block-uagb-image--effect-static wp-block-uagb-image--align-none\"><figure class=\"wp-block-uagb-image__figure\"><img decoding=\"async\" srcset=\"https:\/\/www.carrefour-de-femmes.org\/app\/uploads\/2025\/09\/side-view-people-training-gym-2-1024x683.jpg ,https:\/\/www.carrefour-de-femmes.org\/app\/uploads\/2025\/09\/side-view-people-training-gym-2-scaled.jpg 780w, https:\/\/www.carrefour-de-femmes.org\/app\/uploads\/2025\/09\/side-view-people-training-gym-2-scaled.jpg 360w\" sizes=\"auto, (max-width: 480px) 150px\" src=\"https:\/\/www.carrefour-de-femmes.org\/app\/uploads\/2025\/09\/side-view-people-training-gym-2-1024x683.jpg\" alt=\"\" class=\"uag-image-1531\" width=\"381\" height=\"254\" title=\"side-view-people-training-gym\" loading=\"lazy\" role=\"img\"\/><\/figure><\/div>","protected":false},"excerpt":{"rendered":"<p>Get the right reflexes! Come and learn self-defence techniques from Angad Taekwondo Academie, a taekwondo school based in Creilly.<\/p>","protected":false},"featured_media":1532,"template":"","meta":{"_acf_changed":true,"_uag_custom_page_level_css":""},"event-category":[],"class_list":["post-1530","event","type-event","status-publish","has-post-thumbnail","hentry"],"acf":[],"uagb_featured_image_src":{"full":["https:\/\/www.carrefour-de-femmes.org\/app\/uploads\/2025\/09\/side-view-people-training-gym-3-scaled.jpg",2560,1707,false],"thumbnail":["https:\/\/www.carrefour-de-femmes.org\/app\/uploads\/2025\/09\/side-view-people-training-gym-3-150x150.jpg",150,150,true],"medium":["https:\/\/www.carrefour-de-femmes.org\/app\/uploads\/2025\/09\/side-view-people-training-gym-3-300x200.jpg",300,200,true],"medium_large":["https:\/\/www.carrefour-de-femmes.org\/app\/uploads\/2025\/09\/side-view-people-training-gym-3-768x512.jpg",768,512,true],"large":["https:\/\/www.carrefour-de-femmes.org\/app\/uploads\/2025\/09\/side-view-people-training-gym-3-1024x683.jpg",1024,683,true],"1536x1536":["https:\/\/www.carrefour-de-femmes.org\/app\/uploads\/2025\/09\/side-view-people-training-gym-3-1536x1024.jpg",1536,1024,true],"2048x2048":["https:\/\/www.carrefour-de-femmes.org\/app\/uploads\/2025\/09\/side-view-people-training-gym-3-2048x1365.jpg",2048,1365,true],"trp-custom-language-flag":["https:\/\/www.carrefour-de-femmes.org\/app\/uploads\/2025\/09\/side-view-people-training-gym-3-18x12.jpg",18,12,true],"gform-image-choice-sm":["https:\/\/www.carrefour-de-femmes.org\/app\/uploads\/2025\/09\/side-view-people-training-gym-3-scaled.jpg",300,200,false],"gform-image-choice-md":["https:\/\/www.carrefour-de-femmes.org\/app\/uploads\/2025\/09\/side-view-people-training-gym-3-scaled.jpg",400,267,false],"gform-image-choice-lg":["https:\/\/www.carrefour-de-femmes.org\/app\/uploads\/2025\/09\/side-view-people-training-gym-3-scaled.jpg",600,400,false]},"uagb_author_info":{"display_name":"Sheryll Presna","author_link":"https:\/\/www.carrefour-de-femmes.org\/en\/actualites\/author\/"},"uagb_comment_info":0,"uagb_excerpt":"Ayez les bons r\u00e9flexes ! Venez vous initier \u00e0 des techniques de self-defense gr\u00e2ce \u00e0 Angad Taekwondo Academie, \u00e9cole de taekwondo creilloise.","_links":{"self":[{"href":"https:\/\/www.carrefour-de-femmes.org\/en\/wp-json\/wp\/v2\/event\/1530","targetHints":{"allow":["GET"]}}],"collection":[{"href":"https:\/\/www.carrefour-de-femmes.org\/en\/wp-json\/wp\/v2\/event"}],"about":[{"href":"https:\/\/www.carrefour-de-femmes.org\/en\/wp-json\/wp\/v2\/types\/event"}],"wp:featuredmedia":[{"embeddable":true,"href":"https:\/\/www.carrefour-de-femmes.org\/en\/wp-json\/wp\/v2\/media\/1532"}],"wp:attachment":[{"href":"https:\/\/www.carrefour-de-femmes.org\/en\/wp-json\/wp\/v2\/media?parent=1530"}],"wp:term":[{"taxonomy":"event-category","embeddable":true,"href":"https:\/\/www.carrefour-de-femmes.org\/en\/wp-json\/wp\/v2\/event-category?post=1530"}],"curies":[{"name":"wp","href":"https:\/\/api.w.org\/{rel}","templated":true}]}}

Ayez les bons réflexes ! Venez vous initier à des techniques de self-defense grâce à Angad Taekwondo Academie, école de taekwondo creilloise.
