{"id":1432,"date":"2025-07-01T09:00:42","date_gmt":"2025-07-01T08:00:42","guid":{"rendered":"https:\/\/www.carrefour-de-femmes.org\/?post_type=event&#038;p=1432"},"modified":"2025-07-15T09:41:12","modified_gmt":"2025-07-15T08:41:12","slug":"cidff-psychological-support","status":"publish","type":"event","link":"https:\/\/www.carrefour-de-femmes.org\/en\/evenements\/permanence-psychologique-du-cidff\/","title":{"rendered":"Psychological helpline"},"content":{"rendered":"<p>Do you have questions about personal and\/or professional matters? Do you need answers, support or just to be listened to? Come and meet and talk to the CIDFF teams! They'll answer all your questions!<\/p>\n\n\n\n<p><em><strong>Workshop offered by the CIDFF (Information Centre on Women's and Family Rights)<\/strong><\/em><\/p>\n\n\n\n<div class=\"wp-block-uagb-image uagb-block-35f2632f wp-block-uagb-image--layout-default wp-block-uagb-image--effect-static wp-block-uagb-image--align-none\"><figure class=\"wp-block-uagb-image__figure\"><img decoding=\"async\" srcset=\"https:\/\/www.carrefour-de-femmes.org\/app\/uploads\/2025\/07\/group-women-high-fiving-1024x683.jpg ,https:\/\/www.carrefour-de-femmes.org\/app\/uploads\/2025\/07\/group-women-high-fiving-scaled.jpg 780w, https:\/\/www.carrefour-de-femmes.org\/app\/uploads\/2025\/07\/group-women-high-fiving-scaled.jpg 360w\" sizes=\"auto, (max-width: 480px) 150px\" src=\"https:\/\/www.carrefour-de-femmes.org\/app\/uploads\/2025\/07\/group-women-high-fiving-1024x683.jpg\" alt=\"\" class=\"uag-image-1453\" width=\"564\" height=\"376\" title=\"group-women-high-fiving\" loading=\"lazy\" role=\"img\"\/><\/figure><\/div>","protected":false},"excerpt":{"rendered":"<p>Tu te poses des questions sur des sujets personnels et\/ou professionnels ? Tu as besoin de r\u00e9ponses, d&rsquo;\u00eatre accompagn\u00e9 ou d&rsquo;\u00eatre juste \u00e9cout\u00e9 ? Viens rencontrer et discuter avec les \u00e9quipes du CIDFF ! Elles r\u00e9pondront \u00e0 toutes tes questions ! Atelier propos\u00e9 par le CIDFF (Centre d&rsquo;Information sur les Droits des Femmes et des [&hellip;]<\/p>\n","protected":false},"featured_media":1265,"template":"","meta":{"_acf_changed":true,"_uag_custom_page_level_css":""},"event-category":[],"class_list":["post-1432","event","type-event","status-publish","has-post-thumbnail","hentry"],"acf":[],"uagb_featured_image_src":{"full":["https:\/\/www.carrefour-de-femmes.org\/app\/uploads\/2025\/03\/Logo-CIDFF-60.jpg",779,523,false],"thumbnail":["https:\/\/www.carrefour-de-femmes.org\/app\/uploads\/2025\/03\/Logo-CIDFF-60-150x150.jpg",150,150,true],"medium":["https:\/\/www.carrefour-de-femmes.org\/app\/uploads\/2025\/03\/Logo-CIDFF-60-300x201.jpg",300,201,true],"medium_large":["https:\/\/www.carrefour-de-femmes.org\/app\/uploads\/2025\/03\/Logo-CIDFF-60-768x516.jpg",768,516,true],"large":["https:\/\/www.carrefour-de-femmes.org\/app\/uploads\/2025\/03\/Logo-CIDFF-60.jpg",779,523,false],"1536x1536":["https:\/\/www.carrefour-de-femmes.org\/app\/uploads\/2025\/03\/Logo-CIDFF-60.jpg",779,523,false],"2048x2048":["https:\/\/www.carrefour-de-femmes.org\/app\/uploads\/2025\/03\/Logo-CIDFF-60.jpg",779,523,false],"trp-custom-language-flag":["https:\/\/www.carrefour-de-femmes.org\/app\/uploads\/2025\/03\/Logo-CIDFF-60-18x12.jpg",18,12,true],"gform-image-choice-sm":["https:\/\/www.carrefour-de-femmes.org\/app\/uploads\/2025\/03\/Logo-CIDFF-60.jpg",300,201,false],"gform-image-choice-md":["https:\/\/www.carrefour-de-femmes.org\/app\/uploads\/2025\/03\/Logo-CIDFF-60.jpg",400,269,false],"gform-image-choice-lg":["https:\/\/www.carrefour-de-femmes.org\/app\/uploads\/2025\/03\/Logo-CIDFF-60.jpg",600,403,false]},"uagb_author_info":{"display_name":"Sheryll Presna","author_link":"https:\/\/www.carrefour-de-femmes.org\/en\/actualites\/author\/"},"uagb_comment_info":0,"uagb_excerpt":"Tu te poses des questions sur des sujets personnels et\/ou professionnels ? Tu as besoin de r\u00e9ponses, d&rsquo;\u00eatre accompagn\u00e9 ou d&rsquo;\u00eatre juste \u00e9cout\u00e9 ? Viens rencontrer et discuter avec les \u00e9quipes du CIDFF ! Elles r\u00e9pondront \u00e0 toutes tes questions ! Atelier propos\u00e9 par le CIDFF (Centre d&rsquo;Information sur les Droits des Femmes et des&hellip;","_links":{"self":[{"href":"https:\/\/www.carrefour-de-femmes.org\/en\/wp-json\/wp\/v2\/event\/1432","targetHints":{"allow":["GET"]}}],"collection":[{"href":"https:\/\/www.carrefour-de-femmes.org\/en\/wp-json\/wp\/v2\/event"}],"about":[{"href":"https:\/\/www.carrefour-de-femmes.org\/en\/wp-json\/wp\/v2\/types\/event"}],"wp:featuredmedia":[{"embeddable":true,"href":"https:\/\/www.carrefour-de-femmes.org\/en\/wp-json\/wp\/v2\/media\/1265"}],"wp:attachment":[{"href":"https:\/\/www.carrefour-de-femmes.org\/en\/wp-json\/wp\/v2\/media?parent=1432"}],"wp:term":[{"taxonomy":"event-category","embeddable":true,"href":"https:\/\/www.carrefour-de-femmes.org\/en\/wp-json\/wp\/v2\/event-category?post=1432"}],"curies":[{"name":"wp","href":"https:\/\/api.w.org\/{rel}","templated":true}]}}

<p>Tu te poses des questions sur des sujets personnels et/ou professionnels ? Tu as besoin de réponses, d&rsquo;être accompagné ou d&rsquo;être juste écouté ? Viens rencontrer et discuter avec les équipes du CIDFF ! Elles répondront à toutes tes questions ! Atelier proposé par le CIDFF (Centre d&rsquo;Information sur les Droits des Femmes et des [&hellip;]</p>

Tu te poses des questions sur des sujets personnels et/ou professionnels ? Tu as besoin de réponses, d&rsquo;être accompagné ou d&rsquo;être juste écouté ? Viens rencontrer et discuter avec les équipes du CIDFF ! Elles répondront à toutes tes questions ! Atelier proposé par le CIDFF (Centre d&rsquo;Information sur les Droits des Femmes et des&hellip;
