{"id":1423,"date":"2025-07-01T08:29:18","date_gmt":"2025-07-01T07:29:18","guid":{"rendered":"https:\/\/www.carrefour-de-femmes.org\/?post_type=event&#038;p=1423"},"modified":"2025-07-15T09:54:06","modified_gmt":"2025-07-15T08:54:06","slug":"districts","status":"publish","type":"event","link":"https:\/\/www.carrefour-de-femmes.org\/en\/evenements\/quartiers-dete\/","title":{"rendered":"Quartiers d'\u00e9t\u00e9 \u00e0 Montataire - Games and creative workshops"},"content":{"rendered":"<p>Come and have some fun this summer with the summer quarters in Montataire! On the programme for the day: make a grigri bag with a whistle, play games on gender equality, have a glitter bar, learn about consent, take part in a quiz and lots more!<\/p>\n\n\n\n<h3 class=\"wp-block-heading\"><strong>\ud83d\udccd<\/strong> <strong>Rendez-vous in Montataire <\/strong>\u27a1\ufe0f Esplanade Fernand Tuil, Chemin de la Croix D\u00e9truite, Montataire<\/h3>\n\n\n\n<figure class=\"wp-block-gallery has-nested-images columns-default is-cropped wp-block-gallery-1 is-layout-flex wp-block-gallery-is-layout-flex\">\n<figure class=\"wp-block-image size-large\"><img loading=\"lazy\" decoding=\"async\" width=\"768\" height=\"1024\" data-id=\"1460\" src=\"https:\/\/www.carrefour-de-femmes.org\/app\/uploads\/2025\/07\/1000003600-768x1024.jpg\" alt=\"\" class=\"wp-image-1460\" srcset=\"https:\/\/www.carrefour-de-femmes.org\/app\/uploads\/2025\/07\/1000003600-768x1024.jpg 768w, https:\/\/www.carrefour-de-femmes.org\/app\/uploads\/2025\/07\/1000003600-225x300.jpg 225w, https:\/\/www.carrefour-de-femmes.org\/app\/uploads\/2025\/07\/1000003600-1152x1536.jpg 1152w, https:\/\/www.carrefour-de-femmes.org\/app\/uploads\/2025\/07\/1000003600-1536x2048.jpg 1536w, https:\/\/www.carrefour-de-femmes.org\/app\/uploads\/2025\/07\/1000003600-9x12.jpg 9w, https:\/\/www.carrefour-de-femmes.org\/app\/uploads\/2025\/07\/1000003600-scaled.jpg 1920w\" sizes=\"auto, (max-width: 768px) 100vw, 768px\" \/><\/figure>\n\n\n\n<figure class=\"wp-block-image size-large\"><img loading=\"lazy\" decoding=\"async\" width=\"768\" height=\"1024\" data-id=\"1459\" src=\"https:\/\/www.carrefour-de-femmes.org\/app\/uploads\/2025\/07\/1000003597-768x1024.jpg\" alt=\"\" class=\"wp-image-1459\" srcset=\"https:\/\/www.carrefour-de-femmes.org\/app\/uploads\/2025\/07\/1000003597-768x1024.jpg 768w, https:\/\/www.carrefour-de-femmes.org\/app\/uploads\/2025\/07\/1000003597-225x300.jpg 225w, https:\/\/www.carrefour-de-femmes.org\/app\/uploads\/2025\/07\/1000003597-1152x1536.jpg 1152w, https:\/\/www.carrefour-de-femmes.org\/app\/uploads\/2025\/07\/1000003597-1536x2048.jpg 1536w, https:\/\/www.carrefour-de-femmes.org\/app\/uploads\/2025\/07\/1000003597-9x12.jpg 9w, https:\/\/www.carrefour-de-femmes.org\/app\/uploads\/2025\/07\/1000003597-scaled.jpg 1920w\" sizes=\"auto, (max-width: 768px) 100vw, 768px\" \/><\/figure>\n\n\n\n<figure class=\"wp-block-image size-large\"><img loading=\"lazy\" decoding=\"async\" width=\"768\" height=\"1024\" data-id=\"1457\" src=\"https:\/\/www.carrefour-de-femmes.org\/app\/uploads\/2025\/07\/1000003605-768x1024.jpg\" alt=\"\" class=\"wp-image-1457\" srcset=\"https:\/\/www.carrefour-de-femmes.org\/app\/uploads\/2025\/07\/1000003605-768x1024.jpg 768w, https:\/\/www.carrefour-de-femmes.org\/app\/uploads\/2025\/07\/1000003605-225x300.jpg 225w, https:\/\/www.carrefour-de-femmes.org\/app\/uploads\/2025\/07\/1000003605-1152x1536.jpg 1152w, https:\/\/www.carrefour-de-femmes.org\/app\/uploads\/2025\/07\/1000003605-1536x2048.jpg 1536w, https:\/\/www.carrefour-de-femmes.org\/app\/uploads\/2025\/07\/1000003605-9x12.jpg 9w, https:\/\/www.carrefour-de-femmes.org\/app\/uploads\/2025\/07\/1000003605-scaled.jpg 1920w\" sizes=\"auto, (max-width: 768px) 100vw, 768px\" \/><\/figure>\n\n\n\n<figure class=\"wp-block-image size-large\"><img loading=\"lazy\" decoding=\"async\" width=\"1024\" height=\"768\" data-id=\"1461\" src=\"https:\/\/www.carrefour-de-femmes.org\/app\/uploads\/2025\/07\/1000003604-1024x768.jpg\" alt=\"\" class=\"wp-image-1461\" srcset=\"https:\/\/www.carrefour-de-femmes.org\/app\/uploads\/2025\/07\/1000003604-1024x768.jpg 1024w, https:\/\/www.carrefour-de-femmes.org\/app\/uploads\/2025\/07\/1000003604-300x225.jpg 300w, https:\/\/www.carrefour-de-femmes.org\/app\/uploads\/2025\/07\/1000003604-768x576.jpg 768w, https:\/\/www.carrefour-de-femmes.org\/app\/uploads\/2025\/07\/1000003604-1536x1152.jpg 1536w, https:\/\/www.carrefour-de-femmes.org\/app\/uploads\/2025\/07\/1000003604-2048x1536.jpg 2048w, https:\/\/www.carrefour-de-femmes.org\/app\/uploads\/2025\/07\/1000003604-16x12.jpg 16w\" sizes=\"auto, (max-width: 1024px) 100vw, 1024px\" \/><\/figure>\n<\/figure>","protected":false},"excerpt":{"rendered":"<p>Viens t\u2019\u00e9clater cet \u00e9t\u00e9 avec les quartiers d&rsquo;\u00e9t\u00e9 \u00e0 Montataire ! Au programme pour cette journ\u00e9e : profites de fabrication de grigri de sac avec sifflet d\u2019alerte, de jeux sur l\u2019\u00e9galit\u00e9 F\/H, d\u2019un bar \u00e0 paillettes, d\u2019une sensibilisation autour du consentement, d&rsquo;un quizz et plein d\u2019autre chose ! \ud83d\udccd Rendez-vous \u00e0 Montataire \u27a1\ufe0f Esplanade Fernand [&hellip;]<\/p>\n","protected":false},"featured_media":1457,"template":"","meta":{"_acf_changed":false,"_uag_custom_page_level_css":""},"event-category":[],"class_list":["post-1423","event","type-event","status-publish","has-post-thumbnail","hentry"],"acf":[],"uagb_featured_image_src":{"full":["https:\/\/www.carrefour-de-femmes.org\/app\/uploads\/2025\/07\/1000003605-scaled.jpg",1920,2560,false],"thumbnail":["https:\/\/www.carrefour-de-femmes.org\/app\/uploads\/2025\/07\/1000003605-150x150.jpg",150,150,true],"medium":["https:\/\/www.carrefour-de-femmes.org\/app\/uploads\/2025\/07\/1000003605-225x300.jpg",225,300,true],"medium_large":["https:\/\/www.carrefour-de-femmes.org\/app\/uploads\/2025\/07\/1000003605-768x1024.jpg",768,1024,true],"large":["https:\/\/www.carrefour-de-femmes.org\/app\/uploads\/2025\/07\/1000003605-768x1024.jpg",768,1024,true],"1536x1536":["https:\/\/www.carrefour-de-femmes.org\/app\/uploads\/2025\/07\/1000003605-1152x1536.jpg",1152,1536,true],"2048x2048":["https:\/\/www.carrefour-de-femmes.org\/app\/uploads\/2025\/07\/1000003605-1536x2048.jpg",1536,2048,true],"trp-custom-language-flag":["https:\/\/www.carrefour-de-femmes.org\/app\/uploads\/2025\/07\/1000003605-9x12.jpg",9,12,true],"gform-image-choice-sm":["https:\/\/www.carrefour-de-femmes.org\/app\/uploads\/2025\/07\/1000003605-scaled.jpg",225,300,false],"gform-image-choice-md":["https:\/\/www.carrefour-de-femmes.org\/app\/uploads\/2025\/07\/1000003605-scaled.jpg",300,400,false],"gform-image-choice-lg":["https:\/\/www.carrefour-de-femmes.org\/app\/uploads\/2025\/07\/1000003605-scaled.jpg",450,600,false]},"uagb_author_info":{"display_name":"Sheryll Presna","author_link":"https:\/\/www.carrefour-de-femmes.org\/en\/actualites\/author\/"},"uagb_comment_info":0,"uagb_excerpt":"Viens t\u2019\u00e9clater cet \u00e9t\u00e9 avec les quartiers d&rsquo;\u00e9t\u00e9 \u00e0 Montataire ! Au programme pour cette journ\u00e9e : profites de fabrication de grigri de sac avec sifflet d\u2019alerte, de jeux sur l\u2019\u00e9galit\u00e9 F\/H, d\u2019un bar \u00e0 paillettes, d\u2019une sensibilisation autour du consentement, d&rsquo;un quizz et plein d\u2019autre chose ! \ud83d\udccd Rendez-vous \u00e0 Montataire \u27a1\ufe0f Esplanade Fernand&hellip;","_links":{"self":[{"href":"https:\/\/www.carrefour-de-femmes.org\/en\/wp-json\/wp\/v2\/event\/1423","targetHints":{"allow":["GET"]}}],"collection":[{"href":"https:\/\/www.carrefour-de-femmes.org\/en\/wp-json\/wp\/v2\/event"}],"about":[{"href":"https:\/\/www.carrefour-de-femmes.org\/en\/wp-json\/wp\/v2\/types\/event"}],"wp:featuredmedia":[{"embeddable":true,"href":"https:\/\/www.carrefour-de-femmes.org\/en\/wp-json\/wp\/v2\/media\/1457"}],"wp:attachment":[{"href":"https:\/\/www.carrefour-de-femmes.org\/en\/wp-json\/wp\/v2\/media?parent=1423"}],"wp:term":[{"taxonomy":"event-category","embeddable":true,"href":"https:\/\/www.carrefour-de-femmes.org\/en\/wp-json\/wp\/v2\/event-category?post=1423"}],"curies":[{"name":"wp","href":"https:\/\/api.w.org\/{rel}","templated":true}]}}

Quartiers d'été à Montataire - Games and creative workshops

<p>Come and have some fun this summer with the summer quarters in Montataire! On the programme for the day: make a grigri bag with a whistle, play games on gender equality, have a glitter bar, learn about consent, take part in a quiz and lots more!</p>



<h3 class="wp-block-heading"><strong>📍</strong> <strong>Rendez-vous in Montataire </strong>➡️ Esplanade Fernand Tuil, Chemin de la Croix Détruite, Montataire</h3>



<figure class="wp-block-gallery has-nested-images columns-default is-cropped wp-block-gallery-1 is-layout-flex wp-block-gallery-is-layout-flex">
<figure class="wp-block-image size-large"><img loading="lazy" decoding="async" width="768" height="1024" data-id="1460" src="https://www.carrefour-de-femmes.org/app/uploads/2025/07/1000003600-768x1024.jpg" alt="" class="wp-image-1460" srcset="https://www.carrefour-de-femmes.org/app/uploads/2025/07/1000003600-768x1024.jpg 768w, https://www.carrefour-de-femmes.org/app/uploads/2025/07/1000003600-225x300.jpg 225w, https://www.carrefour-de-femmes.org/app/uploads/2025/07/1000003600-1152x1536.jpg 1152w, https://www.carrefour-de-femmes.org/app/uploads/2025/07/1000003600-1536x2048.jpg 1536w, https://www.carrefour-de-femmes.org/app/uploads/2025/07/1000003600-9x12.jpg 9w, https://www.carrefour-de-femmes.org/app/uploads/2025/07/1000003600-scaled.jpg 1920w" sizes="auto, (max-width: 768px) 100vw, 768px" /></figure>



<figure class="wp-block-image size-large"><img loading="lazy" decoding="async" width="768" height="1024" data-id="1459" src="https://www.carrefour-de-femmes.org/app/uploads/2025/07/1000003597-768x1024.jpg" alt="" class="wp-image-1459" srcset="https://www.carrefour-de-femmes.org/app/uploads/2025/07/1000003597-768x1024.jpg 768w, https://www.carrefour-de-femmes.org/app/uploads/2025/07/1000003597-225x300.jpg 225w, https://www.carrefour-de-femmes.org/app/uploads/2025/07/1000003597-1152x1536.jpg 1152w, https://www.carrefour-de-femmes.org/app/uploads/2025/07/1000003597-1536x2048.jpg 1536w, https://www.carrefour-de-femmes.org/app/uploads/2025/07/1000003597-9x12.jpg 9w, https://www.carrefour-de-femmes.org/app/uploads/2025/07/1000003597-scaled.jpg 1920w" sizes="auto, (max-width: 768px) 100vw, 768px" /></figure>



<figure class="wp-block-image size-large"><img loading="lazy" decoding="async" width="768" height="1024" data-id="1457" src="https://www.carrefour-de-femmes.org/app/uploads/2025/07/1000003605-768x1024.jpg" alt="" class="wp-image-1457" srcset="https://www.carrefour-de-femmes.org/app/uploads/2025/07/1000003605-768x1024.jpg 768w, https://www.carrefour-de-femmes.org/app/uploads/2025/07/1000003605-225x300.jpg 225w, https://www.carrefour-de-femmes.org/app/uploads/2025/07/1000003605-1152x1536.jpg 1152w, https://www.carrefour-de-femmes.org/app/uploads/2025/07/1000003605-1536x2048.jpg 1536w, https://www.carrefour-de-femmes.org/app/uploads/2025/07/1000003605-9x12.jpg 9w, https://www.carrefour-de-femmes.org/app/uploads/2025/07/1000003605-scaled.jpg 1920w" sizes="auto, (max-width: 768px) 100vw, 768px" /></figure>



<figure class="wp-block-image size-large"><img loading="lazy" decoding="async" width="1024" height="768" data-id="1461" src="https://www.carrefour-de-femmes.org/app/uploads/2025/07/1000003604-1024x768.jpg" alt="" class="wp-image-1461" srcset="https://www.carrefour-de-femmes.org/app/uploads/2025/07/1000003604-1024x768.jpg 1024w, https://www.carrefour-de-femmes.org/app/uploads/2025/07/1000003604-300x225.jpg 300w, https://www.carrefour-de-femmes.org/app/uploads/2025/07/1000003604-768x576.jpg 768w, https://www.carrefour-de-femmes.org/app/uploads/2025/07/1000003604-1536x1152.jpg 1536w, https://www.carrefour-de-femmes.org/app/uploads/2025/07/1000003604-2048x1536.jpg 2048w, https://www.carrefour-de-femmes.org/app/uploads/2025/07/1000003604-16x12.jpg 16w" sizes="auto, (max-width: 1024px) 100vw, 1024px" /></figure>
</figure>

<p>Viens t’éclater cet été avec les quartiers d&rsquo;été à Montataire ! Au programme pour cette journée : profites de fabrication de grigri de sac avec sifflet d’alerte, de jeux sur l’égalité F/H, d’un bar à paillettes, d’une sensibilisation autour du consentement, d&rsquo;un quizz et plein d’autre chose ! 📍 Rendez-vous à Montataire ➡️ Esplanade Fernand [&hellip;]</p>

Viens t’éclater cet été avec les quartiers d&rsquo;été à Montataire ! Au programme pour cette journée : profites de fabrication de grigri de sac avec sifflet d’alerte, de jeux sur l’égalité F/H, d’un bar à paillettes, d’une sensibilisation autour du consentement, d&rsquo;un quizz et plein d’autre chose ! 📍 Rendez-vous à Montataire ➡️ Esplanade Fernand&hellip;
