{"id":1414,"date":"2025-07-01T08:06:48","date_gmt":"2025-07-01T07:06:48","guid":{"rendered":"https:\/\/www.carrefour-de-femmes.org\/?post_type=event&#038;p=1414"},"modified":"2025-07-01T08:06:49","modified_gmt":"2025-07-01T07:06:49","slug":"permanence-bge-2","status":"publish","type":"event","link":"https:\/\/www.carrefour-de-femmes.org\/en\/evenements\/permanence-bge-2\/","title":{"rendered":"BGE office"},"content":{"rendered":"<p>Want to set up or take over a business? Sarah will be on hand at Carrefour de Femmes to help you get started.<\/p>\n\n\n\n<p><strong>By appointment on 09 70 80 82 17<\/strong><\/p>\n\n\n\n<div class=\"wp-block-uagb-image uagb-block-63479178 wp-block-uagb-image--layout-default wp-block-uagb-image--effect-static wp-block-uagb-image--align-none\"><figure class=\"wp-block-uagb-image__figure\"><img decoding=\"async\" srcset=\"https:\/\/www.carrefour-de-femmes.org\/app\/uploads\/2025\/05\/images.png ,https:\/\/www.carrefour-de-femmes.org\/app\/uploads\/2025\/05\/images.png 780w, https:\/\/www.carrefour-de-femmes.org\/app\/uploads\/2025\/05\/images.png 360w\" sizes=\"auto, (max-width: 480px) 150px\" src=\"https:\/\/www.carrefour-de-femmes.org\/app\/uploads\/2025\/05\/images.png\" alt=\"\" class=\"uag-image-1329\" width=\"225\" height=\"225\" title=\"images\" loading=\"lazy\" role=\"img\"\/><\/figure><\/div>","protected":false},"excerpt":{"rendered":"<p>Envie de cr\u00e9er ou reprendre une entreprise ? Sarah vous propose une permanence \u00e0 Carrefour de Femmes pour vous accompagner dans vos d\u00e9marches. Sur rendez-vous au 09 70 80 82 17<\/p>","protected":false},"featured_media":1329,"template":"","meta":{"_acf_changed":true,"_uag_custom_page_level_css":""},"event-category":[],"class_list":["post-1414","event","type-event","status-publish","has-post-thumbnail","hentry"],"acf":[],"uagb_featured_image_src":{"full":["https:\/\/www.carrefour-de-femmes.org\/app\/uploads\/2025\/05\/images.png",225,225,false],"thumbnail":["https:\/\/www.carrefour-de-femmes.org\/app\/uploads\/2025\/05\/images-150x150.png",150,150,true],"medium":["https:\/\/www.carrefour-de-femmes.org\/app\/uploads\/2025\/05\/images.png",225,225,false],"medium_large":["https:\/\/www.carrefour-de-femmes.org\/app\/uploads\/2025\/05\/images.png",225,225,false],"large":["https:\/\/www.carrefour-de-femmes.org\/app\/uploads\/2025\/05\/images.png",225,225,false],"1536x1536":["https:\/\/www.carrefour-de-femmes.org\/app\/uploads\/2025\/05\/images.png",225,225,false],"2048x2048":["https:\/\/www.carrefour-de-femmes.org\/app\/uploads\/2025\/05\/images.png",225,225,false],"trp-custom-language-flag":["https:\/\/www.carrefour-de-femmes.org\/app\/uploads\/2025\/05\/images-12x12.png",12,12,true],"gform-image-choice-sm":["https:\/\/www.carrefour-de-femmes.org\/app\/uploads\/2025\/05\/images.png",225,225,false],"gform-image-choice-md":["https:\/\/www.carrefour-de-femmes.org\/app\/uploads\/2025\/05\/images.png",225,225,false],"gform-image-choice-lg":["https:\/\/www.carrefour-de-femmes.org\/app\/uploads\/2025\/05\/images.png",225,225,false]},"uagb_author_info":{"display_name":"Sheryll Presna","author_link":"https:\/\/www.carrefour-de-femmes.org\/en\/actualites\/author\/"},"uagb_comment_info":0,"uagb_excerpt":"Envie de cr\u00e9er ou reprendre une entreprise ? Sarah vous propose une permanence \u00e0 Carrefour de Femmes pour vous accompagner dans vos d\u00e9marches. Sur rendez-vous au 09 70 80 82 17","_links":{"self":[{"href":"https:\/\/www.carrefour-de-femmes.org\/en\/wp-json\/wp\/v2\/event\/1414","targetHints":{"allow":["GET"]}}],"collection":[{"href":"https:\/\/www.carrefour-de-femmes.org\/en\/wp-json\/wp\/v2\/event"}],"about":[{"href":"https:\/\/www.carrefour-de-femmes.org\/en\/wp-json\/wp\/v2\/types\/event"}],"wp:featuredmedia":[{"embeddable":true,"href":"https:\/\/www.carrefour-de-femmes.org\/en\/wp-json\/wp\/v2\/media\/1329"}],"wp:attachment":[{"href":"https:\/\/www.carrefour-de-femmes.org\/en\/wp-json\/wp\/v2\/media?parent=1414"}],"wp:term":[{"taxonomy":"event-category","embeddable":true,"href":"https:\/\/www.carrefour-de-femmes.org\/en\/wp-json\/wp\/v2\/event-category?post=1414"}],"curies":[{"name":"wp","href":"https:\/\/api.w.org\/{rel}","templated":true}]}}

<p>Envie de créer ou reprendre une entreprise ? Sarah vous propose une permanence à Carrefour de Femmes pour vous accompagner dans vos démarches. Sur rendez-vous au 09 70 80 82 17</p>

Envie de créer ou reprendre une entreprise ? Sarah vous propose une permanence à Carrefour de Femmes pour vous accompagner dans vos démarches. Sur rendez-vous au 09 70 80 82 17
