{"id":1374,"date":"2025-06-05T14:47:18","date_gmt":"2025-06-05T13:47:18","guid":{"rendered":"https:\/\/www.carrefour-de-femmes.org\/?post_type=event&#038;p=1374"},"modified":"2025-06-16T09:35:45","modified_gmt":"2025-06-16T08:35:45","slug":"self-confidence-course-beauty-and-hairdressing-workshop","status":"publish","type":"event","link":"https:\/\/www.carrefour-de-femmes.org\/en\/evenements\/parcours-confiance-en-soi-atelier-esthetique-et-coiffure\/","title":{"rendered":"Self-confidence\u00ab course (beauty and hairdressing workshop)"},"content":{"rendered":"<p>The CIDFF is offering workshops designed to give you a boost! There are a number of ways you can (re)learn how to feel good about yourself: talking to others, a make-up workshop... And this time, it's a socio-aesthetics and socio-coiffure workshop! \ud83c\udf80<\/p>\n\n\n\n<p>This action lasts all day, so if you want to eat there at lunchtime, don't hesitate to bring your own lunch. <em>(we've got plenty of heat!) <\/em>\ud83e\udd6a<\/p>\n\n\n\n<div class=\"wp-block-uagb-image uagb-block-7b6f11f1 wp-block-uagb-image--layout-default wp-block-uagb-image--effect-static wp-block-uagb-image--align-none\"><figure class=\"wp-block-uagb-image__figure\"><img decoding=\"async\" srcset=\"https:\/\/www.carrefour-de-femmes.org\/app\/uploads\/2025\/06\/woman-sweater-braiding-hair-1-1024x683.jpg ,https:\/\/www.carrefour-de-femmes.org\/app\/uploads\/2025\/06\/woman-sweater-braiding-hair-1-scaled.jpg 780w, https:\/\/www.carrefour-de-femmes.org\/app\/uploads\/2025\/06\/woman-sweater-braiding-hair-1-scaled.jpg 360w\" sizes=\"auto, (max-width: 480px) 150px\" src=\"https:\/\/www.carrefour-de-femmes.org\/app\/uploads\/2025\/06\/woman-sweater-braiding-hair-1-1024x683.jpg\" alt=\"\" class=\"uag-image-1376\" width=\"503\" height=\"335\" title=\"woman-sweater-braiding-hair\" loading=\"lazy\" role=\"img\"\/><\/figure><\/div>","protected":false},"excerpt":{"rendered":"<p>Propos\u00e9 par le CIDFF, prends part \u00e0 des ateliers qui visent \u00e0 te redonner un coup de boost ! Gr\u00e2ce \u00e0 diff\u00e9rents volets, (r\u00e9)apprends \u00e0 te (re)valoriser : prise de parole, atelier maquillage&#8230; Et pour cette fois, c&rsquo;est atelier socio-esth\u00e9tique et socio-coiffure ! \ud83c\udf80 Cette action dure toute la journ\u00e9e, si tu veux manger sur [&hellip;]<\/p>\n","protected":false},"featured_media":1375,"template":"","meta":{"_acf_changed":true,"_uag_custom_page_level_css":""},"event-category":[],"class_list":["post-1374","event","type-event","status-publish","has-post-thumbnail","hentry"],"acf":[],"uagb_featured_image_src":{"full":["https:\/\/www.carrefour-de-femmes.org\/app\/uploads\/2025\/06\/woman-sweater-braiding-hair-scaled.jpg",2560,1707,false],"thumbnail":["https:\/\/www.carrefour-de-femmes.org\/app\/uploads\/2025\/06\/woman-sweater-braiding-hair-150x150.jpg",150,150,true],"medium":["https:\/\/www.carrefour-de-femmes.org\/app\/uploads\/2025\/06\/woman-sweater-braiding-hair-300x200.jpg",300,200,true],"medium_large":["https:\/\/www.carrefour-de-femmes.org\/app\/uploads\/2025\/06\/woman-sweater-braiding-hair-768x512.jpg",768,512,true],"large":["https:\/\/www.carrefour-de-femmes.org\/app\/uploads\/2025\/06\/woman-sweater-braiding-hair-1024x683.jpg",1024,683,true],"1536x1536":["https:\/\/www.carrefour-de-femmes.org\/app\/uploads\/2025\/06\/woman-sweater-braiding-hair-1536x1024.jpg",1536,1024,true],"2048x2048":["https:\/\/www.carrefour-de-femmes.org\/app\/uploads\/2025\/06\/woman-sweater-braiding-hair-2048x1365.jpg",2048,1365,true],"trp-custom-language-flag":["https:\/\/www.carrefour-de-femmes.org\/app\/uploads\/2025\/06\/woman-sweater-braiding-hair-18x12.jpg",18,12,true],"gform-image-choice-sm":["https:\/\/www.carrefour-de-femmes.org\/app\/uploads\/2025\/06\/woman-sweater-braiding-hair-scaled.jpg",300,200,false],"gform-image-choice-md":["https:\/\/www.carrefour-de-femmes.org\/app\/uploads\/2025\/06\/woman-sweater-braiding-hair-scaled.jpg",400,267,false],"gform-image-choice-lg":["https:\/\/www.carrefour-de-femmes.org\/app\/uploads\/2025\/06\/woman-sweater-braiding-hair-scaled.jpg",600,400,false]},"uagb_author_info":{"display_name":"Sheryll Presna","author_link":"https:\/\/www.carrefour-de-femmes.org\/en\/actualites\/author\/"},"uagb_comment_info":0,"uagb_excerpt":"Propos\u00e9 par le CIDFF, prends part \u00e0 des ateliers qui visent \u00e0 te redonner un coup de boost ! Gr\u00e2ce \u00e0 diff\u00e9rents volets, (r\u00e9)apprends \u00e0 te (re)valoriser : prise de parole, atelier maquillage&#8230; Et pour cette fois, c&rsquo;est atelier socio-esth\u00e9tique et socio-coiffure ! \ud83c\udf80 Cette action dure toute la journ\u00e9e, si tu veux manger sur&hellip;","_links":{"self":[{"href":"https:\/\/www.carrefour-de-femmes.org\/en\/wp-json\/wp\/v2\/event\/1374","targetHints":{"allow":["GET"]}}],"collection":[{"href":"https:\/\/www.carrefour-de-femmes.org\/en\/wp-json\/wp\/v2\/event"}],"about":[{"href":"https:\/\/www.carrefour-de-femmes.org\/en\/wp-json\/wp\/v2\/types\/event"}],"wp:featuredmedia":[{"embeddable":true,"href":"https:\/\/www.carrefour-de-femmes.org\/en\/wp-json\/wp\/v2\/media\/1375"}],"wp:attachment":[{"href":"https:\/\/www.carrefour-de-femmes.org\/en\/wp-json\/wp\/v2\/media?parent=1374"}],"wp:term":[{"taxonomy":"event-category","embeddable":true,"href":"https:\/\/www.carrefour-de-femmes.org\/en\/wp-json\/wp\/v2\/event-category?post=1374"}],"curies":[{"name":"wp","href":"https:\/\/api.w.org\/{rel}","templated":true}]}}

<p>Proposé par le CIDFF, prends part à des ateliers qui visent à te redonner un coup de boost ! Grâce à différents volets, (ré)apprends à te (re)valoriser : prise de parole, atelier maquillage&#8230; Et pour cette fois, c&rsquo;est atelier socio-esthétique et socio-coiffure ! 🎀 Cette action dure toute la journée, si tu veux manger sur [&hellip;]</p>

Proposé par le CIDFF, prends part à des ateliers qui visent à te redonner un coup de boost ! Grâce à différents volets, (ré)apprends à te (re)valoriser : prise de parole, atelier maquillage&#8230; Et pour cette fois, c&rsquo;est atelier socio-esthétique et socio-coiffure ! 🎀 Cette action dure toute la journée, si tu veux manger sur&hellip;
