{"id":1346,"date":"2025-05-02T15:18:53","date_gmt":"2025-05-02T14:18:53","guid":{"rendered":"https:\/\/www.carrefour-de-femmes.org\/?post_type=event&#038;p=1346"},"modified":"2025-05-02T15:18:54","modified_gmt":"2025-05-02T14:18:54","slug":"exchange-workshop-and-reflection-on-legal-issues","status":"publish","type":"event","link":"https:\/\/www.carrefour-de-femmes.org\/en\/evenements\/atelier-dechanges-et-reflexion-sur-legalite\/","title":{"rendered":"Workshop for discussion and reflection on equality"},"content":{"rendered":"<p>6 students from APRADIS, training to become specialised educators and doing work placements in various local organisations, have chosen Carrefour de Femmes to carry out their mediation project on the well-being of women and young women. <\/p>\n\n\n\n<div class=\"wp-block-uagb-image uagb-block-c2cec596 wp-block-uagb-image--layout-default wp-block-uagb-image--effect-static wp-block-uagb-image--align-none\"><figure class=\"wp-block-uagb-image__figure\"><img decoding=\"async\" srcset=\"https:\/\/www.carrefour-de-femmes.org\/app\/uploads\/2025\/05\/20250313_171639-1024x577.jpg ,https:\/\/www.carrefour-de-femmes.org\/app\/uploads\/2025\/05\/20250313_171639-scaled.jpg 780w, https:\/\/www.carrefour-de-femmes.org\/app\/uploads\/2025\/05\/20250313_171639-scaled.jpg 360w\" sizes=\"auto, (max-width: 480px) 150px\" src=\"https:\/\/www.carrefour-de-femmes.org\/app\/uploads\/2025\/05\/20250313_171639-1024x577.jpg\" alt=\"\" class=\"uag-image-1347\" width=\"419\" height=\"235\" title=\"20250313_171639\" loading=\"lazy\" role=\"img\"\/><\/figure><\/div>","protected":false},"excerpt":{"rendered":"<p>6 students from APRADIS, training to become specialised educators and doing work placements in various local organisations, have chosen Carrefour de Femmes to carry out their mediation project on the well-being of women and young women.<\/p>","protected":false},"featured_media":1348,"template":"","meta":{"_acf_changed":true,"_uag_custom_page_level_css":""},"event-category":[],"class_list":["post-1346","event","type-event","status-publish","has-post-thumbnail","hentry"],"acf":[],"uagb_featured_image_src":{"full":["https:\/\/www.carrefour-de-femmes.org\/app\/uploads\/2025\/05\/20250313_171639-1-scaled.jpg",2560,1441,false],"thumbnail":["https:\/\/www.carrefour-de-femmes.org\/app\/uploads\/2025\/05\/20250313_171639-1-150x150.jpg",150,150,true],"medium":["https:\/\/www.carrefour-de-femmes.org\/app\/uploads\/2025\/05\/20250313_171639-1-300x169.jpg",300,169,true],"medium_large":["https:\/\/www.carrefour-de-femmes.org\/app\/uploads\/2025\/05\/20250313_171639-1-768x432.jpg",768,432,true],"large":["https:\/\/www.carrefour-de-femmes.org\/app\/uploads\/2025\/05\/20250313_171639-1-1024x577.jpg",1024,577,true],"1536x1536":["https:\/\/www.carrefour-de-femmes.org\/app\/uploads\/2025\/05\/20250313_171639-1-1536x865.jpg",1536,865,true],"2048x2048":["https:\/\/www.carrefour-de-femmes.org\/app\/uploads\/2025\/05\/20250313_171639-1-2048x1153.jpg",2048,1153,true],"trp-custom-language-flag":["https:\/\/www.carrefour-de-femmes.org\/app\/uploads\/2025\/05\/20250313_171639-1-18x10.jpg",18,10,true],"gform-image-choice-sm":["https:\/\/www.carrefour-de-femmes.org\/app\/uploads\/2025\/05\/20250313_171639-1-scaled.jpg",300,169,false],"gform-image-choice-md":["https:\/\/www.carrefour-de-femmes.org\/app\/uploads\/2025\/05\/20250313_171639-1-scaled.jpg",400,225,false],"gform-image-choice-lg":["https:\/\/www.carrefour-de-femmes.org\/app\/uploads\/2025\/05\/20250313_171639-1-scaled.jpg",600,338,false]},"uagb_author_info":{"display_name":"Sheryll Presna","author_link":"https:\/\/www.carrefour-de-femmes.org\/en\/actualites\/author\/"},"uagb_comment_info":0,"uagb_excerpt":"6 \u00e9tudiantes de l&rsquo;APRADIS, en formation d&rsquo;\u00e9ducatrice sp\u00e9cialis\u00e9e et en alternance sur diff\u00e9rentes structures du territoire ont choisis Carrefour de Femmes pour r\u00e9aliser leur projet de m\u00e9diation autour du mieux-\u00eatre des femmes et jeunes femmes","_links":{"self":[{"href":"https:\/\/www.carrefour-de-femmes.org\/en\/wp-json\/wp\/v2\/event\/1346","targetHints":{"allow":["GET"]}}],"collection":[{"href":"https:\/\/www.carrefour-de-femmes.org\/en\/wp-json\/wp\/v2\/event"}],"about":[{"href":"https:\/\/www.carrefour-de-femmes.org\/en\/wp-json\/wp\/v2\/types\/event"}],"wp:featuredmedia":[{"embeddable":true,"href":"https:\/\/www.carrefour-de-femmes.org\/en\/wp-json\/wp\/v2\/media\/1348"}],"wp:attachment":[{"href":"https:\/\/www.carrefour-de-femmes.org\/en\/wp-json\/wp\/v2\/media?parent=1346"}],"wp:term":[{"taxonomy":"event-category","embeddable":true,"href":"https:\/\/www.carrefour-de-femmes.org\/en\/wp-json\/wp\/v2\/event-category?post=1346"}],"curies":[{"name":"wp","href":"https:\/\/api.w.org\/{rel}","templated":true}]}}

6 étudiantes de l&rsquo;APRADIS, en formation d&rsquo;éducatrice spécialisée et en alternance sur différentes structures du territoire ont choisis Carrefour de Femmes pour réaliser leur projet de médiation autour du mieux-être des femmes et jeunes femmes
