{"id":1328,"date":"2025-05-02T11:32:07","date_gmt":"2025-05-02T10:32:07","guid":{"rendered":"https:\/\/www.carrefour-de-femmes.org\/?post_type=event&#038;p=1328"},"modified":"2025-05-02T11:34:45","modified_gmt":"2025-05-02T10:34:45","slug":"bge-picardie-permanent-office","status":"publish","type":"event","link":"https:\/\/www.carrefour-de-femmes.org\/en\/evenements\/permanence-bge-picardie\/","title":{"rendered":"BGE Picardie office"},"content":{"rendered":"<p>Want to set up or take over a business? Sarah will be on hand at Carrefour de Femmes to help you get started.<\/p>\n\n\n\n<p><strong>By appointment on 09 70 80 82 17<\/strong><\/p>\n\n\n\n<div class=\"wp-block-uagb-image uagb-block-a8979d3e wp-block-uagb-image--layout-default wp-block-uagb-image--effect-static wp-block-uagb-image--align-none\"><figure class=\"wp-block-uagb-image__figure\"><img decoding=\"async\" srcset=\"https:\/\/www.carrefour-de-femmes.org\/app\/uploads\/2025\/05\/images.png ,https:\/\/www.carrefour-de-femmes.org\/app\/uploads\/2025\/05\/images.png 780w, https:\/\/www.carrefour-de-femmes.org\/app\/uploads\/2025\/05\/images.png 360w\" sizes=\"auto, (max-width: 480px) 150px\" src=\"https:\/\/www.carrefour-de-femmes.org\/app\/uploads\/2025\/05\/images.png\" alt=\"\" class=\"uag-image-1329\" width=\"225\" height=\"225\" title=\"images\" loading=\"lazy\" role=\"img\"\/><\/figure><\/div>","protected":false},"excerpt":{"rendered":"<p>Envie de cr\u00e9er ou reprendre une entreprise ? Sarah vous propose une permanence \u00e0 Carrefour de Femmes pour vous accompagner dans vos d\u00e9marches. Sur rendez-vous au 09 70 80 82 17<\/p>","protected":false},"featured_media":1258,"template":"","meta":{"_acf_changed":false,"_uag_custom_page_level_css":""},"event-category":[],"class_list":["post-1328","event","type-event","status-publish","has-post-thumbnail","hentry"],"acf":[],"uagb_featured_image_src":{"full":["https:\/\/www.carrefour-de-femmes.org\/app\/uploads\/2025\/03\/BGE-Picardie-logo-002.jpg",1022,782,false],"thumbnail":["https:\/\/www.carrefour-de-femmes.org\/app\/uploads\/2025\/03\/BGE-Picardie-logo-002-150x150.jpg",150,150,true],"medium":["https:\/\/www.carrefour-de-femmes.org\/app\/uploads\/2025\/03\/BGE-Picardie-logo-002-300x230.jpg",300,230,true],"medium_large":["https:\/\/www.carrefour-de-femmes.org\/app\/uploads\/2025\/03\/BGE-Picardie-logo-002-768x588.jpg",768,588,true],"large":["https:\/\/www.carrefour-de-femmes.org\/app\/uploads\/2025\/03\/BGE-Picardie-logo-002.jpg",1022,782,false],"1536x1536":["https:\/\/www.carrefour-de-femmes.org\/app\/uploads\/2025\/03\/BGE-Picardie-logo-002.jpg",1022,782,false],"2048x2048":["https:\/\/www.carrefour-de-femmes.org\/app\/uploads\/2025\/03\/BGE-Picardie-logo-002.jpg",1022,782,false],"trp-custom-language-flag":["https:\/\/www.carrefour-de-femmes.org\/app\/uploads\/2025\/03\/BGE-Picardie-logo-002-16x12.jpg",16,12,true],"gform-image-choice-sm":["https:\/\/www.carrefour-de-femmes.org\/app\/uploads\/2025\/03\/BGE-Picardie-logo-002.jpg",300,230,false],"gform-image-choice-md":["https:\/\/www.carrefour-de-femmes.org\/app\/uploads\/2025\/03\/BGE-Picardie-logo-002.jpg",400,306,false],"gform-image-choice-lg":["https:\/\/www.carrefour-de-femmes.org\/app\/uploads\/2025\/03\/BGE-Picardie-logo-002.jpg",600,459,false]},"uagb_author_info":{"display_name":"Sheryll Presna","author_link":"https:\/\/www.carrefour-de-femmes.org\/en\/actualites\/author\/"},"uagb_comment_info":0,"uagb_excerpt":"Envie de cr\u00e9er ou reprendre une entreprise ? Sarah vous propose une permanence \u00e0 Carrefour de Femmes pour vous accompagner dans vos d\u00e9marches. Sur rendez-vous au 09 70 80 82 17","_links":{"self":[{"href":"https:\/\/www.carrefour-de-femmes.org\/en\/wp-json\/wp\/v2\/event\/1328","targetHints":{"allow":["GET"]}}],"collection":[{"href":"https:\/\/www.carrefour-de-femmes.org\/en\/wp-json\/wp\/v2\/event"}],"about":[{"href":"https:\/\/www.carrefour-de-femmes.org\/en\/wp-json\/wp\/v2\/types\/event"}],"wp:featuredmedia":[{"embeddable":true,"href":"https:\/\/www.carrefour-de-femmes.org\/en\/wp-json\/wp\/v2\/media\/1258"}],"wp:attachment":[{"href":"https:\/\/www.carrefour-de-femmes.org\/en\/wp-json\/wp\/v2\/media?parent=1328"}],"wp:term":[{"taxonomy":"event-category","embeddable":true,"href":"https:\/\/www.carrefour-de-femmes.org\/en\/wp-json\/wp\/v2\/event-category?post=1328"}],"curies":[{"name":"wp","href":"https:\/\/api.w.org\/{rel}","templated":true}]}}

<p>Envie de créer ou reprendre une entreprise ? Sarah vous propose une permanence à Carrefour de Femmes pour vous accompagner dans vos démarches. Sur rendez-vous au 09 70 80 82 17</p>

Envie de créer ou reprendre une entreprise ? Sarah vous propose une permanence à Carrefour de Femmes pour vous accompagner dans vos démarches. Sur rendez-vous au 09 70 80 82 17
