{"id":476,"date":"2025-02-28T11:57:02","date_gmt":"2025-02-28T10:57:02","guid":{"rendered":"https:\/\/www.carrefour-de-femmes.org\/?page_id=476"},"modified":"2025-03-07T09:39:30","modified_gmt":"2025-03-07T08:39:30","slug":"unsere-geschichte","status":"publish","type":"page","link":"https:\/\/www.carrefour-de-femmes.org\/de\/qui-sommes-nous\/notre-histoire\/","title":{"rendered":"Unsere Geschichte"},"content":{"rendered":"<h2 class=\"wp-block-heading\">Unsere Geschichte <\/h2>\n\n\n\n<blockquote class=\"wp-block-quote is-layout-flow wp-block-quote-is-layout-flow\">\n<p>Das Projekt wurde am Montag, den 10. Oktober 2022, im Kulturzentrum la Fa\u00efencerie in Creil in Anwesenheit von Isabelle&nbsp;<strong>Lonvis-Rome<\/strong>die bei der Premierministerin f\u00fcr die Gleichstellung von Frauen und M\u00e4nnern, Vielfalt und Chancengleichheit zust\u00e4ndige Ministerin, und die zahlreichen lokalen Partner, die sich f\u00fcr die Rechte der Frauen einsetzen. Seit vielen Jahren setzt sich die ACSO f\u00fcr die Gleichstellung von Frauen und M\u00e4nnern ein und k\u00e4mpft gegen Gewalt gegen Frauen.<\/p>\n<\/blockquote>\n\n\n\n<p>Carrefour de femmes ist der n\u00e4chste Schritt in der Begleitung junger Frauen und Frauen in unserem Gebiet. Eine einzige Eingangst\u00fcr, ein echtes Ressourcenzentrum f\u00fcr alle Frauen des Ballungsraums Creil Sud Oise.<\/p>\n\n\n\n<p>In dem Bewusstsein, dass junge Frauen die ersten Opfer sexueller und sexistischer Gewalt sind, hat die ACSO unter den Einrichtungen von Carrefour de femmes einen speziellen H\u00f6r- und Orientierungsraum f\u00fcr junge Frauen (15-25 Jahre), die Opfer von sexueller und sexueller Gewalt geworden sind, geschaffen.<\/p>\n\n\n\n<figure class=\"wp-block-image size-full is-style-default\"><img loading=\"lazy\" decoding=\"async\" width=\"900\" height=\"300\" src=\"https:\/\/www.carrefour-de-femmes.org\/app\/uploads\/2025\/02\/dc4cbff33584702b0b1d209811c4333d.png-1.webp\" alt=\"\" class=\"wp-image-478\" srcset=\"https:\/\/www.carrefour-de-femmes.org\/app\/uploads\/2025\/02\/dc4cbff33584702b0b1d209811c4333d.png-1.webp 900w, https:\/\/www.carrefour-de-femmes.org\/app\/uploads\/2025\/02\/dc4cbff33584702b0b1d209811c4333d.png-1-300x100.webp 300w, https:\/\/www.carrefour-de-femmes.org\/app\/uploads\/2025\/02\/dc4cbff33584702b0b1d209811c4333d.png-1-768x256.webp 768w, https:\/\/www.carrefour-de-femmes.org\/app\/uploads\/2025\/02\/dc4cbff33584702b0b1d209811c4333d.png-1-18x6.webp 18w\" sizes=\"auto, (max-width: 900px) 100vw, 900px\" \/><\/figure>","protected":false},"excerpt":{"rendered":"<p>Notre histoire Le projet a \u00e9t\u00e9 lanc\u00e9 le lundi 10 octobre 2022, au centre culturel la Fa\u00efencerie de Creil, en pr\u00e9sence d\u2019Isabelle&nbsp;Lonvis-Rome, Ministre d\u00e9l\u00e9gu\u00e9e aupr\u00e8s de la Premi\u00e8re Ministre, charg\u00e9e de l\u2019\u00e9galit\u00e9 entre les femmes et les hommes, de la diversit\u00e9 et de l\u2019\u00e9galit\u00e9 des chances et des nombreux partenaires locaux agissant en faveur des [&hellip;]<\/p>\n","protected":false},"author":3,"featured_media":1105,"parent":20,"menu_order":31,"comment_status":"closed","ping_status":"closed","template":"","meta":{"_acf_changed":false,"_uag_custom_page_level_css":"","footnotes":""},"class_list":["post-476","page","type-page","status-publish","has-post-thumbnail","hentry"],"acf":[],"uagb_featured_image_src":{"full":["https:\/\/www.carrefour-de-femmes.org\/app\/uploads\/2025\/03\/inauguration-ruban.jpg",2048,1536,false],"thumbnail":["https:\/\/www.carrefour-de-femmes.org\/app\/uploads\/2025\/03\/inauguration-ruban-150x150.jpg",150,150,true],"medium":["https:\/\/www.carrefour-de-femmes.org\/app\/uploads\/2025\/03\/inauguration-ruban-300x225.jpg",300,225,true],"medium_large":["https:\/\/www.carrefour-de-femmes.org\/app\/uploads\/2025\/03\/inauguration-ruban-768x576.jpg",768,576,true],"large":["https:\/\/www.carrefour-de-femmes.org\/app\/uploads\/2025\/03\/inauguration-ruban-1024x768.jpg",1024,768,true],"1536x1536":["https:\/\/www.carrefour-de-femmes.org\/app\/uploads\/2025\/03\/inauguration-ruban-1536x1152.jpg",1536,1152,true],"2048x2048":["https:\/\/www.carrefour-de-femmes.org\/app\/uploads\/2025\/03\/inauguration-ruban.jpg",2048,1536,false],"trp-custom-language-flag":["https:\/\/www.carrefour-de-femmes.org\/app\/uploads\/2025\/03\/inauguration-ruban-16x12.jpg",16,12,true],"gform-image-choice-sm":["https:\/\/www.carrefour-de-femmes.org\/app\/uploads\/2025\/03\/inauguration-ruban.jpg",300,225,false],"gform-image-choice-md":["https:\/\/www.carrefour-de-femmes.org\/app\/uploads\/2025\/03\/inauguration-ruban.jpg",400,300,false],"gform-image-choice-lg":["https:\/\/www.carrefour-de-femmes.org\/app\/uploads\/2025\/03\/inauguration-ruban.jpg",600,450,false]},"uagb_author_info":{"display_name":"Sheryll Presna","author_link":"https:\/\/www.carrefour-de-femmes.org\/de\/actualites\/author\/s-presna\/"},"uagb_comment_info":0,"uagb_excerpt":"Notre histoire Le projet a \u00e9t\u00e9 lanc\u00e9 le lundi 10 octobre 2022, au centre culturel la Fa\u00efencerie de Creil, en pr\u00e9sence d\u2019Isabelle&nbsp;Lonvis-Rome, Ministre d\u00e9l\u00e9gu\u00e9e aupr\u00e8s de la Premi\u00e8re Ministre, charg\u00e9e de l\u2019\u00e9galit\u00e9 entre les femmes et les hommes, de la diversit\u00e9 et de l\u2019\u00e9galit\u00e9 des chances et des nombreux partenaires locaux agissant en faveur des&hellip;","_links":{"self":[{"href":"https:\/\/www.carrefour-de-femmes.org\/de\/wp-json\/wp\/v2\/pages\/476","targetHints":{"allow":["GET"]}}],"collection":[{"href":"https:\/\/www.carrefour-de-femmes.org\/de\/wp-json\/wp\/v2\/pages"}],"about":[{"href":"https:\/\/www.carrefour-de-femmes.org\/de\/wp-json\/wp\/v2\/types\/page"}],"author":[{"embeddable":true,"href":"https:\/\/www.carrefour-de-femmes.org\/de\/wp-json\/wp\/v2\/users\/3"}],"replies":[{"embeddable":true,"href":"https:\/\/www.carrefour-de-femmes.org\/de\/wp-json\/wp\/v2\/comments?post=476"}],"version-history":[{"count":8,"href":"https:\/\/www.carrefour-de-femmes.org\/de\/wp-json\/wp\/v2\/pages\/476\/revisions"}],"predecessor-version":[{"id":1106,"href":"https:\/\/www.carrefour-de-femmes.org\/de\/wp-json\/wp\/v2\/pages\/476\/revisions\/1106"}],"up":[{"embeddable":true,"href":"https:\/\/www.carrefour-de-femmes.org\/de\/wp-json\/wp\/v2\/pages\/20"}],"wp:featuredmedia":[{"embeddable":true,"href":"https:\/\/www.carrefour-de-femmes.org\/de\/wp-json\/wp\/v2\/media\/1105"}],"wp:attachment":[{"href":"https:\/\/www.carrefour-de-femmes.org\/de\/wp-json\/wp\/v2\/media?parent=476"}],"curies":[{"name":"wp","href":"https:\/\/api.w.org\/{rel}","templated":true}]}}

<h2 class="wp-block-heading">Unsere Geschichte </h2>



<blockquote class="wp-block-quote is-layout-flow wp-block-quote-is-layout-flow">
<p>Das Projekt wurde am Montag, den 10. Oktober 2022, im Kulturzentrum la Faïencerie in Creil in Anwesenheit von Isabelle&nbsp;<strong>Lonvis-Rome</strong>die bei der Premierministerin für die Gleichstellung von Frauen und Männern, Vielfalt und Chancengleichheit zuständige Ministerin, und die zahlreichen lokalen Partner, die sich für die Rechte der Frauen einsetzen. Seit vielen Jahren setzt sich die ACSO für die Gleichstellung von Frauen und Männern ein und kämpft gegen Gewalt gegen Frauen.</p>
</blockquote>



<p>Carrefour de femmes ist der nächste Schritt in der Begleitung junger Frauen und Frauen in unserem Gebiet. Eine einzige Eingangstür, ein echtes Ressourcenzentrum für alle Frauen des Ballungsraums Creil Sud Oise.</p>



<p>In dem Bewusstsein, dass junge Frauen die ersten Opfer sexueller und sexistischer Gewalt sind, hat die ACSO unter den Einrichtungen von Carrefour de femmes einen speziellen Hör- und Orientierungsraum für junge Frauen (15-25 Jahre), die Opfer von sexueller und sexueller Gewalt geworden sind, geschaffen.</p>



<figure class="wp-block-image size-full is-style-default"><img loading="lazy" decoding="async" width="900" height="300" src="https://www.carrefour-de-femmes.org/app/uploads/2025/02/dc4cbff33584702b0b1d209811c4333d.png-1.webp" alt="" class="wp-image-478" srcset="https://www.carrefour-de-femmes.org/app/uploads/2025/02/dc4cbff33584702b0b1d209811c4333d.png-1.webp 900w, https://www.carrefour-de-femmes.org/app/uploads/2025/02/dc4cbff33584702b0b1d209811c4333d.png-1-300x100.webp 300w, https://www.carrefour-de-femmes.org/app/uploads/2025/02/dc4cbff33584702b0b1d209811c4333d.png-1-768x256.webp 768w, https://www.carrefour-de-femmes.org/app/uploads/2025/02/dc4cbff33584702b0b1d209811c4333d.png-1-18x6.webp 18w" sizes="auto, (max-width: 900px) 100vw, 900px" /></figure>

<p>Notre histoire Le projet a été lancé le lundi 10 octobre 2022, au centre culturel la Faïencerie de Creil, en présence d’Isabelle&nbsp;Lonvis-Rome, Ministre déléguée auprès de la Première Ministre, chargée de l’égalité entre les femmes et les hommes, de la diversité et de l’égalité des chances et des nombreux partenaires locaux agissant en faveur des [&hellip;]</p>

Notre histoire Le projet a été lancé le lundi 10 octobre 2022, au centre culturel la Faïencerie de Creil, en présence d’Isabelle&nbsp;Lonvis-Rome, Ministre déléguée auprès de la Première Ministre, chargée de l’égalité entre les femmes et les hommes, de la diversité et de l’égalité des chances et des nombreux partenaires locaux agissant en faveur des&hellip;
