{"id":1908,"date":"2026-03-30T10:29:58","date_gmt":"2026-03-30T09:29:58","guid":{"rendered":"https:\/\/www.carrefour-de-femmes.org\/?post_type=event&#038;p=1908"},"modified":"2026-03-30T10:29:59","modified_gmt":"2026-03-30T09:29:59","slug":"gesprach-uber-das-thema-diskriminierung","status":"publish","type":"event","link":"https:\/\/www.carrefour-de-femmes.org\/de\/evenements\/causerie-sur-le-theme-des-discriminations\/","title":{"rendered":"Schw\u00e4tzchen zum Thema Diskriminierung"},"content":{"rendered":"<p>Tauschen Sie sich \u00fcber aktuelle Themen aus und nehmen Sie teil an<br>einen partizipativen Workshop, um zu verstehen, was die<br>Diskriminierungen!<\/p>\n\n\n\n<p><em>animiert von ADRIC<\/em><\/p>","protected":false},"excerpt":{"rendered":"<p>Venez \u00e9changer autour des sujets d\u2019actualit\u00e9s et assister \u00e0un atelier participatif pour comprendre ce que sont lesdiscriminations ! anim\u00e9 par l&rsquo;ADRIC<\/p>","protected":false},"featured_media":1503,"template":"","meta":{"_acf_changed":true,"_uag_custom_page_level_css":""},"event-category":[],"class_list":["post-1908","event","type-event","status-publish","has-post-thumbnail","hentry"],"acf":[],"uagb_featured_image_src":{"full":["https:\/\/www.carrefour-de-femmes.org\/app\/uploads\/2025\/08\/group-women-reading-together-books-scaled.jpg",2560,1978,false],"thumbnail":["https:\/\/www.carrefour-de-femmes.org\/app\/uploads\/2025\/08\/group-women-reading-together-books-150x150.jpg",150,150,true],"medium":["https:\/\/www.carrefour-de-femmes.org\/app\/uploads\/2025\/08\/group-women-reading-together-books-300x232.jpg",300,232,true],"medium_large":["https:\/\/www.carrefour-de-femmes.org\/app\/uploads\/2025\/08\/group-women-reading-together-books-768x593.jpg",768,593,true],"large":["https:\/\/www.carrefour-de-femmes.org\/app\/uploads\/2025\/08\/group-women-reading-together-books-1024x791.jpg",1024,791,true],"1536x1536":["https:\/\/www.carrefour-de-femmes.org\/app\/uploads\/2025\/08\/group-women-reading-together-books-1536x1187.jpg",1536,1187,true],"2048x2048":["https:\/\/www.carrefour-de-femmes.org\/app\/uploads\/2025\/08\/group-women-reading-together-books-2048x1582.jpg",2048,1582,true],"trp-custom-language-flag":["https:\/\/www.carrefour-de-femmes.org\/app\/uploads\/2025\/08\/group-women-reading-together-books-16x12.jpg",16,12,true],"gform-image-choice-sm":["https:\/\/www.carrefour-de-femmes.org\/app\/uploads\/2025\/08\/group-women-reading-together-books-scaled.jpg",300,232,false],"gform-image-choice-md":["https:\/\/www.carrefour-de-femmes.org\/app\/uploads\/2025\/08\/group-women-reading-together-books-scaled.jpg",400,309,false],"gform-image-choice-lg":["https:\/\/www.carrefour-de-femmes.org\/app\/uploads\/2025\/08\/group-women-reading-together-books-scaled.jpg",600,464,false]},"uagb_author_info":{"display_name":"Sheryll Presna","author_link":"https:\/\/www.carrefour-de-femmes.org\/de\/actualites\/author\/"},"uagb_comment_info":0,"uagb_excerpt":"Venez \u00e9changer autour des sujets d\u2019actualit\u00e9s et assister \u00e0un atelier participatif pour comprendre ce que sont lesdiscriminations ! anim\u00e9 par l&rsquo;ADRIC","_links":{"self":[{"href":"https:\/\/www.carrefour-de-femmes.org\/de\/wp-json\/wp\/v2\/event\/1908","targetHints":{"allow":["GET"]}}],"collection":[{"href":"https:\/\/www.carrefour-de-femmes.org\/de\/wp-json\/wp\/v2\/event"}],"about":[{"href":"https:\/\/www.carrefour-de-femmes.org\/de\/wp-json\/wp\/v2\/types\/event"}],"wp:featuredmedia":[{"embeddable":true,"href":"https:\/\/www.carrefour-de-femmes.org\/de\/wp-json\/wp\/v2\/media\/1503"}],"wp:attachment":[{"href":"https:\/\/www.carrefour-de-femmes.org\/de\/wp-json\/wp\/v2\/media?parent=1908"}],"wp:term":[{"taxonomy":"event-category","embeddable":true,"href":"https:\/\/www.carrefour-de-femmes.org\/de\/wp-json\/wp\/v2\/event-category?post=1908"}],"curies":[{"name":"wp","href":"https:\/\/api.w.org\/{rel}","templated":true}]}}

Schwätzchen zum Thema Diskriminierung

<p>Tauschen Sie sich über aktuelle Themen aus und nehmen Sie teil an<br>einen partizipativen Workshop, um zu verstehen, was die<br>Diskriminierungen!</p>



<p><em>animiert von ADRIC</em></p>

<p>Venez échanger autour des sujets d’actualités et assister àun atelier participatif pour comprendre ce que sont lesdiscriminations ! animé par l&rsquo;ADRIC</p>

Venez échanger autour des sujets d’actualités et assister àun atelier participatif pour comprendre ce que sont lesdiscriminations ! animé par l&rsquo;ADRIC
