{"id":1655,"date":"2025-11-07T10:12:01","date_gmt":"2025-11-07T09:12:01","guid":{"rendered":"https:\/\/www.carrefour-de-femmes.org\/?post_type=event&#038;p=1655"},"modified":"2025-11-07T10:12:03","modified_gmt":"2025-11-07T09:12:03","slug":"upcycling-nahwerkstatt","status":"publish","type":"event","link":"https:\/\/www.carrefour-de-femmes.org\/de\/evenements\/atelier-couture-upcycling\/","title":{"rendered":"N\u00e4hworkshop: Upcycling!"},"content":{"rendered":"<p>Begleiten Sie uns zu einem N\u00e4hworkshop und lassen Sie Ihrer Kreativit\u00e4t freien Lauf! <\/p>\n\n\n\n<p>*aus recycelten Materialien<\/p>\n\n\n\n<figure class=\"wp-block-image size-large is-resized\"><img loading=\"lazy\" decoding=\"async\" width=\"1024\" height=\"683\" src=\"https:\/\/www.carrefour-de-femmes.org\/app\/uploads\/2025\/11\/consultation-before-starting-work-1024x683.jpg\" alt=\"\" class=\"wp-image-1656\" style=\"width:381px;height:auto\" srcset=\"https:\/\/www.carrefour-de-femmes.org\/app\/uploads\/2025\/11\/consultation-before-starting-work-1024x683.jpg 1024w, https:\/\/www.carrefour-de-femmes.org\/app\/uploads\/2025\/11\/consultation-before-starting-work-300x200.jpg 300w, https:\/\/www.carrefour-de-femmes.org\/app\/uploads\/2025\/11\/consultation-before-starting-work-768x513.jpg 768w, https:\/\/www.carrefour-de-femmes.org\/app\/uploads\/2025\/11\/consultation-before-starting-work-1536x1025.jpg 1536w, https:\/\/www.carrefour-de-femmes.org\/app\/uploads\/2025\/11\/consultation-before-starting-work-2048x1367.jpg 2048w, https:\/\/www.carrefour-de-femmes.org\/app\/uploads\/2025\/11\/consultation-before-starting-work-18x12.jpg 18w\" sizes=\"auto, (max-width: 1024px) 100vw, 1024px\" \/><\/figure>","protected":false},"excerpt":{"rendered":"<p>Rejoignez-nous pour un atelier couture et laissez libre cours \u00e0 votre cr\u00e9ativit\u00e9 ! *\u00e0 partir de mat\u00e9riaux recycl\u00e9s<\/p>","protected":false},"featured_media":1656,"template":"","meta":{"_acf_changed":true,"_uag_custom_page_level_css":""},"event-category":[],"class_list":["post-1655","event","type-event","status-publish","has-post-thumbnail","hentry"],"acf":[],"uagb_featured_image_src":{"full":["https:\/\/www.carrefour-de-femmes.org\/app\/uploads\/2025\/11\/consultation-before-starting-work-scaled.jpg",2560,1709,false],"thumbnail":["https:\/\/www.carrefour-de-femmes.org\/app\/uploads\/2025\/11\/consultation-before-starting-work-150x150.jpg",150,150,true],"medium":["https:\/\/www.carrefour-de-femmes.org\/app\/uploads\/2025\/11\/consultation-before-starting-work-300x200.jpg",300,200,true],"medium_large":["https:\/\/www.carrefour-de-femmes.org\/app\/uploads\/2025\/11\/consultation-before-starting-work-768x513.jpg",768,513,true],"large":["https:\/\/www.carrefour-de-femmes.org\/app\/uploads\/2025\/11\/consultation-before-starting-work-1024x683.jpg",1024,683,true],"1536x1536":["https:\/\/www.carrefour-de-femmes.org\/app\/uploads\/2025\/11\/consultation-before-starting-work-1536x1025.jpg",1536,1025,true],"2048x2048":["https:\/\/www.carrefour-de-femmes.org\/app\/uploads\/2025\/11\/consultation-before-starting-work-2048x1367.jpg",2048,1367,true],"trp-custom-language-flag":["https:\/\/www.carrefour-de-femmes.org\/app\/uploads\/2025\/11\/consultation-before-starting-work-18x12.jpg",18,12,true],"gform-image-choice-sm":["https:\/\/www.carrefour-de-femmes.org\/app\/uploads\/2025\/11\/consultation-before-starting-work-scaled.jpg",300,200,false],"gform-image-choice-md":["https:\/\/www.carrefour-de-femmes.org\/app\/uploads\/2025\/11\/consultation-before-starting-work-scaled.jpg",400,267,false],"gform-image-choice-lg":["https:\/\/www.carrefour-de-femmes.org\/app\/uploads\/2025\/11\/consultation-before-starting-work-scaled.jpg",600,401,false]},"uagb_author_info":{"display_name":"Sheryll Presna","author_link":"https:\/\/www.carrefour-de-femmes.org\/de\/actualites\/author\/"},"uagb_comment_info":0,"uagb_excerpt":"Rejoignez-nous pour un atelier couture et laissez libre cours \u00e0 votre cr\u00e9ativit\u00e9 ! *\u00e0 partir de mat\u00e9riaux recycl\u00e9s","_links":{"self":[{"href":"https:\/\/www.carrefour-de-femmes.org\/de\/wp-json\/wp\/v2\/event\/1655","targetHints":{"allow":["GET"]}}],"collection":[{"href":"https:\/\/www.carrefour-de-femmes.org\/de\/wp-json\/wp\/v2\/event"}],"about":[{"href":"https:\/\/www.carrefour-de-femmes.org\/de\/wp-json\/wp\/v2\/types\/event"}],"wp:featuredmedia":[{"embeddable":true,"href":"https:\/\/www.carrefour-de-femmes.org\/de\/wp-json\/wp\/v2\/media\/1656"}],"wp:attachment":[{"href":"https:\/\/www.carrefour-de-femmes.org\/de\/wp-json\/wp\/v2\/media?parent=1655"}],"wp:term":[{"taxonomy":"event-category","embeddable":true,"href":"https:\/\/www.carrefour-de-femmes.org\/de\/wp-json\/wp\/v2\/event-category?post=1655"}],"curies":[{"name":"wp","href":"https:\/\/api.w.org\/{rel}","templated":true}]}}

Nähworkshop: Upcycling!

<p>Begleiten Sie uns zu einem Nähworkshop und lassen Sie Ihrer Kreativität freien Lauf! </p>



<p>*aus recycelten Materialien</p>



<figure class="wp-block-image size-large is-resized"><img loading="lazy" decoding="async" width="1024" height="683" src="https://www.carrefour-de-femmes.org/app/uploads/2025/11/consultation-before-starting-work-1024x683.jpg" alt="" class="wp-image-1656" style="width:381px;height:auto" srcset="https://www.carrefour-de-femmes.org/app/uploads/2025/11/consultation-before-starting-work-1024x683.jpg 1024w, https://www.carrefour-de-femmes.org/app/uploads/2025/11/consultation-before-starting-work-300x200.jpg 300w, https://www.carrefour-de-femmes.org/app/uploads/2025/11/consultation-before-starting-work-768x513.jpg 768w, https://www.carrefour-de-femmes.org/app/uploads/2025/11/consultation-before-starting-work-1536x1025.jpg 1536w, https://www.carrefour-de-femmes.org/app/uploads/2025/11/consultation-before-starting-work-2048x1367.jpg 2048w, https://www.carrefour-de-femmes.org/app/uploads/2025/11/consultation-before-starting-work-18x12.jpg 18w" sizes="auto, (max-width: 1024px) 100vw, 1024px" /></figure>

<p>Rejoignez-nous pour un atelier couture et laissez libre cours à votre créativité ! *à partir de matériaux recyclés</p>

Rejoignez-nous pour un atelier couture et laissez libre cours à votre créativité ! *à partir de matériaux recyclés
