{"id":1654,"date":"2025-11-07T10:04:42","date_gmt":"2025-11-07T09:04:42","guid":{"rendered":"https:\/\/www.carrefour-de-femmes.org\/?post_type=event&#038;p=1654"},"modified":"2025-11-07T10:04:44","modified_gmt":"2025-11-07T09:04:44","slug":"gestikulierte-konferenz","status":"publish","type":"event","link":"https:\/\/www.carrefour-de-femmes.org\/de\/evenements\/conference-gesticulee\/","title":{"rendered":"Gestikulierter Vortrag"},"content":{"rendered":"<p>Im Rahmen des 25. Novembers, dem internationalen Tag gegen Gewalt an Frauen, bietet Ihnen Carrefour de Femmes eine Sensibilisierungs- und Pr\u00e4ventionsveranstaltung zu sexueller, sexistischer und psychologischer Gewalt an.<\/p>\n\n\n\n<p>In einer Mischung aus Theater und Vortrag teilt Patricia ihre Erfahrungen mit Gewalt auf ehrliche und selbstironische Weise mit Ihnen.<\/p>\n\n\n\n<p><strong>Animiert durch den Karneval der M\u00f6glichkeiten<\/strong><\/p>\n\n\n\n<figure class=\"wp-block-image size-large is-resized\"><img loading=\"lazy\" decoding=\"async\" width=\"1024\" height=\"572\" src=\"https:\/\/www.carrefour-de-femmes.org\/app\/uploads\/2025\/08\/etudiantes-1024x572.png\" alt=\"\" class=\"wp-image-1505\" style=\"width:448px;height:auto\" srcset=\"https:\/\/www.carrefour-de-femmes.org\/app\/uploads\/2025\/08\/etudiantes-1024x572.png 1024w, https:\/\/www.carrefour-de-femmes.org\/app\/uploads\/2025\/08\/etudiantes-300x168.png 300w, https:\/\/www.carrefour-de-femmes.org\/app\/uploads\/2025\/08\/etudiantes-768x429.png 768w, https:\/\/www.carrefour-de-femmes.org\/app\/uploads\/2025\/08\/etudiantes-18x10.png 18w, https:\/\/www.carrefour-de-femmes.org\/app\/uploads\/2025\/08\/etudiantes.png 1140w\" sizes=\"auto, (max-width: 1024px) 100vw, 1024px\" \/><\/figure>","protected":false},"excerpt":{"rendered":"<p>Dans le cadre du 25 novembre, journ\u00e9e internationale de lutte contre les violences faites aux femmes, Carrefour de Femmes vous propose une animation de sensiibilisation et de pr\u00e9vention sur les violences sexuelles, sexistes et psychologiques Dans un m\u00e9lange de th\u00e9\u00e2tre et conf\u00e9rence, Patricia partage avec vous son exp\u00e9rience des violences avec sinc\u00e9rit\u00e9 et autod\u00e9rision Anim\u00e9 [&hellip;]<\/p>\n","protected":false},"featured_media":1505,"template":"","meta":{"_acf_changed":true,"_uag_custom_page_level_css":""},"event-category":[],"class_list":["post-1654","event","type-event","status-publish","has-post-thumbnail","hentry"],"acf":[],"uagb_featured_image_src":{"full":["https:\/\/www.carrefour-de-femmes.org\/app\/uploads\/2025\/08\/etudiantes.png",1140,637,false],"thumbnail":["https:\/\/www.carrefour-de-femmes.org\/app\/uploads\/2025\/08\/etudiantes-150x150.png",150,150,true],"medium":["https:\/\/www.carrefour-de-femmes.org\/app\/uploads\/2025\/08\/etudiantes-300x168.png",300,168,true],"medium_large":["https:\/\/www.carrefour-de-femmes.org\/app\/uploads\/2025\/08\/etudiantes-768x429.png",768,429,true],"large":["https:\/\/www.carrefour-de-femmes.org\/app\/uploads\/2025\/08\/etudiantes-1024x572.png",1024,572,true],"1536x1536":["https:\/\/www.carrefour-de-femmes.org\/app\/uploads\/2025\/08\/etudiantes.png",1140,637,false],"2048x2048":["https:\/\/www.carrefour-de-femmes.org\/app\/uploads\/2025\/08\/etudiantes.png",1140,637,false],"trp-custom-language-flag":["https:\/\/www.carrefour-de-femmes.org\/app\/uploads\/2025\/08\/etudiantes-18x10.png",18,10,true],"gform-image-choice-sm":["https:\/\/www.carrefour-de-femmes.org\/app\/uploads\/2025\/08\/etudiantes.png",300,168,false],"gform-image-choice-md":["https:\/\/www.carrefour-de-femmes.org\/app\/uploads\/2025\/08\/etudiantes.png",400,224,false],"gform-image-choice-lg":["https:\/\/www.carrefour-de-femmes.org\/app\/uploads\/2025\/08\/etudiantes.png",600,335,false]},"uagb_author_info":{"display_name":"Sheryll Presna","author_link":"https:\/\/www.carrefour-de-femmes.org\/de\/actualites\/author\/"},"uagb_comment_info":0,"uagb_excerpt":"Dans le cadre du 25 novembre, journ\u00e9e internationale de lutte contre les violences faites aux femmes, Carrefour de Femmes vous propose une animation de sensiibilisation et de pr\u00e9vention sur les violences sexuelles, sexistes et psychologiques Dans un m\u00e9lange de th\u00e9\u00e2tre et conf\u00e9rence, Patricia partage avec vous son exp\u00e9rience des violences avec sinc\u00e9rit\u00e9 et autod\u00e9rision Anim\u00e9&hellip;","_links":{"self":[{"href":"https:\/\/www.carrefour-de-femmes.org\/de\/wp-json\/wp\/v2\/event\/1654","targetHints":{"allow":["GET"]}}],"collection":[{"href":"https:\/\/www.carrefour-de-femmes.org\/de\/wp-json\/wp\/v2\/event"}],"about":[{"href":"https:\/\/www.carrefour-de-femmes.org\/de\/wp-json\/wp\/v2\/types\/event"}],"wp:featuredmedia":[{"embeddable":true,"href":"https:\/\/www.carrefour-de-femmes.org\/de\/wp-json\/wp\/v2\/media\/1505"}],"wp:attachment":[{"href":"https:\/\/www.carrefour-de-femmes.org\/de\/wp-json\/wp\/v2\/media?parent=1654"}],"wp:term":[{"taxonomy":"event-category","embeddable":true,"href":"https:\/\/www.carrefour-de-femmes.org\/de\/wp-json\/wp\/v2\/event-category?post=1654"}],"curies":[{"name":"wp","href":"https:\/\/api.w.org\/{rel}","templated":true}]}}

<p>Im Rahmen des 25. Novembers, dem internationalen Tag gegen Gewalt an Frauen, bietet Ihnen Carrefour de Femmes eine Sensibilisierungs- und Präventionsveranstaltung zu sexueller, sexistischer und psychologischer Gewalt an.</p>



<p>In einer Mischung aus Theater und Vortrag teilt Patricia ihre Erfahrungen mit Gewalt auf ehrliche und selbstironische Weise mit Ihnen.</p>



<p><strong>Animiert durch den Karneval der Möglichkeiten</strong></p>



<figure class="wp-block-image size-large is-resized"><img loading="lazy" decoding="async" width="1024" height="572" src="https://www.carrefour-de-femmes.org/app/uploads/2025/08/etudiantes-1024x572.png" alt="" class="wp-image-1505" style="width:448px;height:auto" srcset="https://www.carrefour-de-femmes.org/app/uploads/2025/08/etudiantes-1024x572.png 1024w, https://www.carrefour-de-femmes.org/app/uploads/2025/08/etudiantes-300x168.png 300w, https://www.carrefour-de-femmes.org/app/uploads/2025/08/etudiantes-768x429.png 768w, https://www.carrefour-de-femmes.org/app/uploads/2025/08/etudiantes-18x10.png 18w, https://www.carrefour-de-femmes.org/app/uploads/2025/08/etudiantes.png 1140w" sizes="auto, (max-width: 1024px) 100vw, 1024px" /></figure>

<p>Dans le cadre du 25 novembre, journée internationale de lutte contre les violences faites aux femmes, Carrefour de Femmes vous propose une animation de sensiibilisation et de prévention sur les violences sexuelles, sexistes et psychologiques Dans un mélange de théâtre et conférence, Patricia partage avec vous son expérience des violences avec sincérité et autodérision Animé [&hellip;]</p>

Dans le cadre du 25 novembre, journée internationale de lutte contre les violences faites aux femmes, Carrefour de Femmes vous propose une animation de sensiibilisation et de prévention sur les violences sexuelles, sexistes et psychologiques Dans un mélange de théâtre et conférence, Patricia partage avec vous son expérience des violences avec sincérité et autodérision Animé&hellip;
