{"id":1552,"date":"2025-09-25T08:43:40","date_gmt":"2025-09-25T07:43:40","guid":{"rendered":"https:\/\/www.carrefour-de-femmes.org\/?post_type=event&#038;p=1552"},"modified":"2026-03-30T11:03:30","modified_gmt":"2026-03-30T10:03:30","slug":"psychologen-sprechstunde-cidff-2","status":"publish","type":"event","link":"https:\/\/www.carrefour-de-femmes.org\/de\/evenements\/permanence-psychologue-cidff-2\/","title":{"rendered":"Psychologische Sprechstunde CIDFF"},"content":{"rendered":"<p>Sie glauben, dass Sie von Gewalt (Familie\/Partnerschaft) oder (Cyber-)Mobbing betroffen sind? Kommen Sie zu einem vertraulichen Gespr\u00e4ch und erhalten Sie Informationen \u00fcber<br>Antworten auf Ihre Fragen.<\/p>\n\n\n\n<p>Kostenlos und vertraulich. Treffen und diskutieren Sie mit den Teams des CIDFF!<\/p>\n\n\n\n<p><strong>CIDFF: Centre d'Information sur les Droits des Femmes et des Familles (Informationszentrum f\u00fcr Frauen- und Familienrechte) \/ Nach Vereinbarung unter 06 51 53 76 54<\/strong><\/p>\n\n\n\n<figure class=\"wp-block-image size-large is-resized\"><img loading=\"lazy\" decoding=\"async\" width=\"1024\" height=\"681\" src=\"https:\/\/www.carrefour-de-femmes.org\/app\/uploads\/2025\/08\/authentic-scene-young-person-undergoing-psychological-therapy-1024x681.jpg\" alt=\"\" class=\"wp-image-1484\" style=\"width:353px;height:auto\" srcset=\"https:\/\/www.carrefour-de-femmes.org\/app\/uploads\/2025\/08\/authentic-scene-young-person-undergoing-psychological-therapy-1024x681.jpg 1024w, https:\/\/www.carrefour-de-femmes.org\/app\/uploads\/2025\/08\/authentic-scene-young-person-undergoing-psychological-therapy-300x200.jpg 300w, https:\/\/www.carrefour-de-femmes.org\/app\/uploads\/2025\/08\/authentic-scene-young-person-undergoing-psychological-therapy-768x511.jpg 768w, https:\/\/www.carrefour-de-femmes.org\/app\/uploads\/2025\/08\/authentic-scene-young-person-undergoing-psychological-therapy-1536x1022.jpg 1536w, https:\/\/www.carrefour-de-femmes.org\/app\/uploads\/2025\/08\/authentic-scene-young-person-undergoing-psychological-therapy-2048x1363.jpg 2048w, https:\/\/www.carrefour-de-femmes.org\/app\/uploads\/2025\/08\/authentic-scene-young-person-undergoing-psychological-therapy-18x12.jpg 18w\" sizes=\"auto, (max-width: 1024px) 100vw, 1024px\" \/><\/figure>","protected":false},"excerpt":{"rendered":"<p>Vous pensez \u00eatre concern\u00e9 par des violences (famille\/couple) ou encore de (cyber)harc\u00e8lement ? Venez en discutez en toute confidentialit\u00e9 et obtenez desr\u00e9ponses \u00e0 vos questions. Gratuit et confidentiel. Venez rencontrer et discuter avec les \u00e9quipes du CIDFF ! CIDFF : Centre d&rsquo;Information sur les Droits des Femmes et des Familles \/ Sur rendez-vous au 06 [&hellip;]<\/p>\n","protected":false},"featured_media":1485,"template":"","meta":{"_acf_changed":true,"_uag_custom_page_level_css":""},"event-category":[],"class_list":["post-1552","event","type-event","status-publish","has-post-thumbnail","hentry"],"acf":[],"uagb_featured_image_src":{"full":["https:\/\/www.carrefour-de-femmes.org\/app\/uploads\/2025\/08\/authentic-scene-young-person-undergoing-psychological-therapy-1-scaled.jpg",2560,1703,false],"thumbnail":["https:\/\/www.carrefour-de-femmes.org\/app\/uploads\/2025\/08\/authentic-scene-young-person-undergoing-psychological-therapy-1-150x150.jpg",150,150,true],"medium":["https:\/\/www.carrefour-de-femmes.org\/app\/uploads\/2025\/08\/authentic-scene-young-person-undergoing-psychological-therapy-1-300x200.jpg",300,200,true],"medium_large":["https:\/\/www.carrefour-de-femmes.org\/app\/uploads\/2025\/08\/authentic-scene-young-person-undergoing-psychological-therapy-1-768x511.jpg",768,511,true],"large":["https:\/\/www.carrefour-de-femmes.org\/app\/uploads\/2025\/08\/authentic-scene-young-person-undergoing-psychological-therapy-1-1024x681.jpg",1024,681,true],"1536x1536":["https:\/\/www.carrefour-de-femmes.org\/app\/uploads\/2025\/08\/authentic-scene-young-person-undergoing-psychological-therapy-1-1536x1022.jpg",1536,1022,true],"2048x2048":["https:\/\/www.carrefour-de-femmes.org\/app\/uploads\/2025\/08\/authentic-scene-young-person-undergoing-psychological-therapy-1-2048x1363.jpg",2048,1363,true],"trp-custom-language-flag":["https:\/\/www.carrefour-de-femmes.org\/app\/uploads\/2025\/08\/authentic-scene-young-person-undergoing-psychological-therapy-1-18x12.jpg",18,12,true],"gform-image-choice-sm":["https:\/\/www.carrefour-de-femmes.org\/app\/uploads\/2025\/08\/authentic-scene-young-person-undergoing-psychological-therapy-1-scaled.jpg",300,200,false],"gform-image-choice-md":["https:\/\/www.carrefour-de-femmes.org\/app\/uploads\/2025\/08\/authentic-scene-young-person-undergoing-psychological-therapy-1-scaled.jpg",400,266,false],"gform-image-choice-lg":["https:\/\/www.carrefour-de-femmes.org\/app\/uploads\/2025\/08\/authentic-scene-young-person-undergoing-psychological-therapy-1-scaled.jpg",600,399,false]},"uagb_author_info":{"display_name":"Sheryll Presna","author_link":"https:\/\/www.carrefour-de-femmes.org\/de\/actualites\/author\/"},"uagb_comment_info":0,"uagb_excerpt":"Vous pensez \u00eatre concern\u00e9 par des violences (famille\/couple) ou encore de (cyber)harc\u00e8lement ? Venez en discutez en toute confidentialit\u00e9 et obtenez desr\u00e9ponses \u00e0 vos questions. Gratuit et confidentiel. Venez rencontrer et discuter avec les \u00e9quipes du CIDFF ! CIDFF : Centre d&rsquo;Information sur les Droits des Femmes et des Familles \/ Sur rendez-vous au 06&hellip;","_links":{"self":[{"href":"https:\/\/www.carrefour-de-femmes.org\/de\/wp-json\/wp\/v2\/event\/1552","targetHints":{"allow":["GET"]}}],"collection":[{"href":"https:\/\/www.carrefour-de-femmes.org\/de\/wp-json\/wp\/v2\/event"}],"about":[{"href":"https:\/\/www.carrefour-de-femmes.org\/de\/wp-json\/wp\/v2\/types\/event"}],"wp:featuredmedia":[{"embeddable":true,"href":"https:\/\/www.carrefour-de-femmes.org\/de\/wp-json\/wp\/v2\/media\/1485"}],"wp:attachment":[{"href":"https:\/\/www.carrefour-de-femmes.org\/de\/wp-json\/wp\/v2\/media?parent=1552"}],"wp:term":[{"taxonomy":"event-category","embeddable":true,"href":"https:\/\/www.carrefour-de-femmes.org\/de\/wp-json\/wp\/v2\/event-category?post=1552"}],"curies":[{"name":"wp","href":"https:\/\/api.w.org\/{rel}","templated":true}]}}

<p>Sie glauben, dass Sie von Gewalt (Familie/Partnerschaft) oder (Cyber-)Mobbing betroffen sind? Kommen Sie zu einem vertraulichen Gespräch und erhalten Sie Informationen über<br>Antworten auf Ihre Fragen.</p>



<p>Kostenlos und vertraulich. Treffen und diskutieren Sie mit den Teams des CIDFF!</p>



<p><strong>CIDFF: Centre d'Information sur les Droits des Femmes et des Familles (Informationszentrum für Frauen- und Familienrechte) / Nach Vereinbarung unter 06 51 53 76 54</strong></p>



<figure class="wp-block-image size-large is-resized"><img loading="lazy" decoding="async" width="1024" height="681" src="https://www.carrefour-de-femmes.org/app/uploads/2025/08/authentic-scene-young-person-undergoing-psychological-therapy-1024x681.jpg" alt="" class="wp-image-1484" style="width:353px;height:auto" srcset="https://www.carrefour-de-femmes.org/app/uploads/2025/08/authentic-scene-young-person-undergoing-psychological-therapy-1024x681.jpg 1024w, https://www.carrefour-de-femmes.org/app/uploads/2025/08/authentic-scene-young-person-undergoing-psychological-therapy-300x200.jpg 300w, https://www.carrefour-de-femmes.org/app/uploads/2025/08/authentic-scene-young-person-undergoing-psychological-therapy-768x511.jpg 768w, https://www.carrefour-de-femmes.org/app/uploads/2025/08/authentic-scene-young-person-undergoing-psychological-therapy-1536x1022.jpg 1536w, https://www.carrefour-de-femmes.org/app/uploads/2025/08/authentic-scene-young-person-undergoing-psychological-therapy-2048x1363.jpg 2048w, https://www.carrefour-de-femmes.org/app/uploads/2025/08/authentic-scene-young-person-undergoing-psychological-therapy-18x12.jpg 18w" sizes="auto, (max-width: 1024px) 100vw, 1024px" /></figure>

<p>Vous pensez être concerné par des violences (famille/couple) ou encore de (cyber)harcèlement ? Venez en discutez en toute confidentialité et obtenez desréponses à vos questions. Gratuit et confidentiel. Venez rencontrer et discuter avec les équipes du CIDFF ! CIDFF : Centre d&rsquo;Information sur les Droits des Femmes et des Familles / Sur rendez-vous au 06 [&hellip;]</p>

Vous pensez être concerné par des violences (famille/couple) ou encore de (cyber)harcèlement ? Venez en discutez en toute confidentialité et obtenez desréponses à vos questions. Gratuit et confidentiel. Venez rencontrer et discuter avec les équipes du CIDFF ! CIDFF : Centre d&rsquo;Information sur les Droits des Femmes et des Familles / Sur rendez-vous au 06&hellip;
