{"id":1380,"date":"2025-06-05T15:00:50","date_gmt":"2025-06-05T14:00:50","guid":{"rendered":"https:\/\/www.carrefour-de-femmes.org\/?post_type=event&#038;p=1380"},"modified":"2025-06-05T15:00:51","modified_gmt":"2025-06-05T14:00:51","slug":"workshop-zur-herstellung-von-naturkosmetik","status":"publish","type":"event","link":"https:\/\/www.carrefour-de-femmes.org\/de\/evenements\/atelier-fabrication-de-cosmetiques-naturels\/","title":{"rendered":"Workshop zur Herstellung von Naturkosmetik"},"content":{"rendered":"<p>Selbstgemachte 100%-Kosmetikprodukte mit La nature d'\u00c9va! Kreiere deinen eigenen Lippenbalsam und dein eigenes Deodorant \ud83d\udc84.<\/p>\n\n\n\n<div class=\"wp-block-uagb-image uagb-block-2d4efb68 wp-block-uagb-image--layout-default wp-block-uagb-image--effect-static wp-block-uagb-image--align-none\"><figure class=\"wp-block-uagb-image__figure\"><img decoding=\"async\" srcset=\"https:\/\/www.carrefour-de-femmes.org\/app\/uploads\/2025\/06\/top-view-natural-pigments-composition-1-1024x768.jpg ,https:\/\/www.carrefour-de-femmes.org\/app\/uploads\/2025\/06\/top-view-natural-pigments-composition-1-scaled.jpg 780w, https:\/\/www.carrefour-de-femmes.org\/app\/uploads\/2025\/06\/top-view-natural-pigments-composition-1-scaled.jpg 360w\" sizes=\"auto, (max-width: 480px) 150px\" src=\"https:\/\/www.carrefour-de-femmes.org\/app\/uploads\/2025\/06\/top-view-natural-pigments-composition-1-1024x768.jpg\" alt=\"\" class=\"uag-image-1382\" width=\"389\" height=\"292\" title=\"top-view-natural-pigments-composition\" loading=\"lazy\" role=\"img\"\/><\/figure><\/div>","protected":false},"excerpt":{"rendered":"<p>Selbstgemachte 100%-Kosmetikprodukte mit La nature d'\u00c9va! Kreiere deinen eigenen Lippenbalsam und dein eigenes Deodorant \ud83d\udc84.<\/p>","protected":false},"featured_media":1381,"template":"","meta":{"_acf_changed":true,"_uag_custom_page_level_css":""},"event-category":[],"class_list":["post-1380","event","type-event","status-publish","has-post-thumbnail","hentry"],"acf":[],"uagb_featured_image_src":{"full":["https:\/\/www.carrefour-de-femmes.org\/app\/uploads\/2025\/06\/top-view-natural-pigments-composition-scaled.jpg",2560,1920,false],"thumbnail":["https:\/\/www.carrefour-de-femmes.org\/app\/uploads\/2025\/06\/top-view-natural-pigments-composition-150x150.jpg",150,150,true],"medium":["https:\/\/www.carrefour-de-femmes.org\/app\/uploads\/2025\/06\/top-view-natural-pigments-composition-300x225.jpg",300,225,true],"medium_large":["https:\/\/www.carrefour-de-femmes.org\/app\/uploads\/2025\/06\/top-view-natural-pigments-composition-768x576.jpg",768,576,true],"large":["https:\/\/www.carrefour-de-femmes.org\/app\/uploads\/2025\/06\/top-view-natural-pigments-composition-1024x768.jpg",1024,768,true],"1536x1536":["https:\/\/www.carrefour-de-femmes.org\/app\/uploads\/2025\/06\/top-view-natural-pigments-composition-1536x1152.jpg",1536,1152,true],"2048x2048":["https:\/\/www.carrefour-de-femmes.org\/app\/uploads\/2025\/06\/top-view-natural-pigments-composition-2048x1536.jpg",2048,1536,true],"trp-custom-language-flag":["https:\/\/www.carrefour-de-femmes.org\/app\/uploads\/2025\/06\/top-view-natural-pigments-composition-16x12.jpg",16,12,true],"gform-image-choice-sm":["https:\/\/www.carrefour-de-femmes.org\/app\/uploads\/2025\/06\/top-view-natural-pigments-composition-scaled.jpg",300,225,false],"gform-image-choice-md":["https:\/\/www.carrefour-de-femmes.org\/app\/uploads\/2025\/06\/top-view-natural-pigments-composition-scaled.jpg",400,300,false],"gform-image-choice-lg":["https:\/\/www.carrefour-de-femmes.org\/app\/uploads\/2025\/06\/top-view-natural-pigments-composition-scaled.jpg",600,450,false]},"uagb_author_info":{"display_name":"Sheryll Presna","author_link":"https:\/\/www.carrefour-de-femmes.org\/de\/actualites\/author\/"},"uagb_comment_info":0,"uagb_excerpt":"Des produits cosm\u00e9tiques 100% fait maison avec La nature d&rsquo;\u00c9va ! Cr\u00e9\u00e9 ton propre baume \u00e0 l\u00e8vres et d\u00e9odorant \ud83d\udc84","_links":{"self":[{"href":"https:\/\/www.carrefour-de-femmes.org\/de\/wp-json\/wp\/v2\/event\/1380","targetHints":{"allow":["GET"]}}],"collection":[{"href":"https:\/\/www.carrefour-de-femmes.org\/de\/wp-json\/wp\/v2\/event"}],"about":[{"href":"https:\/\/www.carrefour-de-femmes.org\/de\/wp-json\/wp\/v2\/types\/event"}],"wp:featuredmedia":[{"embeddable":true,"href":"https:\/\/www.carrefour-de-femmes.org\/de\/wp-json\/wp\/v2\/media\/1381"}],"wp:attachment":[{"href":"https:\/\/www.carrefour-de-femmes.org\/de\/wp-json\/wp\/v2\/media?parent=1380"}],"wp:term":[{"taxonomy":"event-category","embeddable":true,"href":"https:\/\/www.carrefour-de-femmes.org\/de\/wp-json\/wp\/v2\/event-category?post=1380"}],"curies":[{"name":"wp","href":"https:\/\/api.w.org\/{rel}","templated":true}]}}

<p>Selbstgemachte 100%-Kosmetikprodukte mit La nature d'Éva! Kreiere deinen eigenen Lippenbalsam und dein eigenes Deodorant 💄.</p>



<div class="wp-block-uagb-image uagb-block-2d4efb68 wp-block-uagb-image--layout-default wp-block-uagb-image--effect-static wp-block-uagb-image--align-none"><figure class="wp-block-uagb-image__figure"><img decoding="async" srcset="https://www.carrefour-de-femmes.org/app/uploads/2025/06/top-view-natural-pigments-composition-1-1024x768.jpg ,https://www.carrefour-de-femmes.org/app/uploads/2025/06/top-view-natural-pigments-composition-1-scaled.jpg 780w, https://www.carrefour-de-femmes.org/app/uploads/2025/06/top-view-natural-pigments-composition-1-scaled.jpg 360w" sizes="auto, (max-width: 480px) 150px" src="https://www.carrefour-de-femmes.org/app/uploads/2025/06/top-view-natural-pigments-composition-1-1024x768.jpg" alt="" class="uag-image-1382" width="389" height="292" title="top-view-natural-pigments-composition" loading="lazy" role="img"/></figure></div>

<p>Selbstgemachte 100%-Kosmetikprodukte mit La nature d'Éva! Kreiere deinen eigenen Lippenbalsam und dein eigenes Deodorant 💄.</p>

Des produits cosmétiques 100% fait maison avec La nature d&rsquo;Éva ! Créé ton propre baume à lèvres et déodorant 💄
