{"id":1908,"date":"2026-03-30T10:29:58","date_gmt":"2026-03-30T09:29:58","guid":{"rendered":"https:\/\/www.carrefour-de-femmes.org\/?post_type=event&#038;p=1908"},"modified":"2026-03-30T10:29:59","modified_gmt":"2026-03-30T09:29:59","slug":"%d8%ad%d8%af%d9%8a%d8%ab-%d8%b9%d9%86-%d9%85%d9%88%d8%b6%d9%88%d8%b9-%d8%a7%d9%84%d8%aa%d9%85%d9%8a%d9%8a%d8%b2","status":"publish","type":"event","link":"https:\/\/www.carrefour-de-femmes.org\/ar\/evenements\/causerie-sur-le-theme-des-discriminations\/","title":{"rendered":"\u062d\u062f\u064a\u062b \u0639\u0646 \u0645\u0648\u0636\u0648\u0639 \u0627\u0644\u062a\u0645\u064a\u064a\u0632"},"content":{"rendered":"<p>\u062a\u0639\u0627\u0644 \u0648\u0646\u0627\u0642\u0634 \u0642\u0636\u0627\u064a\u0627 \u0627\u0644\u0633\u0627\u0639\u0629 \u0648\u0634\u0627\u0631\u0643 \u0641\u064a<br>\u0648\u0631\u0634\u0629 \u0639\u0645\u0644 \u062a\u0634\u0627\u0631\u0643\u064a\u0629 \u0644\u0641\u0647\u0645 \u0645\u0627\u0647\u064a\u0629<br>\u0627\u0644\u062a\u0645\u064a\u064a\u0632!<\/p>\n\n\n\n<p><em>\u0646\u0638\u0645\u0647\u0627 \u0645\u0631\u0643\u0632 \u0623\u0628\u0648\u0638\u0628\u064a \u0644\u0644\u0628\u062d\u0648\u062b \u0648\u0627\u0644\u062a\u0646\u0645\u064a\u0629 \u0627\u0644\u0625\u0642\u0644\u064a\u0645\u064a\u0629<\/em><\/p>","protected":false},"excerpt":{"rendered":"<p>Venez \u00e9changer autour des sujets d\u2019actualit\u00e9s et assister \u00e0un atelier participatif pour comprendre ce que sont lesdiscriminations ! anim\u00e9 par l&rsquo;ADRIC<\/p>","protected":false},"featured_media":1503,"template":"","meta":{"_acf_changed":true,"_uag_custom_page_level_css":""},"event-category":[],"class_list":["post-1908","event","type-event","status-publish","has-post-thumbnail","hentry"],"acf":[],"uagb_featured_image_src":{"full":["https:\/\/www.carrefour-de-femmes.org\/app\/uploads\/2025\/08\/group-women-reading-together-books-scaled.jpg",2560,1978,false],"thumbnail":["https:\/\/www.carrefour-de-femmes.org\/app\/uploads\/2025\/08\/group-women-reading-together-books-150x150.jpg",150,150,true],"medium":["https:\/\/www.carrefour-de-femmes.org\/app\/uploads\/2025\/08\/group-women-reading-together-books-300x232.jpg",300,232,true],"medium_large":["https:\/\/www.carrefour-de-femmes.org\/app\/uploads\/2025\/08\/group-women-reading-together-books-768x593.jpg",768,593,true],"large":["https:\/\/www.carrefour-de-femmes.org\/app\/uploads\/2025\/08\/group-women-reading-together-books-1024x791.jpg",1024,791,true],"1536x1536":["https:\/\/www.carrefour-de-femmes.org\/app\/uploads\/2025\/08\/group-women-reading-together-books-1536x1187.jpg",1536,1187,true],"2048x2048":["https:\/\/www.carrefour-de-femmes.org\/app\/uploads\/2025\/08\/group-women-reading-together-books-2048x1582.jpg",2048,1582,true],"trp-custom-language-flag":["https:\/\/www.carrefour-de-femmes.org\/app\/uploads\/2025\/08\/group-women-reading-together-books-16x12.jpg",16,12,true],"gform-image-choice-sm":["https:\/\/www.carrefour-de-femmes.org\/app\/uploads\/2025\/08\/group-women-reading-together-books-scaled.jpg",300,232,false],"gform-image-choice-md":["https:\/\/www.carrefour-de-femmes.org\/app\/uploads\/2025\/08\/group-women-reading-together-books-scaled.jpg",400,309,false],"gform-image-choice-lg":["https:\/\/www.carrefour-de-femmes.org\/app\/uploads\/2025\/08\/group-women-reading-together-books-scaled.jpg",600,464,false]},"uagb_author_info":{"display_name":"Sheryll Presna","author_link":"https:\/\/www.carrefour-de-femmes.org\/ar\/actualites\/author\/"},"uagb_comment_info":0,"uagb_excerpt":"Venez \u00e9changer autour des sujets d\u2019actualit\u00e9s et assister \u00e0un atelier participatif pour comprendre ce que sont lesdiscriminations ! anim\u00e9 par l&rsquo;ADRIC","_links":{"self":[{"href":"https:\/\/www.carrefour-de-femmes.org\/ar\/wp-json\/wp\/v2\/event\/1908","targetHints":{"allow":["GET"]}}],"collection":[{"href":"https:\/\/www.carrefour-de-femmes.org\/ar\/wp-json\/wp\/v2\/event"}],"about":[{"href":"https:\/\/www.carrefour-de-femmes.org\/ar\/wp-json\/wp\/v2\/types\/event"}],"wp:featuredmedia":[{"embeddable":true,"href":"https:\/\/www.carrefour-de-femmes.org\/ar\/wp-json\/wp\/v2\/media\/1503"}],"wp:attachment":[{"href":"https:\/\/www.carrefour-de-femmes.org\/ar\/wp-json\/wp\/v2\/media?parent=1908"}],"wp:term":[{"taxonomy":"event-category","embeddable":true,"href":"https:\/\/www.carrefour-de-femmes.org\/ar\/wp-json\/wp\/v2\/event-category?post=1908"}],"curies":[{"name":"wp","href":"https:\/\/api.w.org\/{rel}","templated":true}]}}

حديث عن موضوع التمييز

<p>تعال وناقش قضايا الساعة وشارك في<br>ورشة عمل تشاركية لفهم ماهية<br>التمييز!</p>



<p><em>نظمها مركز أبوظبي للبحوث والتنمية الإقليمية</em></p>

<p>Venez échanger autour des sujets d’actualités et assister àun atelier participatif pour comprendre ce que sont lesdiscriminations ! animé par l&rsquo;ADRIC</p>

Venez échanger autour des sujets d’actualités et assister àun atelier participatif pour comprendre ce que sont lesdiscriminations ! animé par l&rsquo;ADRIC
