{"id":1692,"date":"2025-12-01T15:39:24","date_gmt":"2025-12-01T14:39:24","guid":{"rendered":"https:\/\/www.carrefour-de-femmes.org\/?post_type=event&#038;p=1692"},"modified":"2025-12-01T15:39:25","modified_gmt":"2025-12-01T14:39:25","slug":"%d9%85%d8%b9%d8%b1%d8%b6-toutes-visibles-toutes-engages","status":"publish","type":"event","link":"https:\/\/www.carrefour-de-femmes.org\/ar\/evenements\/exposition-toutes-visibles-toutes-engagees\/","title":{"rendered":"\u0643\u0644 \u0634\u064a\u0621 \u0645\u0631\u0626\u064a\u060c \u0643\u0644 \u0634\u064a\u0621 \u0645\u0644\u062a\u0632\u0645\u00ab"},"content":{"rendered":"<p>\u0627\u062d\u0636\u0631 \u0627\u062e\u062a\u062a\u0627\u0645 \u0645\u0639\u0631\u0636 \u0645\u062a\u0646\u0627\u0648\u0628 \u0644\u0644\u0635\u0648\u0631 \u0627\u0644\u0634\u062e\u0635\u064a\u0629 \u0648\u0627\u0644\u062d\u0643\u0627\u064a\u0627\u062a \u0627\u0644\u0634\u062e\u0635\u064a\u0629 \u0644\u0646\u0633\u0627\u0621 \u0645\u062d\u0644\u064a\u0627\u062a \u062a\u0645 \u062a\u0633\u0644\u064a\u0637 \u0627\u0644\u0636\u0648\u0621 \u0639\u0644\u0649 \u0634\u062c\u0627\u0639\u062a\u0647\u0646 \u0648\u0627\u0644\u062a\u0632\u0627\u0645\u0647\u0646 \u062a\u062c\u0627\u0647 \u0623\u0633\u0631\u0647\u0646 \u0648\u0645\u062c\u062a\u0645\u0639\u0627\u062a\u0647\u0646...<\/p>\n\n\n\n<figure class=\"wp-block-image size-large is-resized\"><img loading=\"lazy\" decoding=\"async\" width=\"1024\" height=\"512\" src=\"https:\/\/www.carrefour-de-femmes.org\/app\/uploads\/2025\/12\/41684699_2303.q702.005.S.m005.c12.excursion-1024x512.jpg\" alt=\"\" class=\"wp-image-1693\" style=\"width:420px;height:auto\" srcset=\"https:\/\/www.carrefour-de-femmes.org\/app\/uploads\/2025\/12\/41684699_2303.q702.005.S.m005.c12.excursion-1024x512.jpg 1024w, https:\/\/www.carrefour-de-femmes.org\/app\/uploads\/2025\/12\/41684699_2303.q702.005.S.m005.c12.excursion-300x150.jpg 300w, https:\/\/www.carrefour-de-femmes.org\/app\/uploads\/2025\/12\/41684699_2303.q702.005.S.m005.c12.excursion-768x384.jpg 768w, https:\/\/www.carrefour-de-femmes.org\/app\/uploads\/2025\/12\/41684699_2303.q702.005.S.m005.c12.excursion-1536x768.jpg 1536w, https:\/\/www.carrefour-de-femmes.org\/app\/uploads\/2025\/12\/41684699_2303.q702.005.S.m005.c12.excursion-2048x1024.jpg 2048w, https:\/\/www.carrefour-de-femmes.org\/app\/uploads\/2025\/12\/41684699_2303.q702.005.S.m005.c12.excursion-18x9.jpg 18w\" sizes=\"auto, (max-width: 1024px) 100vw, 1024px\" \/><\/figure>","protected":false},"excerpt":{"rendered":"<p>\u0627\u062d\u0636\u0631 \u0627\u062e\u062a\u062a\u0627\u0645 \u0645\u0639\u0631\u0636 \u0645\u062a\u0646\u0627\u0648\u0628 \u0644\u0644\u0635\u0648\u0631 \u0627\u0644\u0634\u062e\u0635\u064a\u0629 \u0648\u0627\u0644\u062d\u0643\u0627\u064a\u0627\u062a \u0627\u0644\u0634\u062e\u0635\u064a\u0629 \u0644\u0646\u0633\u0627\u0621 \u0645\u062d\u0644\u064a\u0627\u062a \u062a\u0645 \u062a\u0633\u0644\u064a\u0637 \u0627\u0644\u0636\u0648\u0621 \u0639\u0644\u0649 \u0634\u062c\u0627\u0639\u062a\u0647\u0646 \u0648\u0627\u0644\u062a\u0632\u0627\u0645\u0647\u0646 \u062a\u062c\u0627\u0647 \u0623\u0633\u0631\u0647\u0646 \u0648\u0645\u062c\u062a\u0645\u0639\u0627\u062a\u0647\u0646...<\/p>","protected":false},"featured_media":1693,"template":"","meta":{"_acf_changed":true,"_uag_custom_page_level_css":""},"event-category":[],"class_list":["post-1692","event","type-event","status-publish","has-post-thumbnail","hentry"],"acf":[],"uagb_featured_image_src":{"full":["https:\/\/www.carrefour-de-femmes.org\/app\/uploads\/2025\/12\/41684699_2303.q702.005.S.m005.c12.excursion-scaled.jpg",2560,1280,false],"thumbnail":["https:\/\/www.carrefour-de-femmes.org\/app\/uploads\/2025\/12\/41684699_2303.q702.005.S.m005.c12.excursion-150x150.jpg",150,150,true],"medium":["https:\/\/www.carrefour-de-femmes.org\/app\/uploads\/2025\/12\/41684699_2303.q702.005.S.m005.c12.excursion-300x150.jpg",300,150,true],"medium_large":["https:\/\/www.carrefour-de-femmes.org\/app\/uploads\/2025\/12\/41684699_2303.q702.005.S.m005.c12.excursion-768x384.jpg",768,384,true],"large":["https:\/\/www.carrefour-de-femmes.org\/app\/uploads\/2025\/12\/41684699_2303.q702.005.S.m005.c12.excursion-1024x512.jpg",1024,512,true],"1536x1536":["https:\/\/www.carrefour-de-femmes.org\/app\/uploads\/2025\/12\/41684699_2303.q702.005.S.m005.c12.excursion-1536x768.jpg",1536,768,true],"2048x2048":["https:\/\/www.carrefour-de-femmes.org\/app\/uploads\/2025\/12\/41684699_2303.q702.005.S.m005.c12.excursion-2048x1024.jpg",2048,1024,true],"trp-custom-language-flag":["https:\/\/www.carrefour-de-femmes.org\/app\/uploads\/2025\/12\/41684699_2303.q702.005.S.m005.c12.excursion-18x9.jpg",18,9,true],"gform-image-choice-sm":["https:\/\/www.carrefour-de-femmes.org\/app\/uploads\/2025\/12\/41684699_2303.q702.005.S.m005.c12.excursion-scaled.jpg",300,150,false],"gform-image-choice-md":["https:\/\/www.carrefour-de-femmes.org\/app\/uploads\/2025\/12\/41684699_2303.q702.005.S.m005.c12.excursion-scaled.jpg",400,200,false],"gform-image-choice-lg":["https:\/\/www.carrefour-de-femmes.org\/app\/uploads\/2025\/12\/41684699_2303.q702.005.S.m005.c12.excursion-scaled.jpg",600,300,false]},"uagb_author_info":{"display_name":"Sheryll Presna","author_link":"https:\/\/www.carrefour-de-femmes.org\/ar\/actualites\/author\/"},"uagb_comment_info":0,"uagb_excerpt":"Assistez \u00e0 la cl\u00f4ture d\u2019une exposition tournante de portraits et de t\u00e9moignages de femmes du territoire mises en lumi\u00e8re pour leur courage et leur engagement vers leur famille, leur communaut\u00e9&#8230;","_links":{"self":[{"href":"https:\/\/www.carrefour-de-femmes.org\/ar\/wp-json\/wp\/v2\/event\/1692","targetHints":{"allow":["GET"]}}],"collection":[{"href":"https:\/\/www.carrefour-de-femmes.org\/ar\/wp-json\/wp\/v2\/event"}],"about":[{"href":"https:\/\/www.carrefour-de-femmes.org\/ar\/wp-json\/wp\/v2\/types\/event"}],"wp:featuredmedia":[{"embeddable":true,"href":"https:\/\/www.carrefour-de-femmes.org\/ar\/wp-json\/wp\/v2\/media\/1693"}],"wp:attachment":[{"href":"https:\/\/www.carrefour-de-femmes.org\/ar\/wp-json\/wp\/v2\/media?parent=1692"}],"wp:term":[{"taxonomy":"event-category","embeddable":true,"href":"https:\/\/www.carrefour-de-femmes.org\/ar\/wp-json\/wp\/v2\/event-category?post=1692"}],"curies":[{"name":"wp","href":"https:\/\/api.w.org\/{rel}","templated":true}]}}

كل شيء مرئي، كل شيء ملتزم«

<p>احضر اختتام معرض متناوب للصور الشخصية والحكايات الشخصية لنساء محليات تم تسليط الضوء على شجاعتهن والتزامهن تجاه أسرهن ومجتمعاتهن...</p>



<figure class="wp-block-image size-large is-resized"><img loading="lazy" decoding="async" width="1024" height="512" src="https://www.carrefour-de-femmes.org/app/uploads/2025/12/41684699_2303.q702.005.S.m005.c12.excursion-1024x512.jpg" alt="" class="wp-image-1693" style="width:420px;height:auto" srcset="https://www.carrefour-de-femmes.org/app/uploads/2025/12/41684699_2303.q702.005.S.m005.c12.excursion-1024x512.jpg 1024w, https://www.carrefour-de-femmes.org/app/uploads/2025/12/41684699_2303.q702.005.S.m005.c12.excursion-300x150.jpg 300w, https://www.carrefour-de-femmes.org/app/uploads/2025/12/41684699_2303.q702.005.S.m005.c12.excursion-768x384.jpg 768w, https://www.carrefour-de-femmes.org/app/uploads/2025/12/41684699_2303.q702.005.S.m005.c12.excursion-1536x768.jpg 1536w, https://www.carrefour-de-femmes.org/app/uploads/2025/12/41684699_2303.q702.005.S.m005.c12.excursion-2048x1024.jpg 2048w, https://www.carrefour-de-femmes.org/app/uploads/2025/12/41684699_2303.q702.005.S.m005.c12.excursion-18x9.jpg 18w" sizes="auto, (max-width: 1024px) 100vw, 1024px" /></figure>

<p>احضر اختتام معرض متناوب للصور الشخصية والحكايات الشخصية لنساء محليات تم تسليط الضوء على شجاعتهن والتزامهن تجاه أسرهن ومجتمعاتهن...</p>

Assistez à la clôture d’une exposition tournante de portraits et de témoignages de femmes du territoire mises en lumière pour leur courage et leur engagement vers leur famille, leur communauté&#8230;
