{"id":1660,"date":"2025-11-07T10:27:49","date_gmt":"2025-11-07T09:27:49","guid":{"rendered":"https:\/\/www.carrefour-de-femmes.org\/?post_type=event&#038;p=1660"},"modified":"2025-11-07T10:27:51","modified_gmt":"2025-11-07T09:27:51","slug":"%d8%a7%d9%84%d9%88%d8%ac%d9%87-%d8%a7%d9%84%d8%ae%d9%81%d9%8a-%d9%84%d9%84%d9%85%d8%b9%d9%83%d8%b1%d9%88%d9%86%d8%a9-%d9%8a%d9%86%d8%b4%d8%b1-%d8%aa%d8%a3%d8%ab%d9%8a%d8%b1%d9%87%d8%a7-%d8%b9%d9%84","status":"publish","type":"event","link":"https:\/\/www.carrefour-de-femmes.org\/ar\/evenements\/la-face-cachee-de-la-pate-a-tartiner-les-impacts-sur-lenvironnement-et-notre-sante\/","title":{"rendered":"\u0627\u0644\u0648\u062c\u0647 \u0627\u0644\u062e\u0641\u064a \u0644\u0644\u0627\u0646\u062a\u0634\u0627\u0631: \u062a\u0623\u062b\u064a\u0631\u0647 \u0639\u0644\u0649 \u0627\u0644\u0628\u064a\u0626\u0629 \u0648\u0635\u062d\u062a\u0646\u0627"},"content":{"rendered":"<p>\u0645\u0627\u0630\u0627 \u0644\u0648 \u0643\u0627\u0646\u062a \u0627\u0644\u0631\u0641\u0627\u0647\u064a\u0629 \u062a\u0628\u062f\u0623 \u0628\u0645\u0627 \u0646\u0623\u0643\u0644\u0647\u061f \u0627\u0643\u062a\u0634\u0641 \u0643\u064a\u0641 \u064a\u0624\u062b\u0631 \u0646\u0638\u0627\u0645\u0646\u0627 \u0627\u0644\u063a\u0630\u0627\u0626\u064a \u0639\u0644\u0649 \u0635\u062d\u062a\u0646\u0627 \u0648\u0637\u0627\u0642\u062a\u0646\u0627 \u0648\u0639\u0644\u0627\u0642\u062a\u0646\u0627 \u0628\u0627\u0644\u0645\u062a\u0639\u0629.<\/p>\n\n\n\n<p>\u0627\u0643\u062a\u0634\u0641\u064a \u0627\u0644\u0645\u0632\u064a\u062f \u0639\u0646 \u0627\u0644\u0648\u062c\u0628\u0627\u062a \u0627\u0644\u062e\u0641\u064a\u0641\u0629 \u0627\u0644\u062a\u064a \u0646\u062a\u0646\u0627\u0648\u0644\u0647\u0627 \u064a\u0648\u0645\u064a\u0627\u064b \u0648\u0627\u0644\u062a\u064a \u062a\u0643\u0648\u0646 \u0623\u062d\u064a\u0627\u0646\u0627\u064b \u0645\u0641\u0631\u0637\u0629 \u0641\u064a \u0627\u0644\u062d\u0644\u0627\u0648\u0629. \u0645\u0627\u0630\u0627 \u0644\u0648 \u0627\u062a\u062c\u0647\u0646\u0627 \u0646\u062d\u0648 \u0628\u062f\u0627\u0626\u0644 \u0635\u062d\u064a\u0629 \u0623\u0643\u062b\u0631\u061f <\/p>\n\n\n\n<figure class=\"wp-block-image size-large is-resized\"><img loading=\"lazy\" decoding=\"async\" width=\"1024\" height=\"576\" src=\"https:\/\/www.carrefour-de-femmes.org\/app\/uploads\/2025\/11\/close-up-person-cutting-chocolate-bar-with-knife-paper-wooden-table-1024x576.jpg\" alt=\"\" class=\"wp-image-1661\" style=\"width:448px;height:auto\" srcset=\"https:\/\/www.carrefour-de-femmes.org\/app\/uploads\/2025\/11\/close-up-person-cutting-chocolate-bar-with-knife-paper-wooden-table-1024x576.jpg 1024w, https:\/\/www.carrefour-de-femmes.org\/app\/uploads\/2025\/11\/close-up-person-cutting-chocolate-bar-with-knife-paper-wooden-table-300x169.jpg 300w, https:\/\/www.carrefour-de-femmes.org\/app\/uploads\/2025\/11\/close-up-person-cutting-chocolate-bar-with-knife-paper-wooden-table-768x432.jpg 768w, https:\/\/www.carrefour-de-femmes.org\/app\/uploads\/2025\/11\/close-up-person-cutting-chocolate-bar-with-knife-paper-wooden-table-1536x864.jpg 1536w, https:\/\/www.carrefour-de-femmes.org\/app\/uploads\/2025\/11\/close-up-person-cutting-chocolate-bar-with-knife-paper-wooden-table-2048x1152.jpg 2048w, https:\/\/www.carrefour-de-femmes.org\/app\/uploads\/2025\/11\/close-up-person-cutting-chocolate-bar-with-knife-paper-wooden-table-18x10.jpg 18w\" sizes=\"auto, (max-width: 1024px) 100vw, 1024px\" \/><\/figure>","protected":false},"excerpt":{"rendered":"<p>Et si le bien-\u00eatre commen\u00e7ait dans notre assiette ? D\u00e9couvrez comment notre alimentation influence notre sant\u00e9, notre \u00e9nergie et notre rapport au plaisir D\u00e9couvrez en + sur ces go\u00fbters, parfois trop sucr\u00e9s, que l\u2019on mange au quotidien. Et si on se dirigeait vers des alternatives + saines ?<\/p>","protected":false},"featured_media":1661,"template":"","meta":{"_acf_changed":true,"_uag_custom_page_level_css":""},"event-category":[],"class_list":["post-1660","event","type-event","status-publish","has-post-thumbnail","hentry"],"acf":[],"uagb_featured_image_src":{"full":["https:\/\/www.carrefour-de-femmes.org\/app\/uploads\/2025\/11\/close-up-person-cutting-chocolate-bar-with-knife-paper-wooden-table-scaled.jpg",2560,1440,false],"thumbnail":["https:\/\/www.carrefour-de-femmes.org\/app\/uploads\/2025\/11\/close-up-person-cutting-chocolate-bar-with-knife-paper-wooden-table-150x150.jpg",150,150,true],"medium":["https:\/\/www.carrefour-de-femmes.org\/app\/uploads\/2025\/11\/close-up-person-cutting-chocolate-bar-with-knife-paper-wooden-table-300x169.jpg",300,169,true],"medium_large":["https:\/\/www.carrefour-de-femmes.org\/app\/uploads\/2025\/11\/close-up-person-cutting-chocolate-bar-with-knife-paper-wooden-table-768x432.jpg",768,432,true],"large":["https:\/\/www.carrefour-de-femmes.org\/app\/uploads\/2025\/11\/close-up-person-cutting-chocolate-bar-with-knife-paper-wooden-table-1024x576.jpg",1024,576,true],"1536x1536":["https:\/\/www.carrefour-de-femmes.org\/app\/uploads\/2025\/11\/close-up-person-cutting-chocolate-bar-with-knife-paper-wooden-table-1536x864.jpg",1536,864,true],"2048x2048":["https:\/\/www.carrefour-de-femmes.org\/app\/uploads\/2025\/11\/close-up-person-cutting-chocolate-bar-with-knife-paper-wooden-table-2048x1152.jpg",2048,1152,true],"trp-custom-language-flag":["https:\/\/www.carrefour-de-femmes.org\/app\/uploads\/2025\/11\/close-up-person-cutting-chocolate-bar-with-knife-paper-wooden-table-18x10.jpg",18,10,true],"gform-image-choice-sm":["https:\/\/www.carrefour-de-femmes.org\/app\/uploads\/2025\/11\/close-up-person-cutting-chocolate-bar-with-knife-paper-wooden-table-scaled.jpg",300,169,false],"gform-image-choice-md":["https:\/\/www.carrefour-de-femmes.org\/app\/uploads\/2025\/11\/close-up-person-cutting-chocolate-bar-with-knife-paper-wooden-table-scaled.jpg",400,225,false],"gform-image-choice-lg":["https:\/\/www.carrefour-de-femmes.org\/app\/uploads\/2025\/11\/close-up-person-cutting-chocolate-bar-with-knife-paper-wooden-table-scaled.jpg",600,338,false]},"uagb_author_info":{"display_name":"Sheryll Presna","author_link":"https:\/\/www.carrefour-de-femmes.org\/ar\/actualites\/author\/"},"uagb_comment_info":0,"uagb_excerpt":"Et si le bien-\u00eatre commen\u00e7ait dans notre assiette ? D\u00e9couvrez comment notre alimentation influence notre sant\u00e9, notre \u00e9nergie et notre rapport au plaisir D\u00e9couvrez en + sur ces go\u00fbters, parfois trop sucr\u00e9s, que l\u2019on mange au quotidien. Et si on se dirigeait vers des alternatives + saines ?","_links":{"self":[{"href":"https:\/\/www.carrefour-de-femmes.org\/ar\/wp-json\/wp\/v2\/event\/1660","targetHints":{"allow":["GET"]}}],"collection":[{"href":"https:\/\/www.carrefour-de-femmes.org\/ar\/wp-json\/wp\/v2\/event"}],"about":[{"href":"https:\/\/www.carrefour-de-femmes.org\/ar\/wp-json\/wp\/v2\/types\/event"}],"wp:featuredmedia":[{"embeddable":true,"href":"https:\/\/www.carrefour-de-femmes.org\/ar\/wp-json\/wp\/v2\/media\/1661"}],"wp:attachment":[{"href":"https:\/\/www.carrefour-de-femmes.org\/ar\/wp-json\/wp\/v2\/media?parent=1660"}],"wp:term":[{"taxonomy":"event-category","embeddable":true,"href":"https:\/\/www.carrefour-de-femmes.org\/ar\/wp-json\/wp\/v2\/event-category?post=1660"}],"curies":[{"name":"wp","href":"https:\/\/api.w.org\/{rel}","templated":true}]}}

الوجه الخفي للانتشار: تأثيره على البيئة وصحتنا

<p>ماذا لو كانت الرفاهية تبدأ بما نأكله؟ اكتشف كيف يؤثر نظامنا الغذائي على صحتنا وطاقتنا وعلاقتنا بالمتعة.</p>



<p>اكتشفي المزيد عن الوجبات الخفيفة التي نتناولها يومياً والتي تكون أحياناً مفرطة في الحلاوة. ماذا لو اتجهنا نحو بدائل صحية أكثر؟ </p>



<figure class="wp-block-image size-large is-resized"><img loading="lazy" decoding="async" width="1024" height="576" src="https://www.carrefour-de-femmes.org/app/uploads/2025/11/close-up-person-cutting-chocolate-bar-with-knife-paper-wooden-table-1024x576.jpg" alt="" class="wp-image-1661" style="width:448px;height:auto" srcset="https://www.carrefour-de-femmes.org/app/uploads/2025/11/close-up-person-cutting-chocolate-bar-with-knife-paper-wooden-table-1024x576.jpg 1024w, https://www.carrefour-de-femmes.org/app/uploads/2025/11/close-up-person-cutting-chocolate-bar-with-knife-paper-wooden-table-300x169.jpg 300w, https://www.carrefour-de-femmes.org/app/uploads/2025/11/close-up-person-cutting-chocolate-bar-with-knife-paper-wooden-table-768x432.jpg 768w, https://www.carrefour-de-femmes.org/app/uploads/2025/11/close-up-person-cutting-chocolate-bar-with-knife-paper-wooden-table-1536x864.jpg 1536w, https://www.carrefour-de-femmes.org/app/uploads/2025/11/close-up-person-cutting-chocolate-bar-with-knife-paper-wooden-table-2048x1152.jpg 2048w, https://www.carrefour-de-femmes.org/app/uploads/2025/11/close-up-person-cutting-chocolate-bar-with-knife-paper-wooden-table-18x10.jpg 18w" sizes="auto, (max-width: 1024px) 100vw, 1024px" /></figure>

<p>Et si le bien-être commençait dans notre assiette ? Découvrez comment notre alimentation influence notre santé, notre énergie et notre rapport au plaisir Découvrez en + sur ces goûters, parfois trop sucrés, que l’on mange au quotidien. Et si on se dirigeait vers des alternatives + saines ?</p>

Et si le bien-être commençait dans notre assiette ? Découvrez comment notre alimentation influence notre santé, notre énergie et notre rapport au plaisir Découvrez en + sur ces goûters, parfois trop sucrés, que l’on mange au quotidien. Et si on se dirigeait vers des alternatives + saines ?
