{"id":1552,"date":"2025-09-25T08:43:40","date_gmt":"2025-09-25T07:43:40","guid":{"rendered":"https:\/\/www.carrefour-de-femmes.org\/?post_type=event&#038;p=1552"},"modified":"2026-03-30T11:03:30","modified_gmt":"2026-03-30T10:03:30","slug":"%d8%a3%d8%ae%d8%b5%d8%a7%d8%a6%d9%8a-%d9%86%d9%81%d8%b3%d9%8a-%d8%af%d8%a7%d8%a6%d9%85-cidf-2","status":"publish","type":"event","link":"https:\/\/www.carrefour-de-femmes.org\/ar\/evenements\/permanence-psychologue-cidff-2\/","title":{"rendered":"\u0645\u0631\u0643\u0632 \u0627\u0644\u0627\u0633\u062a\u0634\u0627\u0631\u0627\u062a \u0627\u0644\u0646\u0641\u0633\u064a\u0629 CIDFF"},"content":{"rendered":"<p>\u0647\u0644 \u062a\u0639\u062a\u0642\u062f \u0623\u0646\u0643 \u0642\u062f \u062a\u0643\u0648\u0646 \u0645\u062a\u0623\u062b\u0631\u064b\u0627 \u0628\u0627\u0644\u0639\u0646\u0641 (\u0627\u0644\u0639\u0627\u0626\u0644\u064a\/\u0627\u0644\u062b\u0646\u0627\u0626\u064a) \u0623\u0648 \u0627\u0644\u062a\u062d\u0631\u0634 (\u0627\u0644\u0625\u0644\u0643\u062a\u0631\u0648\u0646\u064a)\u061f \u062a\u0639\u0627\u0644 \u0648\u062a\u062d\u062f\u062b \u0625\u0644\u064a\u0646\u0627 \u0639\u0646 \u0630\u0644\u0643 \u0641\u064a \u0633\u0631\u064a\u0629 \u062a\u0627\u0645\u0629\u060c \u0648\u0627\u062d\u0635\u0644 \u0639\u0644\u0649 \u0628\u0639\u0636 \u0627\u0644\u0646\u0635\u0627\u0626\u062d.<br>\u0625\u062c\u0627\u0628\u0627\u062a \u0639\u0644\u0649 \u0623\u0633\u0626\u0644\u062a\u0643.<\/p>\n\n\n\n<p>\u0645\u062c\u0627\u0646\u064a \u0648\u0633\u0631\u064a. \u062a\u0639\u0627\u0644 \u0648\u0642\u0627\u0628\u0644 \u0641\u0631\u0642 \u0639\u0645\u0644 \u0645\u0631\u0643\u0632 CIDFF \u0648\u062a\u062d\u062f\u062b \u0645\u0639\u0647\u0645!<\/p>\n\n\n\n<p><strong>\u0645\u0631\u0643\u0632 \u0627\u0644\u0645\u0639\u0644\u0648\u0645\u0627\u062a \u062d\u0648\u0644 \u062d\u0642\u0648\u0642 \u0627\u0644\u0645\u0631\u0623\u0629 \u0648\u0627\u0644\u0623\u0633\u0631\u0629 \/ \u0628\u0645\u0648\u0639\u062f \u0639\u0644\u0649 \u0627\u0644\u0631\u0642\u0645 06 51 53 76 54<\/strong><\/p>\n\n\n\n<figure class=\"wp-block-image size-large is-resized\"><img loading=\"lazy\" decoding=\"async\" width=\"1024\" height=\"681\" src=\"https:\/\/www.carrefour-de-femmes.org\/app\/uploads\/2025\/08\/authentic-scene-young-person-undergoing-psychological-therapy-1024x681.jpg\" alt=\"\" class=\"wp-image-1484\" style=\"width:353px;height:auto\" srcset=\"https:\/\/www.carrefour-de-femmes.org\/app\/uploads\/2025\/08\/authentic-scene-young-person-undergoing-psychological-therapy-1024x681.jpg 1024w, https:\/\/www.carrefour-de-femmes.org\/app\/uploads\/2025\/08\/authentic-scene-young-person-undergoing-psychological-therapy-300x200.jpg 300w, https:\/\/www.carrefour-de-femmes.org\/app\/uploads\/2025\/08\/authentic-scene-young-person-undergoing-psychological-therapy-768x511.jpg 768w, https:\/\/www.carrefour-de-femmes.org\/app\/uploads\/2025\/08\/authentic-scene-young-person-undergoing-psychological-therapy-1536x1022.jpg 1536w, https:\/\/www.carrefour-de-femmes.org\/app\/uploads\/2025\/08\/authentic-scene-young-person-undergoing-psychological-therapy-2048x1363.jpg 2048w, https:\/\/www.carrefour-de-femmes.org\/app\/uploads\/2025\/08\/authentic-scene-young-person-undergoing-psychological-therapy-18x12.jpg 18w\" sizes=\"auto, (max-width: 1024px) 100vw, 1024px\" \/><\/figure>","protected":false},"excerpt":{"rendered":"<p>Vous pensez \u00eatre concern\u00e9 par des violences (famille\/couple) ou encore de (cyber)harc\u00e8lement ? Venez en discutez en toute confidentialit\u00e9 et obtenez desr\u00e9ponses \u00e0 vos questions. Gratuit et confidentiel. Venez rencontrer et discuter avec les \u00e9quipes du CIDFF ! CIDFF : Centre d&rsquo;Information sur les Droits des Femmes et des Familles \/ Sur rendez-vous au 06 [&hellip;]<\/p>\n","protected":false},"featured_media":1485,"template":"","meta":{"_acf_changed":true,"_uag_custom_page_level_css":""},"event-category":[],"class_list":["post-1552","event","type-event","status-publish","has-post-thumbnail","hentry"],"acf":[],"uagb_featured_image_src":{"full":["https:\/\/www.carrefour-de-femmes.org\/app\/uploads\/2025\/08\/authentic-scene-young-person-undergoing-psychological-therapy-1-scaled.jpg",2560,1703,false],"thumbnail":["https:\/\/www.carrefour-de-femmes.org\/app\/uploads\/2025\/08\/authentic-scene-young-person-undergoing-psychological-therapy-1-150x150.jpg",150,150,true],"medium":["https:\/\/www.carrefour-de-femmes.org\/app\/uploads\/2025\/08\/authentic-scene-young-person-undergoing-psychological-therapy-1-300x200.jpg",300,200,true],"medium_large":["https:\/\/www.carrefour-de-femmes.org\/app\/uploads\/2025\/08\/authentic-scene-young-person-undergoing-psychological-therapy-1-768x511.jpg",768,511,true],"large":["https:\/\/www.carrefour-de-femmes.org\/app\/uploads\/2025\/08\/authentic-scene-young-person-undergoing-psychological-therapy-1-1024x681.jpg",1024,681,true],"1536x1536":["https:\/\/www.carrefour-de-femmes.org\/app\/uploads\/2025\/08\/authentic-scene-young-person-undergoing-psychological-therapy-1-1536x1022.jpg",1536,1022,true],"2048x2048":["https:\/\/www.carrefour-de-femmes.org\/app\/uploads\/2025\/08\/authentic-scene-young-person-undergoing-psychological-therapy-1-2048x1363.jpg",2048,1363,true],"trp-custom-language-flag":["https:\/\/www.carrefour-de-femmes.org\/app\/uploads\/2025\/08\/authentic-scene-young-person-undergoing-psychological-therapy-1-18x12.jpg",18,12,true],"gform-image-choice-sm":["https:\/\/www.carrefour-de-femmes.org\/app\/uploads\/2025\/08\/authentic-scene-young-person-undergoing-psychological-therapy-1-scaled.jpg",300,200,false],"gform-image-choice-md":["https:\/\/www.carrefour-de-femmes.org\/app\/uploads\/2025\/08\/authentic-scene-young-person-undergoing-psychological-therapy-1-scaled.jpg",400,266,false],"gform-image-choice-lg":["https:\/\/www.carrefour-de-femmes.org\/app\/uploads\/2025\/08\/authentic-scene-young-person-undergoing-psychological-therapy-1-scaled.jpg",600,399,false]},"uagb_author_info":{"display_name":"Sheryll Presna","author_link":"https:\/\/www.carrefour-de-femmes.org\/ar\/actualites\/author\/"},"uagb_comment_info":0,"uagb_excerpt":"Vous pensez \u00eatre concern\u00e9 par des violences (famille\/couple) ou encore de (cyber)harc\u00e8lement ? Venez en discutez en toute confidentialit\u00e9 et obtenez desr\u00e9ponses \u00e0 vos questions. Gratuit et confidentiel. Venez rencontrer et discuter avec les \u00e9quipes du CIDFF ! CIDFF : Centre d&rsquo;Information sur les Droits des Femmes et des Familles \/ Sur rendez-vous au 06&hellip;","_links":{"self":[{"href":"https:\/\/www.carrefour-de-femmes.org\/ar\/wp-json\/wp\/v2\/event\/1552","targetHints":{"allow":["GET"]}}],"collection":[{"href":"https:\/\/www.carrefour-de-femmes.org\/ar\/wp-json\/wp\/v2\/event"}],"about":[{"href":"https:\/\/www.carrefour-de-femmes.org\/ar\/wp-json\/wp\/v2\/types\/event"}],"wp:featuredmedia":[{"embeddable":true,"href":"https:\/\/www.carrefour-de-femmes.org\/ar\/wp-json\/wp\/v2\/media\/1485"}],"wp:attachment":[{"href":"https:\/\/www.carrefour-de-femmes.org\/ar\/wp-json\/wp\/v2\/media?parent=1552"}],"wp:term":[{"taxonomy":"event-category","embeddable":true,"href":"https:\/\/www.carrefour-de-femmes.org\/ar\/wp-json\/wp\/v2\/event-category?post=1552"}],"curies":[{"name":"wp","href":"https:\/\/api.w.org\/{rel}","templated":true}]}}

مركز الاستشارات النفسية CIDFF

<p>هل تعتقد أنك قد تكون متأثرًا بالعنف (العائلي/الثنائي) أو التحرش (الإلكتروني)؟ تعال وتحدث إلينا عن ذلك في سرية تامة، واحصل على بعض النصائح.<br>إجابات على أسئلتك.</p>



<p>مجاني وسري. تعال وقابل فرق عمل مركز CIDFF وتحدث معهم!</p>



<p><strong>مركز المعلومات حول حقوق المرأة والأسرة / بموعد على الرقم 06 51 53 76 54</strong></p>



<figure class="wp-block-image size-large is-resized"><img loading="lazy" decoding="async" width="1024" height="681" src="https://www.carrefour-de-femmes.org/app/uploads/2025/08/authentic-scene-young-person-undergoing-psychological-therapy-1024x681.jpg" alt="" class="wp-image-1484" style="width:353px;height:auto" srcset="https://www.carrefour-de-femmes.org/app/uploads/2025/08/authentic-scene-young-person-undergoing-psychological-therapy-1024x681.jpg 1024w, https://www.carrefour-de-femmes.org/app/uploads/2025/08/authentic-scene-young-person-undergoing-psychological-therapy-300x200.jpg 300w, https://www.carrefour-de-femmes.org/app/uploads/2025/08/authentic-scene-young-person-undergoing-psychological-therapy-768x511.jpg 768w, https://www.carrefour-de-femmes.org/app/uploads/2025/08/authentic-scene-young-person-undergoing-psychological-therapy-1536x1022.jpg 1536w, https://www.carrefour-de-femmes.org/app/uploads/2025/08/authentic-scene-young-person-undergoing-psychological-therapy-2048x1363.jpg 2048w, https://www.carrefour-de-femmes.org/app/uploads/2025/08/authentic-scene-young-person-undergoing-psychological-therapy-18x12.jpg 18w" sizes="auto, (max-width: 1024px) 100vw, 1024px" /></figure>

<p>Vous pensez être concerné par des violences (famille/couple) ou encore de (cyber)harcèlement ? Venez en discutez en toute confidentialité et obtenez desréponses à vos questions. Gratuit et confidentiel. Venez rencontrer et discuter avec les équipes du CIDFF ! CIDFF : Centre d&rsquo;Information sur les Droits des Femmes et des Familles / Sur rendez-vous au 06 [&hellip;]</p>

Vous pensez être concerné par des violences (famille/couple) ou encore de (cyber)harcèlement ? Venez en discutez en toute confidentialité et obtenez desréponses à vos questions. Gratuit et confidentiel. Venez rencontrer et discuter avec les équipes du CIDFF ! CIDFF : Centre d&rsquo;Information sur les Droits des Femmes et des Familles / Sur rendez-vous au 06&hellip;
