{"id":1508,"date":"2025-08-01T14:32:23","date_gmt":"2025-08-01T13:32:23","guid":{"rendered":"https:\/\/www.carrefour-de-femmes.org\/?post_type=event&#038;p=1508"},"modified":"2026-03-30T10:27:03","modified_gmt":"2026-03-30T09:27:03","slug":"%d8%aa%d8%b9%d8%b2%d9%8a%d8%b2-%d8%a7%d9%84%d8%a5%d9%8a%d8%ac%d8%a7%d8%b1-1-2-1-3-%d9%85%d9%88%d8%b3%d9%8a%d9%82%d9%89-%d8%a7%d9%84%d9%83%d8%a7%d8%b1%d9%8a%d9%88%d9%83%d9%8a","status":"publish","type":"event","link":"https:\/\/www.carrefour-de-femmes.org\/ar\/evenements\/boost-ta-rentree-1-2-3-musique-karaoke\/","title":{"rendered":"1\u060c 2\u060c 2\u060c 3 ... \u0645\u0648\u0633\u064a\u0642\u0649! \u0643\u0627\u0631\u064a\u0648\u0643\u064a\u0644\u0632"},"content":{"rendered":"<p>\u0645\u064a\u0643\u0631\u0648\u0641\u0648\u0646 \u0648\u0628\u0639\u0636 \u0627\u0644\u0635\u062f\u064a\u0642\u0627\u062a \u0648\u062d\u0631\u064a\u0629 \u0627\u0644\u062a\u0623\u0644\u0642! \u0627\u0646\u0636\u0645\u064a \u0625\u0644\u064a\u0646\u0627 \u0641\u064a \u0623\u0645\u0633\u064a\u0629 \u0643\u0627\u0631\u064a\u0648\u0643\u064a 100% \u0623\u0646\u062b\u0648\u064a\u0629 \u0648\u0645\u0645\u062a\u0639\u0629 \u0648\u063a\u064a\u0631 \u0627\u0646\u062a\u0642\u0627\u062f\u064a\u0629!<\/p>\n\n\n\n<figure class=\"wp-block-image size-full is-resized\"><img loading=\"lazy\" decoding=\"async\" width=\"954\" height=\"635\" src=\"https:\/\/www.carrefour-de-femmes.org\/app\/uploads\/2025\/08\/karaoke.png\" alt=\"\" class=\"wp-image-1509\" style=\"width:429px;height:auto\" srcset=\"https:\/\/www.carrefour-de-femmes.org\/app\/uploads\/2025\/08\/karaoke.png 954w, https:\/\/www.carrefour-de-femmes.org\/app\/uploads\/2025\/08\/karaoke-300x200.png 300w, https:\/\/www.carrefour-de-femmes.org\/app\/uploads\/2025\/08\/karaoke-768x511.png 768w, https:\/\/www.carrefour-de-femmes.org\/app\/uploads\/2025\/08\/karaoke-18x12.png 18w\" sizes=\"auto, (max-width: 954px) 100vw, 954px\" \/><\/figure>","protected":false},"excerpt":{"rendered":"<p>\u0645\u064a\u0643\u0631\u0648\u0641\u0648\u0646 \u0648\u0628\u0639\u0636 \u0627\u0644\u0635\u062f\u064a\u0642\u0627\u062a \u0648\u062d\u0631\u064a\u0629 \u0627\u0644\u062a\u0623\u0644\u0642! \u0627\u0646\u0636\u0645\u064a \u0625\u0644\u064a\u0646\u0627 \u0641\u064a \u0623\u0645\u0633\u064a\u0629 \u0643\u0627\u0631\u064a\u0648\u0643\u064a 100% \u0623\u0646\u062b\u0648\u064a\u0629 \u0648\u0645\u0645\u062a\u0639\u0629 \u0648\u063a\u064a\u0631 \u0627\u0646\u062a\u0642\u0627\u062f\u064a\u0629!<\/p>","protected":false},"featured_media":1509,"template":"","meta":{"_acf_changed":true,"_uag_custom_page_level_css":""},"event-category":[],"class_list":["post-1508","event","type-event","status-publish","has-post-thumbnail","hentry"],"acf":[],"uagb_featured_image_src":{"full":["https:\/\/www.carrefour-de-femmes.org\/app\/uploads\/2025\/08\/karaoke.png",954,635,false],"thumbnail":["https:\/\/www.carrefour-de-femmes.org\/app\/uploads\/2025\/08\/karaoke-150x150.png",150,150,true],"medium":["https:\/\/www.carrefour-de-femmes.org\/app\/uploads\/2025\/08\/karaoke-300x200.png",300,200,true],"medium_large":["https:\/\/www.carrefour-de-femmes.org\/app\/uploads\/2025\/08\/karaoke-768x511.png",768,511,true],"large":["https:\/\/www.carrefour-de-femmes.org\/app\/uploads\/2025\/08\/karaoke.png",954,635,false],"1536x1536":["https:\/\/www.carrefour-de-femmes.org\/app\/uploads\/2025\/08\/karaoke.png",954,635,false],"2048x2048":["https:\/\/www.carrefour-de-femmes.org\/app\/uploads\/2025\/08\/karaoke.png",954,635,false],"trp-custom-language-flag":["https:\/\/www.carrefour-de-femmes.org\/app\/uploads\/2025\/08\/karaoke-18x12.png",18,12,true],"gform-image-choice-sm":["https:\/\/www.carrefour-de-femmes.org\/app\/uploads\/2025\/08\/karaoke.png",300,200,false],"gform-image-choice-md":["https:\/\/www.carrefour-de-femmes.org\/app\/uploads\/2025\/08\/karaoke.png",400,266,false],"gform-image-choice-lg":["https:\/\/www.carrefour-de-femmes.org\/app\/uploads\/2025\/08\/karaoke.png",600,399,false]},"uagb_author_info":{"display_name":"Sheryll Presna","author_link":"https:\/\/www.carrefour-de-femmes.org\/ar\/actualites\/author\/"},"uagb_comment_info":0,"uagb_excerpt":"Un micro, des copines, et la libert\u00e9 de briller ! Rejoins-nous pour une soir\u00e9e karaok\u00e9 100% f\u00e9minine, fun et sans jugement !","_links":{"self":[{"href":"https:\/\/www.carrefour-de-femmes.org\/ar\/wp-json\/wp\/v2\/event\/1508","targetHints":{"allow":["GET"]}}],"collection":[{"href":"https:\/\/www.carrefour-de-femmes.org\/ar\/wp-json\/wp\/v2\/event"}],"about":[{"href":"https:\/\/www.carrefour-de-femmes.org\/ar\/wp-json\/wp\/v2\/types\/event"}],"wp:featuredmedia":[{"embeddable":true,"href":"https:\/\/www.carrefour-de-femmes.org\/ar\/wp-json\/wp\/v2\/media\/1509"}],"wp:attachment":[{"href":"https:\/\/www.carrefour-de-femmes.org\/ar\/wp-json\/wp\/v2\/media?parent=1508"}],"wp:term":[{"taxonomy":"event-category","embeddable":true,"href":"https:\/\/www.carrefour-de-femmes.org\/ar\/wp-json\/wp\/v2\/event-category?post=1508"}],"curies":[{"name":"wp","href":"https:\/\/api.w.org\/{rel}","templated":true}]}}

1، 2، 2، 3 ... موسيقى! كاريوكيلز

<p>ميكروفون وبعض الصديقات وحرية التألق! انضمي إلينا في أمسية كاريوكي 100% أنثوية وممتعة وغير انتقادية!</p>



<figure class="wp-block-image size-full is-resized"><img loading="lazy" decoding="async" width="954" height="635" src="https://www.carrefour-de-femmes.org/app/uploads/2025/08/karaoke.png" alt="" class="wp-image-1509" style="width:429px;height:auto" srcset="https://www.carrefour-de-femmes.org/app/uploads/2025/08/karaoke.png 954w, https://www.carrefour-de-femmes.org/app/uploads/2025/08/karaoke-300x200.png 300w, https://www.carrefour-de-femmes.org/app/uploads/2025/08/karaoke-768x511.png 768w, https://www.carrefour-de-femmes.org/app/uploads/2025/08/karaoke-18x12.png 18w" sizes="auto, (max-width: 954px) 100vw, 954px" /></figure>

<p>ميكروفون وبعض الصديقات وحرية التألق! انضمي إلينا في أمسية كاريوكي 100% أنثوية وممتعة وغير انتقادية!</p>

Un micro, des copines, et la liberté de briller ! Rejoins-nous pour une soirée karaoké 100% féminine, fun et sans jugement !
