{"id":1502,"date":"2025-08-01T13:58:06","date_gmt":"2025-08-01T12:58:06","guid":{"rendered":"https:\/\/www.carrefour-de-femmes.org\/?post_type=event&#038;p=1502"},"modified":"2025-08-27T10:03:56","modified_gmt":"2025-08-27T09:03:56","slug":"%d9%88%d8%b1%d8%b4%d8%a9-%d8%b9%d9%85%d9%84-%d8%a7%d8%ac%d8%aa%d9%85%d8%a7%d8%b9%d9%8a%d8%a9-%d9%84%d8%ba%d9%88%d9%8a%d8%a9","status":"publish","type":"event","link":"https:\/\/www.carrefour-de-femmes.org\/ar\/evenements\/atelier-socio-linguistique\/","title":{"rendered":"\u0648\u0631\u0634\u0629 \u0639\u0645\u0644 \u0627\u062c\u062a\u0645\u0627\u0639\u064a\u0629-\u0644\u063a\u0648\u064a\u0629"},"content":{"rendered":"<p>\u0647\u0644 \u0623\u0646\u062a \u0627\u0645\u0631\u0623\u0629 \u0623\u062c\u0646\u0628\u064a\u0629 \u062a\u0639\u0627\u0646\u064a \u0645\u0646 \u0635\u0639\u0648\u0628\u0629 \u0641\u064a \u0627\u0644\u0644\u063a\u0629 \u0627\u0644\u0641\u0631\u0646\u0633\u064a\u0629\u061f \u0647\u0630\u0627 \u0645\u0648\u0639\u062f \u0644\u0627 \u064a\u0646\u0628\u063a\u064a \u062a\u0641\u0648\u064a\u062a\u0647 \u0644\u062a\u062a\u0639\u0644\u0645 \u0623\u0633\u0627\u0633\u064a\u0627\u062a \u0627\u0644\u0644\u063a\u0629 \u0627\u0644\u0641\u0631\u0646\u0633\u064a\u0629 \u0628\u0627\u0644\u0633\u0631\u0639\u0629 \u0627\u0644\u062a\u064a \u062a\u0646\u0627\u0633\u0628\u0643.<\/p>\n\n\n\n<p>\ud83d\udc49 \u0627\u0644\u062f\u0639\u0645 \u0627\u0644\u0645\u0646\u0627\u0633\u0628 \u0644\u0645\u0633\u0627\u0639\u062f\u062a\u0643 \u0639\u0644\u0649 \u0627\u0644\u062a\u0642\u062f\u0645 \u0628\u062b\u0642\u0629!<\/p>\n\n\n\n<p><strong>\u0645\u0646 \u0642\u0628\u0644 \u0627\u0644\u0646\u0633\u0627\u0621<\/strong> <strong>\u0628\u0644\u0627 \u062d\u062f\u0648\u062f,<\/strong> \u062c\u0645\u0639\u064a\u0629 \u0643\u0631\u064a\u0644\u0648\u0627\u0632<\/p>\n\n\n\n<h2 class=\"wp-block-heading\"><strong>\u0633\u062c\u0644 \u0641\u064a coordination@alphafle.org<\/strong><\/h2>\n\n\n\n<figure class=\"wp-block-image size-large is-resized\"><img loading=\"lazy\" decoding=\"async\" width=\"1024\" height=\"791\" src=\"https:\/\/www.carrefour-de-femmes.org\/app\/uploads\/2025\/08\/group-women-reading-together-books-1024x791.jpg\" alt=\"\" class=\"wp-image-1503\" style=\"width:551px;height:auto\" srcset=\"https:\/\/www.carrefour-de-femmes.org\/app\/uploads\/2025\/08\/group-women-reading-together-books-1024x791.jpg 1024w, https:\/\/www.carrefour-de-femmes.org\/app\/uploads\/2025\/08\/group-women-reading-together-books-300x232.jpg 300w, https:\/\/www.carrefour-de-femmes.org\/app\/uploads\/2025\/08\/group-women-reading-together-books-768x593.jpg 768w, https:\/\/www.carrefour-de-femmes.org\/app\/uploads\/2025\/08\/group-women-reading-together-books-1536x1187.jpg 1536w, https:\/\/www.carrefour-de-femmes.org\/app\/uploads\/2025\/08\/group-women-reading-together-books-2048x1582.jpg 2048w, https:\/\/www.carrefour-de-femmes.org\/app\/uploads\/2025\/08\/group-women-reading-together-books-16x12.jpg 16w\" sizes=\"auto, (max-width: 1024px) 100vw, 1024px\" \/><\/figure>","protected":false},"excerpt":{"rendered":"<p>Vous \u00eates une femme \u00e9trang\u00e8re et vous avez des difficult\u00e9s avec le fran\u00e7ais ? Un rendez-vous \u00e0 ne pas manquer pour revoir les bases \u00e0 votre rythme. \ud83d\udc49 Un accompagnement adapt\u00e9 pour progresser en toute confiance ! Par Femmes Sans Fronti\u00e8res, association creilloise Sur inscription \u00e0 coordination@alphafle.org<\/p>","protected":false},"featured_media":1503,"template":"","meta":{"_acf_changed":true,"_uag_custom_page_level_css":""},"event-category":[],"class_list":["post-1502","event","type-event","status-publish","has-post-thumbnail","hentry"],"acf":[],"uagb_featured_image_src":{"full":["https:\/\/www.carrefour-de-femmes.org\/app\/uploads\/2025\/08\/group-women-reading-together-books-scaled.jpg",2560,1978,false],"thumbnail":["https:\/\/www.carrefour-de-femmes.org\/app\/uploads\/2025\/08\/group-women-reading-together-books-150x150.jpg",150,150,true],"medium":["https:\/\/www.carrefour-de-femmes.org\/app\/uploads\/2025\/08\/group-women-reading-together-books-300x232.jpg",300,232,true],"medium_large":["https:\/\/www.carrefour-de-femmes.org\/app\/uploads\/2025\/08\/group-women-reading-together-books-768x593.jpg",768,593,true],"large":["https:\/\/www.carrefour-de-femmes.org\/app\/uploads\/2025\/08\/group-women-reading-together-books-1024x791.jpg",1024,791,true],"1536x1536":["https:\/\/www.carrefour-de-femmes.org\/app\/uploads\/2025\/08\/group-women-reading-together-books-1536x1187.jpg",1536,1187,true],"2048x2048":["https:\/\/www.carrefour-de-femmes.org\/app\/uploads\/2025\/08\/group-women-reading-together-books-2048x1582.jpg",2048,1582,true],"trp-custom-language-flag":["https:\/\/www.carrefour-de-femmes.org\/app\/uploads\/2025\/08\/group-women-reading-together-books-16x12.jpg",16,12,true],"gform-image-choice-sm":["https:\/\/www.carrefour-de-femmes.org\/app\/uploads\/2025\/08\/group-women-reading-together-books-scaled.jpg",300,232,false],"gform-image-choice-md":["https:\/\/www.carrefour-de-femmes.org\/app\/uploads\/2025\/08\/group-women-reading-together-books-scaled.jpg",400,309,false],"gform-image-choice-lg":["https:\/\/www.carrefour-de-femmes.org\/app\/uploads\/2025\/08\/group-women-reading-together-books-scaled.jpg",600,464,false]},"uagb_author_info":{"display_name":"Sheryll Presna","author_link":"https:\/\/www.carrefour-de-femmes.org\/ar\/actualites\/author\/"},"uagb_comment_info":0,"uagb_excerpt":"Vous \u00eates une femme \u00e9trang\u00e8re et vous avez des difficult\u00e9s avec le fran\u00e7ais ? Un rendez-vous \u00e0 ne pas manquer pour revoir les bases \u00e0 votre rythme. \ud83d\udc49 Un accompagnement adapt\u00e9 pour progresser en toute confiance ! Par Femmes Sans Fronti\u00e8res, association creilloise Sur inscription \u00e0 coordination@alphafle.org","_links":{"self":[{"href":"https:\/\/www.carrefour-de-femmes.org\/ar\/wp-json\/wp\/v2\/event\/1502","targetHints":{"allow":["GET"]}}],"collection":[{"href":"https:\/\/www.carrefour-de-femmes.org\/ar\/wp-json\/wp\/v2\/event"}],"about":[{"href":"https:\/\/www.carrefour-de-femmes.org\/ar\/wp-json\/wp\/v2\/types\/event"}],"wp:featuredmedia":[{"embeddable":true,"href":"https:\/\/www.carrefour-de-femmes.org\/ar\/wp-json\/wp\/v2\/media\/1503"}],"wp:attachment":[{"href":"https:\/\/www.carrefour-de-femmes.org\/ar\/wp-json\/wp\/v2\/media?parent=1502"}],"wp:term":[{"taxonomy":"event-category","embeddable":true,"href":"https:\/\/www.carrefour-de-femmes.org\/ar\/wp-json\/wp\/v2\/event-category?post=1502"}],"curies":[{"name":"wp","href":"https:\/\/api.w.org\/{rel}","templated":true}]}}

ورشة عمل اجتماعية-لغوية

<p>هل أنت امرأة أجنبية تعاني من صعوبة في اللغة الفرنسية؟ هذا موعد لا ينبغي تفويته لتتعلم أساسيات اللغة الفرنسية بالسرعة التي تناسبك.</p>



<p>👉 الدعم المناسب لمساعدتك على التقدم بثقة!</p>



<p><strong>من قبل النساء</strong> <strong>بلا حدود,</strong> جمعية كريلواز</p>



<h2 class="wp-block-heading"><strong>سجل في coordination@alphafle.org</strong></h2>



<figure class="wp-block-image size-large is-resized"><img loading="lazy" decoding="async" width="1024" height="791" src="https://www.carrefour-de-femmes.org/app/uploads/2025/08/group-women-reading-together-books-1024x791.jpg" alt="" class="wp-image-1503" style="width:551px;height:auto" srcset="https://www.carrefour-de-femmes.org/app/uploads/2025/08/group-women-reading-together-books-1024x791.jpg 1024w, https://www.carrefour-de-femmes.org/app/uploads/2025/08/group-women-reading-together-books-300x232.jpg 300w, https://www.carrefour-de-femmes.org/app/uploads/2025/08/group-women-reading-together-books-768x593.jpg 768w, https://www.carrefour-de-femmes.org/app/uploads/2025/08/group-women-reading-together-books-1536x1187.jpg 1536w, https://www.carrefour-de-femmes.org/app/uploads/2025/08/group-women-reading-together-books-2048x1582.jpg 2048w, https://www.carrefour-de-femmes.org/app/uploads/2025/08/group-women-reading-together-books-16x12.jpg 16w" sizes="auto, (max-width: 1024px) 100vw, 1024px" /></figure>

<p>Vous êtes une femme étrangère et vous avez des difficultés avec le français ? Un rendez-vous à ne pas manquer pour revoir les bases à votre rythme. 👉 Un accompagnement adapté pour progresser en toute confiance ! Par Femmes Sans Frontières, association creilloise Sur inscription à coordination@alphafle.org</p>

Vous êtes une femme étrangère et vous avez des difficultés avec le français ? Un rendez-vous à ne pas manquer pour revoir les bases à votre rythme. 👉 Un accompagnement adapté pour progresser en toute confiance ! Par Femmes Sans Frontières, association creilloise Sur inscription à coordination@alphafle.org
