{"id":1488,"date":"2025-08-01T12:52:19","date_gmt":"2025-08-01T11:52:19","guid":{"rendered":"https:\/\/www.carrefour-de-femmes.org\/?post_type=event&#038;p=1488"},"modified":"2026-03-30T11:01:02","modified_gmt":"2026-03-30T10:01:02","slug":"%d8%af%d9%88%d8%a7%d9%85-%d8%b1%d9%8a%d8%a7%d8%af%d8%a9-%d8%a7%d9%84%d8%a3%d8%b9%d9%85%d8%a7%d9%84-%d8%a7%d9%84%d8%aa%d8%ac%d8%a7%d8%b1%d9%8a%d8%a9-bge-%d8%a8%d9%8a%d9%83%d8%a7%d8%b1%d8%af%d9%8a","status":"publish","type":"event","link":"https:\/\/www.carrefour-de-femmes.org\/ar\/evenements\/permanence-entrepreneuriat-bge-picardie\/","title":{"rendered":"\u0645\u0643\u062a\u0628 \u0628\u064a \u062c\u064a \u0625\u064a \u0628\u064a\u0643\u0627\u0631\u062f\u064a \u0644\u0631\u064a\u0627\u062f\u0629 \u0627\u0644\u0623\u0639\u0645\u0627\u0644"},"content":{"rendered":"<p>\u0647\u0644 \u062a\u0631\u063a\u0628 \u0641\u064a \u062a\u0623\u0633\u064a\u0633 \u0634\u0631\u0643\u0629 \u0623\u0648 \u062a\u0648\u0644\u064a \u0625\u062f\u0627\u0631\u0629 \u0634\u0631\u0643\u0629\u061f \u064a\u0645\u0643\u0646 \u0623\u0646 \u062a\u0633\u0627\u0639\u062f\u0643 \u0633\u0627\u0631\u0629 \u0641\u064a \u0627\u0644\u0628\u062f\u0621!<\/p>\n\n\n\n<p><strong><em>\u0628\u0648\u0627\u0633\u0637\u0629 \u0628\u064a \u062c\u064a \u062c\u064a \u0628\u064a\u0643\u0627\u0631\u062f\u064a<\/em><\/strong> \u0627\u0644\u0634\u0628\u0643\u0629 \u0627\u0644\u0625\u0642\u0644\u064a\u0645\u064a\u0629 \u0627\u0644\u0623\u0648\u0644\u0649 \u0627\u0644\u062a\u064a \u062a\u0642\u062f\u0645 \u0627\u0644\u062f\u0639\u0645 \u0648\u0627\u0644\u0645\u0633\u0627\u0639\u062f\u0629 \u0644\u0644\u0634\u0631\u0643\u0627\u062a \u0627\u0644\u0646\u0627\u0634\u0626\u0629. BGE = Boutique de Gestion<\/p>\n\n\n\n<h2 class=\"wp-block-heading\"><strong><em>\u0639\u0646 \u0637\u0631\u064a\u0642 \u0627\u0644\u062a\u0639\u064a\u064a\u0646 \u0641\u064a<\/em><\/strong> <strong><em>09 70 80 02 17<\/em><\/strong><\/h2>\n\n\n\n<figure class=\"wp-block-image size-large is-resized\"><img loading=\"lazy\" decoding=\"async\" width=\"1024\" height=\"683\" src=\"https:\/\/www.carrefour-de-femmes.org\/app\/uploads\/2025\/08\/high-angle-females-looking-tablet-1024x683.jpg\" alt=\"\" class=\"wp-image-1489\" style=\"width:430px;height:auto\" srcset=\"https:\/\/www.carrefour-de-femmes.org\/app\/uploads\/2025\/08\/high-angle-females-looking-tablet-1024x683.jpg 1024w, https:\/\/www.carrefour-de-femmes.org\/app\/uploads\/2025\/08\/high-angle-females-looking-tablet-300x200.jpg 300w, https:\/\/www.carrefour-de-femmes.org\/app\/uploads\/2025\/08\/high-angle-females-looking-tablet-768x513.jpg 768w, https:\/\/www.carrefour-de-femmes.org\/app\/uploads\/2025\/08\/high-angle-females-looking-tablet-1536x1025.jpg 1536w, https:\/\/www.carrefour-de-femmes.org\/app\/uploads\/2025\/08\/high-angle-females-looking-tablet-2048x1367.jpg 2048w, https:\/\/www.carrefour-de-femmes.org\/app\/uploads\/2025\/08\/high-angle-females-looking-tablet-18x12.jpg 18w\" sizes=\"auto, (max-width: 1024px) 100vw, 1024px\" \/><\/figure>","protected":false},"excerpt":{"rendered":"<p>Envie de cr\u00e9er ou reprendre une entreprise ? Sarah vous accompagne dans vos d\u00e9marches ! par BGE Picardie 1er r\u00e9seau r\u00e9gional d&rsquo;accompagnement et d&rsquo;aide \u00e0 la cr\u00e9ation d&rsquo;entreprise. BGE = Boutique de Gestion Sur rendez-vous au 09 70 80 02 17<\/p>","protected":false},"featured_media":1489,"template":"","meta":{"_acf_changed":true,"_uag_custom_page_level_css":""},"event-category":[],"class_list":["post-1488","event","type-event","status-publish","has-post-thumbnail","hentry"],"acf":[],"uagb_featured_image_src":{"full":["https:\/\/www.carrefour-de-femmes.org\/app\/uploads\/2025\/08\/high-angle-females-looking-tablet-scaled.jpg",2560,1708,false],"thumbnail":["https:\/\/www.carrefour-de-femmes.org\/app\/uploads\/2025\/08\/high-angle-females-looking-tablet-150x150.jpg",150,150,true],"medium":["https:\/\/www.carrefour-de-femmes.org\/app\/uploads\/2025\/08\/high-angle-females-looking-tablet-300x200.jpg",300,200,true],"medium_large":["https:\/\/www.carrefour-de-femmes.org\/app\/uploads\/2025\/08\/high-angle-females-looking-tablet-768x513.jpg",768,513,true],"large":["https:\/\/www.carrefour-de-femmes.org\/app\/uploads\/2025\/08\/high-angle-females-looking-tablet-1024x683.jpg",1024,683,true],"1536x1536":["https:\/\/www.carrefour-de-femmes.org\/app\/uploads\/2025\/08\/high-angle-females-looking-tablet-1536x1025.jpg",1536,1025,true],"2048x2048":["https:\/\/www.carrefour-de-femmes.org\/app\/uploads\/2025\/08\/high-angle-females-looking-tablet-2048x1367.jpg",2048,1367,true],"trp-custom-language-flag":["https:\/\/www.carrefour-de-femmes.org\/app\/uploads\/2025\/08\/high-angle-females-looking-tablet-18x12.jpg",18,12,true],"gform-image-choice-sm":["https:\/\/www.carrefour-de-femmes.org\/app\/uploads\/2025\/08\/high-angle-females-looking-tablet-scaled.jpg",300,200,false],"gform-image-choice-md":["https:\/\/www.carrefour-de-femmes.org\/app\/uploads\/2025\/08\/high-angle-females-looking-tablet-scaled.jpg",400,267,false],"gform-image-choice-lg":["https:\/\/www.carrefour-de-femmes.org\/app\/uploads\/2025\/08\/high-angle-females-looking-tablet-scaled.jpg",600,400,false]},"uagb_author_info":{"display_name":"Sheryll Presna","author_link":"https:\/\/www.carrefour-de-femmes.org\/ar\/actualites\/author\/"},"uagb_comment_info":0,"uagb_excerpt":"Envie de cr\u00e9er ou reprendre une entreprise ? Sarah vous accompagne dans vos d\u00e9marches ! par BGE Picardie 1er r\u00e9seau r\u00e9gional d&rsquo;accompagnement et d&rsquo;aide \u00e0 la cr\u00e9ation d&rsquo;entreprise. BGE = Boutique de Gestion Sur rendez-vous au 09 70 80 02 17","_links":{"self":[{"href":"https:\/\/www.carrefour-de-femmes.org\/ar\/wp-json\/wp\/v2\/event\/1488","targetHints":{"allow":["GET"]}}],"collection":[{"href":"https:\/\/www.carrefour-de-femmes.org\/ar\/wp-json\/wp\/v2\/event"}],"about":[{"href":"https:\/\/www.carrefour-de-femmes.org\/ar\/wp-json\/wp\/v2\/types\/event"}],"wp:featuredmedia":[{"embeddable":true,"href":"https:\/\/www.carrefour-de-femmes.org\/ar\/wp-json\/wp\/v2\/media\/1489"}],"wp:attachment":[{"href":"https:\/\/www.carrefour-de-femmes.org\/ar\/wp-json\/wp\/v2\/media?parent=1488"}],"wp:term":[{"taxonomy":"event-category","embeddable":true,"href":"https:\/\/www.carrefour-de-femmes.org\/ar\/wp-json\/wp\/v2\/event-category?post=1488"}],"curies":[{"name":"wp","href":"https:\/\/api.w.org\/{rel}","templated":true}]}}

مكتب بي جي إي بيكاردي لريادة الأعمال

<p>هل ترغب في تأسيس شركة أو تولي إدارة شركة؟ يمكن أن تساعدك سارة في البدء!</p>



<p><strong><em>بواسطة بي جي جي بيكاردي</em></strong> الشبكة الإقليمية الأولى التي تقدم الدعم والمساعدة للشركات الناشئة. BGE = Boutique de Gestion</p>



<h2 class="wp-block-heading"><strong><em>عن طريق التعيين في</em></strong> <strong><em>09 70 80 02 17</em></strong></h2>



<figure class="wp-block-image size-large is-resized"><img loading="lazy" decoding="async" width="1024" height="683" src="https://www.carrefour-de-femmes.org/app/uploads/2025/08/high-angle-females-looking-tablet-1024x683.jpg" alt="" class="wp-image-1489" style="width:430px;height:auto" srcset="https://www.carrefour-de-femmes.org/app/uploads/2025/08/high-angle-females-looking-tablet-1024x683.jpg 1024w, https://www.carrefour-de-femmes.org/app/uploads/2025/08/high-angle-females-looking-tablet-300x200.jpg 300w, https://www.carrefour-de-femmes.org/app/uploads/2025/08/high-angle-females-looking-tablet-768x513.jpg 768w, https://www.carrefour-de-femmes.org/app/uploads/2025/08/high-angle-females-looking-tablet-1536x1025.jpg 1536w, https://www.carrefour-de-femmes.org/app/uploads/2025/08/high-angle-females-looking-tablet-2048x1367.jpg 2048w, https://www.carrefour-de-femmes.org/app/uploads/2025/08/high-angle-females-looking-tablet-18x12.jpg 18w" sizes="auto, (max-width: 1024px) 100vw, 1024px" /></figure>

<p>Envie de créer ou reprendre une entreprise ? Sarah vous accompagne dans vos démarches ! par BGE Picardie 1er réseau régional d&rsquo;accompagnement et d&rsquo;aide à la création d&rsquo;entreprise. BGE = Boutique de Gestion Sur rendez-vous au 09 70 80 02 17</p>

Envie de créer ou reprendre une entreprise ? Sarah vous accompagne dans vos démarches ! par BGE Picardie 1er réseau régional d&rsquo;accompagnement et d&rsquo;aide à la création d&rsquo;entreprise. BGE = Boutique de Gestion Sur rendez-vous au 09 70 80 02 17
