{"id":1432,"date":"2025-07-01T09:00:42","date_gmt":"2025-07-01T08:00:42","guid":{"rendered":"https:\/\/www.carrefour-de-femmes.org\/?post_type=event&#038;p=1432"},"modified":"2025-07-15T09:41:12","modified_gmt":"2025-07-15T08:41:12","slug":"%d8%a7%d9%84%d8%af%d8%b9%d9%85-%d8%a7%d9%84%d9%86%d9%81%d8%b3%d9%8a-%d9%85%d9%86-%d9%85%d8%b1%d9%83%d8%b2-%d8%a7%d9%84%d8%af%d8%b9%d9%85-%d8%a7%d9%84%d9%86%d9%81%d8%b3%d9%8a-%d9%84%d9%84%d8%a3%d8%b7","status":"publish","type":"event","link":"https:\/\/www.carrefour-de-femmes.org\/ar\/evenements\/permanence-psychologique-du-cidff\/","title":{"rendered":"\u062e\u0637 \u0627\u0644\u0645\u0633\u0627\u0639\u062f\u0629 \u0627\u0644\u0646\u0641\u0633\u064a\u0629"},"content":{"rendered":"<p>\u0647\u0644 \u0644\u062f\u064a\u0643 \u0623\u0633\u0626\u0644\u0629 \u062d\u0648\u0644 \u0623\u0645\u0648\u0631 \u0634\u062e\u0635\u064a\u0629 \u0648\/\u0623\u0648 \u0645\u0647\u0646\u064a\u0629\u061f \u0647\u0644 \u062a\u062d\u062a\u0627\u062c \u0625\u0644\u0649 \u0625\u062c\u0627\u0628\u0627\u062a \u0623\u0648 \u062f\u0639\u0645 \u0623\u0648 \u0645\u062c\u0631\u062f \u0627\u0644\u0627\u0633\u062a\u0645\u0627\u0639 \u0625\u0644\u064a\u0643\u061f \u062a\u0639\u0627\u0644 \u0648\u0642\u0627\u0628\u0644 \u0641\u0631\u0642 \u0639\u0645\u0644 \u0645\u0631\u0643\u0632 CIDFF \u0648\u062a\u062d\u062f\u062b \u0645\u0639\u0647\u0645! \u0633\u064a\u062c\u064a\u0628\u0648\u0646 \u0639\u0644\u0649 \u062c\u0645\u064a\u0639 \u0623\u0633\u0626\u0644\u062a\u0643!<\/p>\n\n\n\n<p><em><strong>\u0648\u0631\u0634\u0629 \u0639\u0645\u0644 \u064a\u0642\u062f\u0645\u0647\u0627 \u0645\u0631\u0643\u0632 \u0627\u0644\u0645\u0639\u0644\u0648\u0645\u0627\u062a \u062d\u0648\u0644 \u062d\u0642\u0648\u0642 \u0627\u0644\u0645\u0631\u0623\u0629 \u0648\u0627\u0644\u0623\u0633\u0631\u0629 (\u0645\u0631\u0643\u0632 \u0627\u0644\u0645\u0639\u0644\u0648\u0645\u0627\u062a \u062d\u0648\u0644 \u062d\u0642\u0648\u0642 \u0627\u0644\u0645\u0631\u0623\u0629 \u0648\u0627\u0644\u0623\u0633\u0631\u0629)<\/strong><\/em><\/p>\n\n\n\n<div class=\"wp-block-uagb-image uagb-block-35f2632f wp-block-uagb-image--layout-default wp-block-uagb-image--effect-static wp-block-uagb-image--align-none\"><figure class=\"wp-block-uagb-image__figure\"><img decoding=\"async\" srcset=\"https:\/\/www.carrefour-de-femmes.org\/app\/uploads\/2025\/07\/group-women-high-fiving-1024x683.jpg ,https:\/\/www.carrefour-de-femmes.org\/app\/uploads\/2025\/07\/group-women-high-fiving-scaled.jpg 780w, https:\/\/www.carrefour-de-femmes.org\/app\/uploads\/2025\/07\/group-women-high-fiving-scaled.jpg 360w\" sizes=\"auto, (max-width: 480px) 150px\" src=\"https:\/\/www.carrefour-de-femmes.org\/app\/uploads\/2025\/07\/group-women-high-fiving-1024x683.jpg\" alt=\"\" class=\"uag-image-1453\" width=\"564\" height=\"376\" title=\"\u0645\u062c\u0645\u0648\u0639\u0629-\u0646\u0633\u0627\u0621-\u0645\u0635\u0627\u0641\u062d\u0629-\u0645\u0635\u0627\u0641\u062d\u0629-\u0645\u062c\u0645\u0648\u0639\u0629\" loading=\"lazy\" role=\"img\"\/><\/figure><\/div>","protected":false},"excerpt":{"rendered":"<p>Tu te poses des questions sur des sujets personnels et\/ou professionnels ? Tu as besoin de r\u00e9ponses, d&rsquo;\u00eatre accompagn\u00e9 ou d&rsquo;\u00eatre juste \u00e9cout\u00e9 ? Viens rencontrer et discuter avec les \u00e9quipes du CIDFF ! Elles r\u00e9pondront \u00e0 toutes tes questions ! Atelier propos\u00e9 par le CIDFF (Centre d&rsquo;Information sur les Droits des Femmes et des [&hellip;]<\/p>\n","protected":false},"featured_media":1265,"template":"","meta":{"_acf_changed":true,"_uag_custom_page_level_css":""},"event-category":[],"class_list":["post-1432","event","type-event","status-publish","has-post-thumbnail","hentry"],"acf":[],"uagb_featured_image_src":{"full":["https:\/\/www.carrefour-de-femmes.org\/app\/uploads\/2025\/03\/Logo-CIDFF-60.jpg",779,523,false],"thumbnail":["https:\/\/www.carrefour-de-femmes.org\/app\/uploads\/2025\/03\/Logo-CIDFF-60-150x150.jpg",150,150,true],"medium":["https:\/\/www.carrefour-de-femmes.org\/app\/uploads\/2025\/03\/Logo-CIDFF-60-300x201.jpg",300,201,true],"medium_large":["https:\/\/www.carrefour-de-femmes.org\/app\/uploads\/2025\/03\/Logo-CIDFF-60-768x516.jpg",768,516,true],"large":["https:\/\/www.carrefour-de-femmes.org\/app\/uploads\/2025\/03\/Logo-CIDFF-60.jpg",779,523,false],"1536x1536":["https:\/\/www.carrefour-de-femmes.org\/app\/uploads\/2025\/03\/Logo-CIDFF-60.jpg",779,523,false],"2048x2048":["https:\/\/www.carrefour-de-femmes.org\/app\/uploads\/2025\/03\/Logo-CIDFF-60.jpg",779,523,false],"trp-custom-language-flag":["https:\/\/www.carrefour-de-femmes.org\/app\/uploads\/2025\/03\/Logo-CIDFF-60-18x12.jpg",18,12,true],"gform-image-choice-sm":["https:\/\/www.carrefour-de-femmes.org\/app\/uploads\/2025\/03\/Logo-CIDFF-60.jpg",300,201,false],"gform-image-choice-md":["https:\/\/www.carrefour-de-femmes.org\/app\/uploads\/2025\/03\/Logo-CIDFF-60.jpg",400,269,false],"gform-image-choice-lg":["https:\/\/www.carrefour-de-femmes.org\/app\/uploads\/2025\/03\/Logo-CIDFF-60.jpg",600,403,false]},"uagb_author_info":{"display_name":"Sheryll Presna","author_link":"https:\/\/www.carrefour-de-femmes.org\/ar\/actualites\/author\/"},"uagb_comment_info":0,"uagb_excerpt":"Tu te poses des questions sur des sujets personnels et\/ou professionnels ? Tu as besoin de r\u00e9ponses, d&rsquo;\u00eatre accompagn\u00e9 ou d&rsquo;\u00eatre juste \u00e9cout\u00e9 ? Viens rencontrer et discuter avec les \u00e9quipes du CIDFF ! Elles r\u00e9pondront \u00e0 toutes tes questions ! Atelier propos\u00e9 par le CIDFF (Centre d&rsquo;Information sur les Droits des Femmes et des&hellip;","_links":{"self":[{"href":"https:\/\/www.carrefour-de-femmes.org\/ar\/wp-json\/wp\/v2\/event\/1432","targetHints":{"allow":["GET"]}}],"collection":[{"href":"https:\/\/www.carrefour-de-femmes.org\/ar\/wp-json\/wp\/v2\/event"}],"about":[{"href":"https:\/\/www.carrefour-de-femmes.org\/ar\/wp-json\/wp\/v2\/types\/event"}],"wp:featuredmedia":[{"embeddable":true,"href":"https:\/\/www.carrefour-de-femmes.org\/ar\/wp-json\/wp\/v2\/media\/1265"}],"wp:attachment":[{"href":"https:\/\/www.carrefour-de-femmes.org\/ar\/wp-json\/wp\/v2\/media?parent=1432"}],"wp:term":[{"taxonomy":"event-category","embeddable":true,"href":"https:\/\/www.carrefour-de-femmes.org\/ar\/wp-json\/wp\/v2\/event-category?post=1432"}],"curies":[{"name":"wp","href":"https:\/\/api.w.org\/{rel}","templated":true}]}}

خط المساعدة النفسية

<p>هل لديك أسئلة حول أمور شخصية و/أو مهنية؟ هل تحتاج إلى إجابات أو دعم أو مجرد الاستماع إليك؟ تعال وقابل فرق عمل مركز CIDFF وتحدث معهم! سيجيبون على جميع أسئلتك!</p>



<p><em><strong>ورشة عمل يقدمها مركز المعلومات حول حقوق المرأة والأسرة (مركز المعلومات حول حقوق المرأة والأسرة)</strong></em></p>



<div class="wp-block-uagb-image uagb-block-35f2632f wp-block-uagb-image--layout-default wp-block-uagb-image--effect-static wp-block-uagb-image--align-none"><figure class="wp-block-uagb-image__figure"><img decoding="async" srcset="https://www.carrefour-de-femmes.org/app/uploads/2025/07/group-women-high-fiving-1024x683.jpg ,https://www.carrefour-de-femmes.org/app/uploads/2025/07/group-women-high-fiving-scaled.jpg 780w, https://www.carrefour-de-femmes.org/app/uploads/2025/07/group-women-high-fiving-scaled.jpg 360w" sizes="auto, (max-width: 480px) 150px" src="https://www.carrefour-de-femmes.org/app/uploads/2025/07/group-women-high-fiving-1024x683.jpg" alt="" class="uag-image-1453" width="564" height="376" title="مجموعة-نساء-مصافحة-مصافحة-مجموعة" loading="lazy" role="img"/></figure></div>

<p>Tu te poses des questions sur des sujets personnels et/ou professionnels ? Tu as besoin de réponses, d&rsquo;être accompagné ou d&rsquo;être juste écouté ? Viens rencontrer et discuter avec les équipes du CIDFF ! Elles répondront à toutes tes questions ! Atelier proposé par le CIDFF (Centre d&rsquo;Information sur les Droits des Femmes et des [&hellip;]</p>

Tu te poses des questions sur des sujets personnels et/ou professionnels ? Tu as besoin de réponses, d&rsquo;être accompagné ou d&rsquo;être juste écouté ? Viens rencontrer et discuter avec les équipes du CIDFF ! Elles répondront à toutes tes questions ! Atelier proposé par le CIDFF (Centre d&rsquo;Information sur les Droits des Femmes et des&hellip;
