{"id":1328,"date":"2025-05-02T11:32:07","date_gmt":"2025-05-02T10:32:07","guid":{"rendered":"https:\/\/www.carrefour-de-femmes.org\/?post_type=event&#038;p=1328"},"modified":"2025-05-02T11:34:45","modified_gmt":"2025-05-02T10:34:45","slug":"%d8%a7%d9%84%d9%85%d9%83%d8%aa%d8%a8-%d8%a7%d9%84%d8%af%d8%a7%d8%a6%d9%85-%d9%84%d8%a8%d9%8a%d8%ac%d9%8a-%d8%a8%d9%8a%d9%83%d8%a7%d8%b1%d8%af%d9%8a","status":"publish","type":"event","link":"https:\/\/www.carrefour-de-femmes.org\/ar\/evenements\/permanence-bge-picardie\/","title":{"rendered":"\u0645\u0643\u062a\u0628 BGE \u0628\u064a\u0643\u0627\u0631\u062f\u064a"},"content":{"rendered":"<p>\u0647\u0644 \u062a\u0631\u063a\u0628 \u0641\u064a \u0625\u0646\u0634\u0627\u0621 \u0645\u0634\u0631\u0648\u0639 \u062a\u062c\u0627\u0631\u064a \u0623\u0648 \u062a\u0648\u0644\u064a \u0625\u062f\u0627\u0631\u0629 \u0645\u0634\u0631\u0648\u0639 \u062a\u062c\u0627\u0631\u064a\u061f \u0633\u062a\u062a\u0648\u0627\u062c\u062f \u0633\u0627\u0631\u0629 \u0641\u064a \u0643\u0627\u0631\u0641\u0648\u0631 \u062f\u064a \u0641\u064a\u0645\u0632 \u0644\u0645\u0633\u0627\u0639\u062f\u062a\u0643 \u0639\u0644\u0649 \u0627\u0644\u0628\u062f\u0621.<\/p>\n\n\n\n<p><strong>\u0628\u0645\u0648\u0639\u062f \u0639\u0644\u0649 \u0627\u0644\u0631\u0642\u0645 09 70 70 80 82 17<\/strong><\/p>\n\n\n\n<div class=\"wp-block-uagb-image uagb-block-a8979d3e wp-block-uagb-image--layout-default wp-block-uagb-image--effect-static wp-block-uagb-image--align-none\"><figure class=\"wp-block-uagb-image__figure\"><img decoding=\"async\" srcset=\"https:\/\/www.carrefour-de-femmes.org\/app\/uploads\/2025\/05\/images.png ,https:\/\/www.carrefour-de-femmes.org\/app\/uploads\/2025\/05\/images.png 780w, https:\/\/www.carrefour-de-femmes.org\/app\/uploads\/2025\/05\/images.png 360w\" sizes=\"auto, (max-width: 480px) 150px\" src=\"https:\/\/www.carrefour-de-femmes.org\/app\/uploads\/2025\/05\/images.png\" alt=\"\" class=\"uag-image-1329\" width=\"225\" height=\"225\" title=\"\u0627\u0644\u0635\u0648\u0631\" loading=\"lazy\" role=\"img\"\/><\/figure><\/div>","protected":false},"excerpt":{"rendered":"<p>Envie de cr\u00e9er ou reprendre une entreprise ? Sarah vous propose une permanence \u00e0 Carrefour de Femmes pour vous accompagner dans vos d\u00e9marches. Sur rendez-vous au 09 70 80 82 17<\/p>","protected":false},"featured_media":1258,"template":"","meta":{"_acf_changed":false,"_uag_custom_page_level_css":""},"event-category":[],"class_list":["post-1328","event","type-event","status-publish","has-post-thumbnail","hentry"],"acf":[],"uagb_featured_image_src":{"full":["https:\/\/www.carrefour-de-femmes.org\/app\/uploads\/2025\/03\/BGE-Picardie-logo-002.jpg",1022,782,false],"thumbnail":["https:\/\/www.carrefour-de-femmes.org\/app\/uploads\/2025\/03\/BGE-Picardie-logo-002-150x150.jpg",150,150,true],"medium":["https:\/\/www.carrefour-de-femmes.org\/app\/uploads\/2025\/03\/BGE-Picardie-logo-002-300x230.jpg",300,230,true],"medium_large":["https:\/\/www.carrefour-de-femmes.org\/app\/uploads\/2025\/03\/BGE-Picardie-logo-002-768x588.jpg",768,588,true],"large":["https:\/\/www.carrefour-de-femmes.org\/app\/uploads\/2025\/03\/BGE-Picardie-logo-002.jpg",1022,782,false],"1536x1536":["https:\/\/www.carrefour-de-femmes.org\/app\/uploads\/2025\/03\/BGE-Picardie-logo-002.jpg",1022,782,false],"2048x2048":["https:\/\/www.carrefour-de-femmes.org\/app\/uploads\/2025\/03\/BGE-Picardie-logo-002.jpg",1022,782,false],"trp-custom-language-flag":["https:\/\/www.carrefour-de-femmes.org\/app\/uploads\/2025\/03\/BGE-Picardie-logo-002-16x12.jpg",16,12,true],"gform-image-choice-sm":["https:\/\/www.carrefour-de-femmes.org\/app\/uploads\/2025\/03\/BGE-Picardie-logo-002.jpg",300,230,false],"gform-image-choice-md":["https:\/\/www.carrefour-de-femmes.org\/app\/uploads\/2025\/03\/BGE-Picardie-logo-002.jpg",400,306,false],"gform-image-choice-lg":["https:\/\/www.carrefour-de-femmes.org\/app\/uploads\/2025\/03\/BGE-Picardie-logo-002.jpg",600,459,false]},"uagb_author_info":{"display_name":"Sheryll Presna","author_link":"https:\/\/www.carrefour-de-femmes.org\/ar\/actualites\/author\/"},"uagb_comment_info":0,"uagb_excerpt":"Envie de cr\u00e9er ou reprendre une entreprise ? Sarah vous propose une permanence \u00e0 Carrefour de Femmes pour vous accompagner dans vos d\u00e9marches. Sur rendez-vous au 09 70 80 82 17","_links":{"self":[{"href":"https:\/\/www.carrefour-de-femmes.org\/ar\/wp-json\/wp\/v2\/event\/1328","targetHints":{"allow":["GET"]}}],"collection":[{"href":"https:\/\/www.carrefour-de-femmes.org\/ar\/wp-json\/wp\/v2\/event"}],"about":[{"href":"https:\/\/www.carrefour-de-femmes.org\/ar\/wp-json\/wp\/v2\/types\/event"}],"wp:featuredmedia":[{"embeddable":true,"href":"https:\/\/www.carrefour-de-femmes.org\/ar\/wp-json\/wp\/v2\/media\/1258"}],"wp:attachment":[{"href":"https:\/\/www.carrefour-de-femmes.org\/ar\/wp-json\/wp\/v2\/media?parent=1328"}],"wp:term":[{"taxonomy":"event-category","embeddable":true,"href":"https:\/\/www.carrefour-de-femmes.org\/ar\/wp-json\/wp\/v2\/event-category?post=1328"}],"curies":[{"name":"wp","href":"https:\/\/api.w.org\/{rel}","templated":true}]}}

مكتب BGE بيكاردي

<p>هل ترغب في إنشاء مشروع تجاري أو تولي إدارة مشروع تجاري؟ ستتواجد سارة في كارفور دي فيمز لمساعدتك على البدء.</p>



<p><strong>بموعد على الرقم 09 70 70 80 82 17</strong></p>



<div class="wp-block-uagb-image uagb-block-a8979d3e wp-block-uagb-image--layout-default wp-block-uagb-image--effect-static wp-block-uagb-image--align-none"><figure class="wp-block-uagb-image__figure"><img decoding="async" srcset="https://www.carrefour-de-femmes.org/app/uploads/2025/05/images.png ,https://www.carrefour-de-femmes.org/app/uploads/2025/05/images.png 780w, https://www.carrefour-de-femmes.org/app/uploads/2025/05/images.png 360w" sizes="auto, (max-width: 480px) 150px" src="https://www.carrefour-de-femmes.org/app/uploads/2025/05/images.png" alt="" class="uag-image-1329" width="225" height="225" title="الصور" loading="lazy" role="img"/></figure></div>

<p>Envie de créer ou reprendre une entreprise ? Sarah vous propose une permanence à Carrefour de Femmes pour vous accompagner dans vos démarches. Sur rendez-vous au 09 70 80 82 17</p>

Envie de créer ou reprendre une entreprise ? Sarah vous propose une permanence à Carrefour de Femmes pour vous accompagner dans vos démarches. Sur rendez-vous au 09 70 80 82 17
